{"id":1040,"date":"2023-08-18T17:03:08","date_gmt":"2023-08-18T20:03:08","guid":{"rendered":"https:\/\/pos.uel.br\/pgcif\/?page_id=1040"},"modified":"2025-02-07T09:33:50","modified_gmt":"2025-02-07T12:33:50","slug":"comissao-de-bolsas","status":"publish","type":"page","link":"https:\/\/pos.uel.br\/pgcif\/comissao-de-bolsas\/","title":{"rendered":"Comiss\u00e3o de Bolsas"},"content":{"rendered":"\n<p><strong>Docentes<\/strong><\/p>\n\n\n\n<p><em>Profa. Dra. Graziela Scalianti Cevavolo&nbsp;<\/em><\/p>\n\n\n\n<p><em>Prof. Dr. Ernane Torres Uch\u00f4a<\/em><\/p>\n\n\n\n<p><em>Profa. Dra. Gisele Lopes Bertolini <\/em><\/p>\n\n\n\n<p><em>Profa. Dra. Cl\u00e1udia Bueno dos Reis Martinez<\/em><\/p>\n\n\n\n<p><strong>Discentes<\/strong><\/p>\n\n\n\n<p><em>Me. Pedro Rocha Ten\u00f3rio <\/em><\/p>\n\n\n\n<p><em>Me. Rhauany Pelisson Guergolette<\/em><\/p>\n\n\n\n<p><\/p>\n","protected":false},"excerpt":{"rendered":"<p>Docentes Profa. Dra. Graziela Scalianti Cevavolo&nbsp; Prof. Dr. Ernane Torres Uch\u00f4a Profa. Dra. Gisele Lopes Bertolini Profa. Dra. Cl\u00e1udia Bueno dos Reis Martinez Discentes Me. Pedro Rocha Ten\u00f3rio Me. Rhauany Pelisson Guergolette<\/p>\n","protected":false},"author":11,"featured_media":0,"parent":0,"menu_order":0,"comment_status":"closed","ping_status":"closed","template":"","meta":{"footnotes":""},"class_list":["post-1040","page","type-page","status-publish","hentry"],"_links":{"self":[{"href":"https:\/\/pos.uel.br\/pgcif\/wp-json\/wp\/v2\/pages\/1040","targetHints":{"allow":["GET"]}}],"collection":[{"href":"https:\/\/pos.uel.br\/pgcif\/wp-json\/wp\/v2\/pages"}],"about":[{"href":"https:\/\/pos.uel.br\/pgcif\/wp-json\/wp\/v2\/types\/page"}],"author":[{"embeddable":true,"href":"https:\/\/pos.uel.br\/pgcif\/wp-json\/wp\/v2\/users\/11"}],"replies":[{"embeddable":true,"href":"https:\/\/pos.uel.br\/pgcif\/wp-json\/wp\/v2\/comments?post=1040"}],"version-history":[{"count":5,"href":"https:\/\/pos.uel.br\/pgcif\/wp-json\/wp\/v2\/pages\/1040\/revisions"}],"predecessor-version":[{"id":1507,"href":"https:\/\/pos.uel.br\/pgcif\/wp-json\/wp\/v2\/pages\/1040\/revisions\/1507"}],"wp:attachment":[{"href":"https:\/\/pos.uel.br\/pgcif\/wp-json\/wp\/v2\/media?parent=1040"}],"curies":[{"name":"wp","href":"https:\/\/api.w.org\/{rel}","templated":true}]}}