{"id":35,"date":"2021-04-20T15:58:10","date_gmt":"2021-04-20T18:58:10","guid":{"rendered":"https:\/\/pos.uel.br\/pgagro\/?page_id=35"},"modified":"2026-04-16T08:51:29","modified_gmt":"2026-04-16T11:51:29","slug":"formularios","status":"publish","type":"page","link":"https:\/\/pos.uel.br\/pgagro\/formularios\/","title":{"rendered":"Formul\u00e1rios"},"content":{"rendered":"\n<figure class=\"wp-block-image size-full\"><img loading=\"lazy\" decoding=\"async\" width=\"1450\" height=\"400\" src=\"https:\/\/pos.uel.br\/pgagro\/wp-content\/uploads\/2023\/11\/formularios.jpg\" alt=\"\" class=\"wp-image-1288\" srcset=\"https:\/\/pos.uel.br\/pgagro\/wp-content\/uploads\/2023\/11\/formularios.jpg 1450w, https:\/\/pos.uel.br\/pgagro\/wp-content\/uploads\/2023\/11\/formularios-300x83.jpg 300w, https:\/\/pos.uel.br\/pgagro\/wp-content\/uploads\/2023\/11\/formularios-1024x282.jpg 1024w, https:\/\/pos.uel.br\/pgagro\/wp-content\/uploads\/2023\/11\/formularios-768x212.jpg 768w\" sizes=\"auto, (max-width: 1450px) 100vw, 1450px\" \/><\/figure>\n\n\n\n<p><\/p>\n\n\n\n<p><a href=\"https:\/\/pos.uel.br\/pgagro\/wp-content\/uploads\/2022\/01\/agendamento-qualificacao-2.docx\"><strong>Formul\u00e1rio de Agendamento de Exame de Qualifica\u00e7\u00e3o<\/strong><\/a> &#8211; <strong><a href=\"https:\/\/pos.uel.br\/pgagro\/wp-content\/uploads\/2025\/07\/Orientacoes-para-solicitacao-de-Exame-de-Qualificacao-2025.pdf\"><mark class=\"has-inline-color has-primary-accent-color\">Orienta\u00e7\u00f5es para Exame de Qualifica\u00e7\u00e3o<\/mark><\/a><\/strong><\/p>\n\n\n\n<p><\/p>\n\n\n\n<p><strong><a href=\"https:\/\/pos.uel.br\/pgagro\/wp-content\/uploads\/2025\/09\/Aprovacao-de-Projeto-Stricto-Sensu-30.09.2025.docx\">Formul\u00e1rio para Aprova\u00e7\u00e3o de Projetos (PROPPG) &#8211; Cadastro de Projeto de Pesquisa<\/a><\/strong><\/p>\n\n\n\n<p><\/p>\n\n\n\n<p><a href=\"https:\/\/pos.uel.br\/pgagro\/wp-content\/uploads\/2022\/09\/FICHA-CADASTRO-DOCENTE-EXTERNO-Agronomia.doc\"><strong>Formul\u00e1rio de Cadastro Docente Externo<\/strong><\/a><\/p>\n\n\n\n<p><\/p>\n\n\n\n<p><mark class=\"has-inline-color has-primary-accent-color\"><strong><a href=\"https:\/\/pos.uel.br\/pgagro\/wp-content\/uploads\/2024\/09\/Anexo-1-Ficha-de-pontuacao-Curriculo-Lattes-2024.pdf\">Ficha de Pontua\u00e7\u00e3o do Curr\u00edculo Lattes &#8211; (ANEXO 1)<\/a><\/strong><\/mark><\/p>\n\n\n\n<p><\/p>\n\n\n\n<p><a href=\"https:\/\/pos.uel.br\/pgagro\/wp-content\/uploads\/2021\/08\/Indicacao-banca-de-MESTRADO.doc\"><strong>Indica\u00e7\u00e3o de Banca de DEFESA MESTRADO<\/strong><\/a><\/p>\n\n\n\n<p><\/p>\n\n\n\n<p><strong><a href=\"https:\/\/pos.uel.br\/pgagro\/wp-content\/uploads\/2021\/09\/1527255368ter\">I<\/a><a href=\"https:\/\/pos.uel.br\/pgagro\/wp-content\/uploads\/2021\/08\/Indicacao-banca-de-DOUTORADO.doc\" data-type=\"URL\" data-id=\"https:\/\/pos.uel.br\/pgagro\/wp-content\/uploads\/2021\/08\/Indicacao-banca-de-DOUTORADO.doc\">ndica\u00e7\u00e3o de Banca de DEFESA DOUTORADO<\/a> <\/strong><\/p>\n\n\n\n<p><\/p>\n\n\n\n<p><strong><a href=\"https:\/\/pos.uel.br\/pgagro\/wp-content\/uploads\/2025\/09\/Modelo_pre_projeto_tese_2025.doc\">Modelo de Pr\u00e9-Projeto &#8211; (ANEXO 2)<\/a><\/strong><\/p>\n\n\n\n<p><\/p>\n\n\n\n<p><strong><a href=\"https:\/\/pos.uel.br\/pgagro\/wp-content\/uploads\/2024\/06\/Normas-para-elaboracao-de-projetos-de-Dissertacao-e-Tese-PGAGRO.pdf\">Normas para Elabora\u00e7\u00e3o de Projetos<\/a><\/strong><\/p>\n\n\n\n<p><\/p>\n\n\n\n<p><strong><a href=\"https:\/\/pos.uel.br\/pgagro\/wp-content\/uploads\/2026\/03\/Normas-para-redacao-de-Dissertacao-e-Tese.pdf\">Normas para Reda\u00e7\u00e3o de Disserta\u00e7\u00e3o e Teses<\/a><\/strong><\/p>\n\n\n\n<p><\/p>\n\n\n\n<p><strong><a href=\"https:\/\/pos.uel.br\/pgagro\/wp-content\/uploads\/2026\/01\/ORIENTACOES-RESERVA-LABESC.pdf\">Orienta\u00e7\u00f5es para Reserva LABESC<\/a><\/strong><\/p>\n\n\n\n<p><\/p>\n\n\n\n<p><strong><mark style=\"color:#0482b0\" class=\"has-inline-color\"><a href=\"https:\/\/pos.uel.br\/pgagro\/wp-content\/uploads\/2025\/04\/ORIENTACAO-PARA-EMISSAO-DO-DIPLOMA.pdf\">Orienta\u00e7\u00f5es para Emiss\u00e3o de Diploma<\/a><\/mark><\/strong><\/p>\n\n\n\n<p><\/p>\n\n\n\n<p><mark class=\"has-inline-color has-primary-accent-color\"><a href=\"https:\/\/pos.uel.br\/pgagro\/wp-content\/uploads\/2022\/09\/MODELO-PROGRAMA-DE-DISCIPLINA.doc\"><strong>Programa para Oferta de Disciplina<\/strong><\/a><\/mark><\/p>\n\n\n\n<p><\/p>\n\n\n\n<p><strong><a href=\"https:\/\/pos.uel.br\/pgagro\/wp-content\/uploads\/2024\/12\/Requerimento-Matricula-Estudante-de-Outra-Instituicao-Art.-27-do-RPPG-Stricto-sensu.doc\">Requerimento Estudante Especial &#8211; Estudante outras Institui\u00e7\u00f5es<\/a><\/strong><\/p>\n\n\n\n<p><\/p>\n\n\n\n<p><strong><a href=\"https:\/\/sites.uel.br\/bibliotecas\/repositorio-institucional-da-uel\">Termo de Autoriza\u00e7\u00e3o Reposit\u00f3rio Institucional da UEL (RIUEL) &#8211; <mark class=\"has-inline-color has-primary-accent-color\">NOVO TERMO DE AUTORIZ\u00c3O DA BIBLIOTECA DA UEL<\/mark><\/a><\/strong><mark class=\"has-inline-color has-primary-text-color\"><a href=\"https:\/\/pos.uel.br\/pgagro\/wp-content\/uploads\/2024\/04\/Termo_de_Autorizacao_Biblioteca_Digital-atual.pdf\"><\/a><\/mark><\/p>\n\n\n\n<p><\/p>\n\n\n\n<p><a href=\"https:\/\/pos.uel.br\/pgagro\/wp-content\/uploads\/2025\/08\/TERMO-CONCORDA\u0302NCIA-QUALIFICAC\u0327A\u0303O-1.doc\"><strong>Termo de Ci\u00eancia e Concord\u00e2ncia para Qualifica\u00e7\u00e3o<\/strong><\/a><\/p>\n\n\n\n<p><\/p>\n\n\n\n<p><a href=\"https:\/\/pos.uel.br\/pgagro\/wp-content\/uploads\/2022\/09\/TERMO-DE-CESSAO-DE-DIREITOS-AUTORAIS.doc\"><strong>Termo de Cess\u00e3o de Direitos Autorais<\/strong><\/a><\/p>\n\n\n\n<p><\/p>\n\n\n\n<p><span><strong><strong><mark class=\"has-inline-color has-primary-accent-color\"><a href=\"https:\/\/pos.uel.br\/pgagro\/wp-content\/uploads\/2025\/09\/Orientacao-Docentes-Verba-PROEX-2025.pdf\"><em>ORIENTA\u00c7\u00d5ES PARA UTILIZA\u00c7\u00c3O DA VERBA &#8211; PROEX\/CAPES<\/em><\/a><\/mark><\/strong><\/strong><\/span><\/p>\n\n\n\n<ul class=\"wp-block-list\">\n<li><span><strong><mark class=\"has-inline-color has-primary-accent-color\"><a href=\"https:\/\/pos.uel.br\/pgagro\/wp-content\/uploads\/2025\/09\/ANEXO-1-Solicitacao-pagamento-artigo.pdf\">ANEXO 1 &#8211; Formul\u00e1rio Solicita\u00e7\u00e3o Pagamento Artigo (Tradu\u00e7\u00e3o, Revis\u00e3o e Publica\u00e7\u00e3o)<\/a><\/mark><\/strong><\/span><\/li>\n\n\n\n<li><span><strong><mark style=\"color:#03753c\" class=\"has-inline-color\"><a href=\"https:\/\/pos.uel.br\/pgagro\/wp-content\/uploads\/2025\/09\/ANEXO-2-Solicitacao-de-pagamento-material-de-consumo-e-servico-de-terceiros.pdf\">ANEXO 2 &#8211; Formul\u00e1rio Solicita\u00e7\u00e3o Pagamento Material de Consumo &#8211; Servi\u00e7o de Terceiros<\/a><\/mark><\/strong><\/span><\/li>\n\n\n\n<li><span><strong><mark class=\"has-inline-color has-primary-accent-color\"><a href=\"https:\/\/pos.uel.br\/pgagro\/wp-content\/uploads\/2025\/09\/ANEXO-3-Solicitacao-pagamento-Ajuda-de-Custo-para-alunos.pdf\">ANEXO 3 &#8211; Formul\u00e1rio Solicita\u00e7\u00e3o de Ajuda de Custo &#8211; Trabalho de Campo\/Eventos<\/a><\/mark><\/strong><\/span><\/li>\n\n\n\n<li><a href=\"https:\/\/pos.uel.br\/pgagro\/wp-content\/uploads\/2026\/02\/ANEXO-4-Solicitacao-pagamento-Diarias-Banca-de-Defesa.pdf\"><strong>ANEXO 4 &#8211; Formul\u00e1rio Solicita\u00e7\u00e3o Pagamento Di\u00e1rias PROEX\/CAPES &#8211; Banca de Defesa<\/strong><\/a><\/li>\n<\/ul>\n\n\n\n<hr class=\"wp-block-separator has-alpha-channel-opacity is-style-wide\" \/>\n\n\n\n<p><strong><mark class=\"has-inline-color has-primary-accent-color\"><em>BOLSISTAS \u2013 PROEX\/CAPES<\/em><\/mark><\/strong><\/p>\n\n\n\n<p>Os bolsistas devem encaminhar a documenta\u00e7\u00e3o obrigat\u00f3ria para o <strong>e-mail do Programa<\/strong>: <strong><em>pg_agro@uel.br<\/em><\/strong>, conforme a modalidade descrita abaixo.<\/p>\n\n\n\n<p><strong><mark class=\"has-inline-color has-primary-accent-color\">Bolsistas com Dedica\u00e7\u00e3o Exclusiva<\/mark><\/strong><\/p>\n\n\n\n<p>Dever\u00e3o enviar <strong>somente<\/strong> o seguinte documento:<\/p>\n\n\n\n<ul class=\"wp-block-list\">\n<li><strong><a href=\"https:\/\/pos.uel.br\/pgagro\/wp-content\/uploads\/2026\/03\/03102023_TermodeCompromissoVersoVigente_PROEX-2026.docx\"><mark class=\"has-inline-color has-primary-accent-color\">1 \u2013 Termo de Compromisso CAPES<\/mark><\/a><\/strong> <em>(Documento obrigat\u00f3rio para todos os bolsistas.)<\/em><\/li>\n<\/ul>\n\n\n\n<p><strong><a href=\"https:\/\/pos.uel.br\/pgagro\/wp-content\/uploads\/2026\/03\/03102023_DeclaraodeAcmulos_PROEX-1.docx\"><mark class=\"has-inline-color has-primary-accent-color\">Bolsistas com Atividade Remunerada (at\u00e9 20 horas semanais)<\/mark><\/a><\/strong><\/p>\n\n\n\n<p>Dever\u00e3o enviar os seguintes documentos:<\/p>\n\n\n\n<ul class=\"wp-block-list\">\n<li><a href=\"https:\/\/pos.uel.br\/pgagro\/wp-content\/uploads\/2026\/03\/03102023_TermodeCompromissoVersoVigente_PROEX-2026.docx\"><mark class=\"has-inline-color has-primary-accent-color\"><strong>1 \u2013 Termo de Compromisso CAPES<\/strong>.<\/mark><\/a><\/li>\n\n\n\n<li><strong><mark class=\"has-inline-color has-primary-accent-color\">2 \u2013 <a href=\"https:\/\/pos.uel.br\/pgagro\/wp-content\/uploads\/2026\/03\/TERMO-COMPROMISSO-BOLSISTA-LIBERACAO-PARA-TRABALHO.doc\">Termo de Compromisso de Libera\u00e7\u00e3o para Atividade Remunerada.<\/a><\/mark><\/strong><\/li>\n\n\n\n<li><strong><a href=\"https:\/\/pos.uel.br\/pgagro\/wp-content\/uploads\/2026\/03\/03102023_DeclaraodeAcmulos_PROEX-1.docx\"><mark class=\"has-inline-color has-primary-accent-color\">3 \u2013 Formul\u00e1rio de Declara\u00e7\u00e3o de Ac\u00famulo de Atividade Remunerada (at\u00e9 20h semanais)<\/mark><\/a><\/strong><\/li>\n<\/ul>\n\n\n\n<p><\/p>\n","protected":false},"excerpt":{"rendered":"<p>Formul\u00e1rio de Agendamento de Exame de Qualifica\u00e7\u00e3o &#8211; Orienta\u00e7\u00f5es para Exame de Qualifica\u00e7\u00e3o Formul\u00e1rio para Aprova\u00e7\u00e3o de Projetos (PROPPG) &#8211; Cadastro de Projeto de Pesquisa Formul\u00e1rio de Cadastro Docente Externo Ficha de Pontua\u00e7\u00e3o do Curr\u00edculo Lattes &#8211; (ANEXO 1) Indica\u00e7\u00e3o de Banca de DEFESA MESTRADO Indica\u00e7\u00e3o de Banca de DEFESA DOUTORADO Modelo de Pr\u00e9-Projeto &#8211; [&hellip;]<\/p>\n","protected":false},"author":7,"featured_media":0,"parent":0,"menu_order":0,"comment_status":"closed","ping_status":"closed","template":"","meta":{"_acf_changed":false,"footnotes":""},"class_list":["post-35","page","type-page","status-publish","hentry"],"acf":[],"_links":{"self":[{"href":"https:\/\/pos.uel.br\/pgagro\/wp-json\/wp\/v2\/pages\/35","targetHints":{"allow":["GET"]}}],"collection":[{"href":"https:\/\/pos.uel.br\/pgagro\/wp-json\/wp\/v2\/pages"}],"about":[{"href":"https:\/\/pos.uel.br\/pgagro\/wp-json\/wp\/v2\/types\/page"}],"author":[{"embeddable":true,"href":"https:\/\/pos.uel.br\/pgagro\/wp-json\/wp\/v2\/users\/7"}],"replies":[{"embeddable":true,"href":"https:\/\/pos.uel.br\/pgagro\/wp-json\/wp\/v2\/comments?post=35"}],"version-history":[{"count":113,"href":"https:\/\/pos.uel.br\/pgagro\/wp-json\/wp\/v2\/pages\/35\/revisions"}],"predecessor-version":[{"id":2239,"href":"https:\/\/pos.uel.br\/pgagro\/wp-json\/wp\/v2\/pages\/35\/revisions\/2239"}],"wp:attachment":[{"href":"https:\/\/pos.uel.br\/pgagro\/wp-json\/wp\/v2\/media?parent=35"}],"curies":[{"name":"wp","href":"https:\/\/api.w.org\/{rel}","templated":true}]}}