{"id":33,"date":"2021-04-20T15:58:10","date_gmt":"2021-04-20T18:58:10","guid":{"rendered":"https:\/\/pos.uel.br\/pgagro\/?page_id=33"},"modified":"2023-11-11T12:12:18","modified_gmt":"2023-11-11T15:12:18","slug":"linhas-de-pesquisa","status":"publish","type":"page","link":"https:\/\/pos.uel.br\/pgagro\/linhas-de-pesquisa\/","title":{"rendered":"\u00c1reas de concentra\u00e7\u00e3o \/ Linhas de pesquisa"},"content":{"rendered":"\n<figure class=\"wp-block-image size-full\"><img loading=\"lazy\" decoding=\"async\" width=\"1450\" height=\"400\" src=\"https:\/\/pos.uel.br\/pgagro\/wp-content\/uploads\/2023\/10\/linhas_de_pesquisa.jpg\" alt=\"\" class=\"wp-image-1181\" srcset=\"https:\/\/pos.uel.br\/pgagro\/wp-content\/uploads\/2023\/10\/linhas_de_pesquisa.jpg 1450w, https:\/\/pos.uel.br\/pgagro\/wp-content\/uploads\/2023\/10\/linhas_de_pesquisa-300x83.jpg 300w, https:\/\/pos.uel.br\/pgagro\/wp-content\/uploads\/2023\/10\/linhas_de_pesquisa-1024x282.jpg 1024w, https:\/\/pos.uel.br\/pgagro\/wp-content\/uploads\/2023\/10\/linhas_de_pesquisa-768x212.jpg 768w\" sizes=\"auto, (max-width: 1450px) 100vw, 1450px\" \/><\/figure>\n\n\n\n<p><strong>PRODU\u00c7\u00c3O VEGETAL<\/strong><\/p>\n\n\n\n<ul class=\"wp-block-list\">\n<li>Agricultura <\/li>\n<\/ul>\n\n\n\n<ul class=\"wp-block-list\">\n<li>Horticultura <\/li>\n<\/ul>\n\n\n\n<p><strong>MELHORAMENTO GEN\u00c9TICO E BIOTECNOLOGIA APLICADA<\/strong><\/p>\n\n\n\n<ul class=\"wp-block-list\">\n<li>Melhoramento gen\u00e9tico de culturas anuais<\/li>\n\n\n\n<li>Melhoramento gen\u00e9tico de culturas perenes e energ\u00e9ticas<\/li>\n<\/ul>\n\n\n\n<p><strong>PROTE\u00c7\u00c3O DE PLANTAS<\/strong><\/p>\n\n\n\n<ul class=\"wp-block-list\">\n<li>Manejo integrado de pragas<\/li>\n<\/ul>\n\n\n\n<ul class=\"wp-block-list\">\n<li>Fitopat\u00f3genos de import\u00e2ncia agr\u00edcola<\/li>\n<\/ul>\n\n\n\n<p><strong>CI\u00caNCIA DO SOLO<\/strong><\/p>\n\n\n\n<ul class=\"wp-block-list\">\n<li>Fertilidade do solo e nutri\u00e7\u00e3o de plantas <\/li>\n<\/ul>\n\n\n\n<ul class=\"wp-block-list\">\n<li>Manejo sustent\u00e1vel do solo<\/li>\n<\/ul>\n","protected":false},"excerpt":{"rendered":"<p>PRODU\u00c7\u00c3O VEGETAL MELHORAMENTO GEN\u00c9TICO E BIOTECNOLOGIA APLICADA PROTE\u00c7\u00c3O DE PLANTAS CI\u00caNCIA DO SOLO<\/p>\n","protected":false},"author":7,"featured_media":0,"parent":0,"menu_order":0,"comment_status":"closed","ping_status":"closed","template":"","meta":{"_acf_changed":false,"footnotes":""},"class_list":["post-33","page","type-page","status-publish","hentry"],"acf":[],"_links":{"self":[{"href":"https:\/\/pos.uel.br\/pgagro\/wp-json\/wp\/v2\/pages\/33","targetHints":{"allow":["GET"]}}],"collection":[{"href":"https:\/\/pos.uel.br\/pgagro\/wp-json\/wp\/v2\/pages"}],"about":[{"href":"https:\/\/pos.uel.br\/pgagro\/wp-json\/wp\/v2\/types\/page"}],"author":[{"embeddable":true,"href":"https:\/\/pos.uel.br\/pgagro\/wp-json\/wp\/v2\/users\/7"}],"replies":[{"embeddable":true,"href":"https:\/\/pos.uel.br\/pgagro\/wp-json\/wp\/v2\/comments?post=33"}],"version-history":[{"count":8,"href":"https:\/\/pos.uel.br\/pgagro\/wp-json\/wp\/v2\/pages\/33\/revisions"}],"predecessor-version":[{"id":1271,"href":"https:\/\/pos.uel.br\/pgagro\/wp-json\/wp\/v2\/pages\/33\/revisions\/1271"}],"wp:attachment":[{"href":"https:\/\/pos.uel.br\/pgagro\/wp-json\/wp\/v2\/media?parent=33"}],"curies":[{"name":"wp","href":"https:\/\/api.w.org\/{rel}","templated":true}]}}