{"id":30,"date":"2021-04-20T15:58:10","date_gmt":"2021-04-20T18:58:10","guid":{"rendered":"https:\/\/pos.uel.br\/pgagro\/?page_id=30"},"modified":"2021-08-17T09:12:00","modified_gmt":"2021-08-17T12:12:00","slug":"estrutura-curricular","status":"publish","type":"page","link":"https:\/\/pos.uel.br\/pgagro\/estrutura-curricular\/","title":{"rendered":"Estrutura curricular"},"content":{"rendered":"\n<h3 class=\"wp-block-heading\"><strong>OBRIGAT\u00d3RIAS :<\/strong><\/h3>\n\n\n\n<p>2 AGR 241 &#8211; Semin\u00e1rios I 1 cr 15 h<\/p>\n\n\n\n<p>2 AGR 242 &#8211; Semin\u00e1rios II 1 cr 15 h<\/p>\n\n\n\n<p>2 AGR 245 &#8211; T\u00e9cnicas Experimentais em Agronomia 8 cr 120 h<\/p>\n\n\n\n<p>2 AGR 246 &#8211; Pesquisa Agr\u00edcola 6 cr 90 h<\/p>\n\n\n\n<p>2 AGR 135 &#8211; Est\u00e1gio de Doc\u00eancia na Gradua\u00e7\u00e3o (Somente para bolsistas da CAPES) 2 cr 30 h<\/p>\n\n\n\n<h3 class=\"wp-block-heading\"><strong>OPTATIVAS :<\/strong><\/h3>\n\n\n\n<p>\u2022<strong>\u00c1rea de Concentra\u00e7\u00e3o em Fitotecnia:<\/strong><\/p>\n\n\n\n<p>2 AGR 042 &#8211; Fisiologia da Produ\u00e7\u00e3o 8 cr 120 h<\/p>\n\n\n\n<p>2 AGR 097 &#8211; Crescimento e Desenvolvimento de Plantas 8 cr 120 h<\/p>\n\n\n\n<p>2 AGR 124 &#8211; Cultura de C\u00e9lulas, Tecidos e \u00d3rg\u00e3os Vegetais 8 cr 120 h<\/p>\n\n\n\n<p>2 AGR 141 &#8211; M\u00e9todos de Melhoramento de Plantas 8 cr 120 h<\/p>\n\n\n\n<p>2 AGR 048 &#8211; Matologia 8 cr 120 h<\/p>\n\n\n\n<p>2 AGR 105 &#8211; Cultura de Cereais 8 cr 120 h<\/p>\n\n\n\n<p>2 AGR 108 &#8211; Pesquisa de Plantas Arom\u00e1ticas e Medicinais 8 cr 120 h<\/p>\n\n\n\n<p>2 AGR 323 &#8211; Citricultura 6 cr 90 h<\/p>\n\n\n\n<p>2 AGR 248 &#8211; Cultura de C\u00e9lulas e Tecidos Vegetais 8 cr 120 h<\/p>\n\n\n\n<p>2 AGR 146 &#8211; Nutri\u00e7\u00e3o Mineral de Plantas 8 cr 120 h<\/p>\n\n\n\n<p>2 AGR 153 &#8211; Tecnologia da Produ\u00e7\u00e3o de Frutas 8 cr 120 h<\/p>\n\n\n\n<p>2 STA 028 &#8211; Estat\u00edstica N\u00e3o Param\u00e9trica 4 cr 60 h<\/p>\n\n\n\n<p>2 AGR 206 &#8211; Fisiologia e Tecnologia de Sementes 8 cr 120 h<\/p>\n\n\n\n<p>2 BIO 045 &#8211; Evolu\u00e7\u00e3o 4 cr 60 h<\/p>\n\n\n\n<p>2 AGR 249 &#8211; An\u00e1lise de Sementes 6 cr 90 h<\/p>\n\n\n\n<p>2 AGR 250 &#8211; Biotecnologia Aplicada \u00e0 Agricultura 6 cr 90 h<\/p>\n\n\n\n<p>\u2022<strong>\u00c1rea de Concentra\u00e7\u00e3o em Fitossanidade:<\/strong><\/p>\n\n\n\n<p>2 AGR 106 &#8211; Patologia e Controle Microbiano de Insetos 8 cr 120 h<\/p>\n\n\n\n<p>2 AGR 252 &#8211; Fungos Fitopatog\u00eanicos 6 cr 90 h<\/p>\n\n\n\n<p>2 AGR 049 &#8211; Fisiologia dos Insetos 8 cr 120 h<\/p>\n\n\n\n<p>2 AGR 324 &#8211; Fitonematologia 8 cr 120 h<\/p>\n\n\n\n<p>2 AGR 057 &#8211; Fitobacteriologia 8 cr 120 h<\/p>\n\n\n\n<p>2 AGR 098 &#8211; Controle Biol\u00f3gico de Insetos 6 cr 90 h<\/p>\n\n\n\n<p>2 AGR 254 &#8211; M\u00e9todos Fitopatol\u00f3gicos 8 cr 120 h<\/p>\n\n\n\n<p>2 AGR 255 &#8211; Manejo Integrado de Doen\u00e7as de Plantas 8 cr 120 h<\/p>\n\n\n\n<p>2 AGR 325 &#8211; Manejo Integrado de Pragas 6 cr 90 h<\/p>\n\n\n\n<p>2 AGR 074 &#8211; Fitopatologia 8 cr 120 h<\/p>\n\n\n\n<p>2 AGR 209 &#8211; Comportamento de insetos: rela\u00e7\u00f5es inseto-inseto; rela\u00e7\u00e3o inseto-planta 4 cr 60 h<\/p>\n\n\n\n<p>2 AGR 257 &#8211; Agroinform\u00e1tica 2 cr 30 h<\/p>\n\n\n\n<p>2 HIT 049 &#8211; T\u00e9cnicas de Microscopia Entomol\u00f3gica 8 cr 120 h<\/p>\n\n\n\n<p>2 AGR 258 &#8211; Controle Qu\u00edmico de Insetos 4 cr 60 h<\/p>\n\n\n\n<p>\u2022<strong>\u00c1rea de Concentra\u00e7\u00e3o em Manejo Sustent\u00e1vel do Solo e Engenharia Rural:<\/strong><\/p>\n\n\n\n<p>2 AGR 046 &#8211; Fertilidade de Solos 8 cr 120 h<\/p>\n\n\n\n<p>2 AGR 073 &#8211; F\u00edsica do Solo 8 cr 120 h<\/p>\n\n\n\n<p>2 AGR 140 &#8211; Agroclimatologia 6 cr 90 h<\/p>\n\n\n\n<p>2 AGR 045 &#8211; Laborat\u00f3rio de An\u00e1lise de Solos e Tecidos Vegetais 8 cr 120 h<\/p>\n\n\n\n<p>2 AGR 109 &#8211; M\u00e9todos de Avalia\u00e7\u00e3o do Sistema Radicular de Plantas 8 cr 120 h<\/p>\n\n\n\n<p>2 MIB 168 &#8211; Microbiologia do Solo 6 cr 90 h<\/p>\n\n\n\n<p>2 AGR 151 &#8211; Plantio Direto 8 cr 120 h<\/p>\n\n\n\n<p>2 AGR 144 &#8211; Rela\u00e7\u00e3o Implemento-Solo-Planta 8 cr 120 h<\/p>\n\n\n\n<p>2 AGR 211 &#8211; Tecnologia de Aplica\u00e7\u00e3o de Agrot\u00f3xicos 8 cr 120 h<\/p>\n\n\n\n<h3 class=\"wp-block-heading\"><strong>DISSERTA\u00c7\u00c3O :<\/strong><\/h3>\n\n\n\n<p>2 AGR 212 &#8211; Disserta\u00e7\u00e3o I 15 cr 225 h<\/p>\n\n\n\n<p>2 AGR 213 &#8211; Disserta\u00e7\u00e3o II 15 cr 225 h<\/p>\n\n\n\n<p>2 AGR 214 &#8211; Disserta\u00e7\u00e3o III 15 cr 225 h<\/p>\n\n\n\n<p>2 AGR 215 &#8211; Disserta\u00e7\u00e3o IV 15 cr 225 h<\/p>\n\n\n\n<h3 class=\"wp-block-heading\"><strong>ATIVIDADES ESPECIAIS :<\/strong><\/h3>\n\n\n\n<p>2 AGR 326 &#8211; Atividades Especiais I 1 cr 15 h<\/p>\n\n\n\n<p>2 AGR 327 &#8211; Atividades Especiais II 2 cr 30 h<\/p>\n\n\n\n<figure class=\"wp-block-gallery columns-4 is-cropped wp-block-gallery-1 is-layout-flex wp-block-gallery-is-layout-flex\"><ul class=\"blocks-gallery-grid\"><li class=\"blocks-gallery-item\"><figure><img decoding=\"async\" src=\"https:\/\/pos.uel.br\/pgagro\/wp-content\/uploads\/2021\/05\/sisu-5.jpg\" alt=\"\" data-id=\"109\" data-full-url=\"https:\/\/pos.uel.br\/pgagro\/wp-content\/uploads\/2021\/05\/sisu-5.jpg\" data-link=\"https:\/\/pos.uel.br\/pgagro\/estrutura-curricular\/attachment\/sisu-5\/\" class=\"wp-image-109\"\/><\/figure><\/li><li class=\"blocks-gallery-item\"><figure><img decoding=\"async\" src=\"https:\/\/pos.uel.br\/pgagro\/wp-content\/uploads\/2021\/05\/sisu-4.jpg\" alt=\"\" data-id=\"107\" data-full-url=\"https:\/\/pos.uel.br\/pgagro\/wp-content\/uploads\/2021\/05\/sisu-4.jpg\" data-link=\"https:\/\/pos.uel.br\/pgagro\/estrutura-curricular\/attachment\/sisu-4\/\" class=\"wp-image-107\"\/><\/figure><\/li><li class=\"blocks-gallery-item\"><figure><img decoding=\"async\" src=\"https:\/\/pos.uel.br\/pgagro\/wp-content\/uploads\/2021\/05\/sisu-3.jpg\" alt=\"\" data-id=\"106\" data-full-url=\"https:\/\/pos.uel.br\/pgagro\/wp-content\/uploads\/2021\/05\/sisu-3.jpg\" data-link=\"https:\/\/pos.uel.br\/pgagro\/estrutura-curricular\/attachment\/sisu-3\/\" class=\"wp-image-106\"\/><\/figure><\/li><li class=\"blocks-gallery-item\"><figure><img decoding=\"async\" src=\"https:\/\/pos.uel.br\/pgagro\/wp-content\/uploads\/2021\/05\/sisu-2.jpg\" alt=\"\" data-id=\"104\" data-full-url=\"https:\/\/pos.uel.br\/pgagro\/wp-content\/uploads\/2021\/05\/sisu-2.jpg\" data-link=\"https:\/\/pos.uel.br\/pgagro\/estrutura-curricular\/attachment\/sisu-2\/\" class=\"wp-image-104\"\/><\/figure><\/li><\/ul><\/figure>\n\n\n\n<div class=\"wp-block-columns is-layout-flex wp-container-core-columns-is-layout-9d6595d7 wp-block-columns-is-layout-flex\">\n<div class=\"wp-block-column is-layout-flow wp-block-column-is-layout-flow\">\n<figure class=\"wp-block-image size-large\"><img decoding=\"async\" src=\"https:\/\/pos.uel.br\/pgagro\/wp-content\/uploads\/2021\/05\/sisu-4.jpg\" alt=\"\" class=\"wp-image-107\"\/><\/figure>\n<\/div>\n\n\n\n<div class=\"wp-block-column is-layout-flow wp-block-column-is-layout-flow\">\n<figure class=\"wp-block-image size-large\"><img decoding=\"async\" src=\"https:\/\/pos.uel.br\/pgagro\/wp-content\/uploads\/2021\/05\/sisu-3.jpg\" alt=\"\" class=\"wp-image-106\"\/><\/figure>\n<\/div>\n\n\n\n<div class=\"wp-block-column is-layout-flow wp-block-column-is-layout-flow\"><\/div>\n<\/div>\n\n\n\n<div class=\"wp-block-columns is-layout-flex wp-container-core-columns-is-layout-9d6595d7 wp-block-columns-is-layout-flex\">\n<div class=\"wp-block-column is-layout-flow wp-block-column-is-layout-flow\"><\/div>\n<\/div>\n","protected":false},"excerpt":{"rendered":"<p>OBRIGAT\u00d3RIAS : 2 AGR 241 &#8211; Semin\u00e1rios I 1 cr 15 h 2 AGR 242 &#8211; Semin\u00e1rios II 1 cr 15 h 2 AGR 245 &#8211; T\u00e9cnicas Experimentais em Agronomia 8 cr 120 h 2 AGR 246 &#8211; Pesquisa Agr\u00edcola 6 cr 90 h 2 AGR 135 &#8211; Est\u00e1gio de Doc\u00eancia na Gradua\u00e7\u00e3o (Somente para [&hellip;]<\/p>\n","protected":false},"author":7,"featured_media":0,"parent":0,"menu_order":0,"comment_status":"closed","ping_status":"closed","template":"","meta":{"_acf_changed":false,"footnotes":""},"class_list":["post-30","page","type-page","status-publish","hentry"],"acf":[],"_links":{"self":[{"href":"https:\/\/pos.uel.br\/pgagro\/wp-json\/wp\/v2\/pages\/30","targetHints":{"allow":["GET"]}}],"collection":[{"href":"https:\/\/pos.uel.br\/pgagro\/wp-json\/wp\/v2\/pages"}],"about":[{"href":"https:\/\/pos.uel.br\/pgagro\/wp-json\/wp\/v2\/types\/page"}],"author":[{"embeddable":true,"href":"https:\/\/pos.uel.br\/pgagro\/wp-json\/wp\/v2\/users\/7"}],"replies":[{"embeddable":true,"href":"https:\/\/pos.uel.br\/pgagro\/wp-json\/wp\/v2\/comments?post=30"}],"version-history":[{"count":7,"href":"https:\/\/pos.uel.br\/pgagro\/wp-json\/wp\/v2\/pages\/30\/revisions"}],"predecessor-version":[{"id":380,"href":"https:\/\/pos.uel.br\/pgagro\/wp-json\/wp\/v2\/pages\/30\/revisions\/380"}],"wp:attachment":[{"href":"https:\/\/pos.uel.br\/pgagro\/wp-json\/wp\/v2\/media?parent=30"}],"curies":[{"name":"wp","href":"https:\/\/api.w.org\/{rel}","templated":true}]}}