{"id":14,"date":"2021-04-20T15:47:53","date_gmt":"2021-04-20T18:47:53","guid":{"rendered":"https:\/\/pos.uel.br\/pgagro\/?page_id=14"},"modified":"2023-10-29T16:31:37","modified_gmt":"2023-10-29T19:31:37","slug":"historico","status":"publish","type":"page","link":"https:\/\/pos.uel.br\/pgagro\/historico\/","title":{"rendered":"Hist\u00f3rico"},"content":{"rendered":"<div class=\"wp-block-image\">\n<figure class=\"aligncenter size-large\"><img loading=\"lazy\" decoding=\"async\" width=\"1024\" height=\"661\" src=\"https:\/\/pos.uel.br\/pgagro\/wp-content\/uploads\/2023\/10\/historico-1-1024x661.jpg\" alt=\"\" class=\"wp-image-1159\" srcset=\"https:\/\/pos.uel.br\/pgagro\/wp-content\/uploads\/2023\/10\/historico-1-1024x661.jpg 1024w, https:\/\/pos.uel.br\/pgagro\/wp-content\/uploads\/2023\/10\/historico-1-300x194.jpg 300w, https:\/\/pos.uel.br\/pgagro\/wp-content\/uploads\/2023\/10\/historico-1-768x495.jpg 768w, https:\/\/pos.uel.br\/pgagro\/wp-content\/uploads\/2023\/10\/historico-1.jpg 1240w\" sizes=\"auto, (max-width: 1024px) 100vw, 1024px\" \/><\/figure>\n<\/div>\n\n\n<p>Os Cursos de Mestrado e de Doutorado em Agronomia foram criados em 1994 e 2000, respectivamente, com quatro \u00e1reas de Concentra\u00e7\u00e3o: Produ\u00e7\u00e3o vegetal, Ci\u00eancia do solo, Prote\u00e7\u00e3o de plantas; e Melhoramento vegetal e biotecnologia. Em 2021, houve a fus\u00e3o do programa em Agronomia da UEL com o programa em Agricultura Conservacionista do IDR.  Sendo assim, houve um incremento marcante na disponibilidade de docentes, laborat\u00f3rios, equipamentos e \u00e1reas experimentais.  As linhas de pesquisa t\u00eam sido continuamente atualizadas e readequadas de acordo com as demandas tecnol\u00f3gicas e sociais detectadas nos trabalhos de extens\u00e3o, o que denota a integra\u00e7\u00e3o Pesquisa e Extens\u00e3o. At\u00e9 2012 o Programa capacitou 269 Mestres e 134 Doutores, dos quais foram 75 Mestres e 47 Doutores no tri\u00eanio 2010-2012. Atualmente o Programa conta com 107 alunos, sendo 41 de Mestrado e 66 de Doutorado.<\/p>\n\n\n\n<p>O Programa tem recebido regularmente alunos de P\u00f3s-Doutorado brasileiros e estrangeiros como forma de desenvolver pesquisas cient\u00edficas de elevado n\u00edvel, bem como de propiciar treinamento em sala de aula e na orienta\u00e7\u00e3o de alunos de Inicia\u00e7\u00e3o Cient\u00edfica, Mestrado e de Doutorado.<\/p>\n\n\n\n<p>A evolu\u00e7\u00e3o do Programa tem sido not\u00f3ria. Os indicadores de qualidade t\u00eam apresentado \u00edndices que melhoram ano a ano, o que levou o Programa, a ter sua nota elevada pela CAPES de 5 para 6. <\/p>\n","protected":false},"excerpt":{"rendered":"<p>Os Cursos de Mestrado e de Doutorado em Agronomia foram criados em 1994 e 2000, respectivamente, com quatro \u00e1reas de Concentra\u00e7\u00e3o: Produ\u00e7\u00e3o vegetal, Ci\u00eancia do solo, Prote\u00e7\u00e3o de plantas; e Melhoramento vegetal e biotecnologia. Em 2021, houve a fus\u00e3o do programa em Agronomia da UEL com o programa em Agricultura Conservacionista do IDR. Sendo assim, [&hellip;]<\/p>\n","protected":false},"author":7,"featured_media":0,"parent":0,"menu_order":0,"comment_status":"closed","ping_status":"closed","template":"","meta":{"_acf_changed":false,"footnotes":""},"class_list":["post-14","page","type-page","status-publish","hentry"],"acf":[],"_links":{"self":[{"href":"https:\/\/pos.uel.br\/pgagro\/wp-json\/wp\/v2\/pages\/14","targetHints":{"allow":["GET"]}}],"collection":[{"href":"https:\/\/pos.uel.br\/pgagro\/wp-json\/wp\/v2\/pages"}],"about":[{"href":"https:\/\/pos.uel.br\/pgagro\/wp-json\/wp\/v2\/types\/page"}],"author":[{"embeddable":true,"href":"https:\/\/pos.uel.br\/pgagro\/wp-json\/wp\/v2\/users\/7"}],"replies":[{"embeddable":true,"href":"https:\/\/pos.uel.br\/pgagro\/wp-json\/wp\/v2\/comments?post=14"}],"version-history":[{"count":6,"href":"https:\/\/pos.uel.br\/pgagro\/wp-json\/wp\/v2\/pages\/14\/revisions"}],"predecessor-version":[{"id":1228,"href":"https:\/\/pos.uel.br\/pgagro\/wp-json\/wp\/v2\/pages\/14\/revisions\/1228"}],"wp:attachment":[{"href":"https:\/\/pos.uel.br\/pgagro\/wp-json\/wp\/v2\/media?parent=14"}],"curies":[{"name":"wp","href":"https:\/\/api.w.org\/{rel}","templated":true}]}}