{"id":10,"date":"2021-04-20T15:47:53","date_gmt":"2021-04-20T18:47:53","guid":{"rendered":"https:\/\/pos.uel.br\/pgagro\/?page_id=10"},"modified":"2023-10-07T14:57:52","modified_gmt":"2023-10-07T17:57:52","slug":"sobre-o-programa","status":"publish","type":"page","link":"https:\/\/pos.uel.br\/pgagro\/sobre-o-programa\/","title":{"rendered":"Sobre o programa"},"content":{"rendered":"<div class=\"wp-block-image\">\n<figure class=\"aligncenter size-large\"><img loading=\"lazy\" decoding=\"async\" width=\"192\" height=\"187\" src=\"https:\/\/pos.uel.br\/pgagro\/wp-content\/uploads\/2021\/06\/LOGO-POS.jpeg\" alt=\"\" class=\"wp-image-202\"\/><\/figure>\n<\/div>\n\n\n<p>O Programa de P\u00f3s-gradua\u00e7\u00e3o em Agronomia \u00e9 ministrado em rede por docentes Universidade Estadual de Londrina (UEL) e Instituto de Desenvolvimento Rural do Paran\u00e1 (IDR -PR). Iniciou suas atividades no ano de 2000 e atualmente \u00e9 avaliado como um programa de excel\u00eancia (Conceito CAPES 6) e de destacada atua\u00e7\u00e3o nas Ci\u00eancias Agr\u00e1rias regional, nacional e internacional.<\/p>\n\n\n\n<p>O Paran\u00e1, principalmente a regi\u00e3o Norte, onde est\u00e1 localizado o programa, \u00e9 um dos principais polos de produ\u00e7\u00e3o e pesquisa agr\u00edcola do Brasil, com estrutura agr\u00e1ria formada, predominantemente, de pequenos e m\u00e9dios estabelecimentos, e importante papel social de gera\u00e7\u00e3o de emprego e renda. O agroneg\u00f3cio \u00e9 a atividade que tem determinado a din\u00e2mica da economia paranaense e, a regi\u00e3o norte do estado caracteriza-se pela agricultura intensiva com elevadas produtividades e ampla ado\u00e7\u00e3o de tecnologias, gerando demanda constante por pesquisa, ensino e extens\u00e3o, em v\u00e1rios n\u00edveis de capital e tecnologia.<\/p>\n\n\n\n<p>A miss\u00e3o do Programa de P\u00f3s-gradua\u00e7\u00e3o em Agronomia \u00e9 a forma\u00e7\u00e3o de profissionais de excel\u00eancia, mediante capacita\u00e7\u00e3o t\u00e9cnica, cient\u00edfica e human\u00edstica, para atuarem nas atividades de pesquisa, ensino e extens\u00e3o, em institui\u00e7\u00f5es p\u00fablicas ou privadas, em conson\u00e2ncia com a demanda do setor produtivo agropecu\u00e1rio. Faz parte ainda da miss\u00e3o o desenvolvimento de sistemas agr\u00edcolas sustent\u00e1veis e compatibilizados com o uso racional de insumos agr\u00edcolas visando contribuir para a promo\u00e7\u00e3o de uma agricultura produtiva e sustent\u00e1vel, atendendo um mercado consumidor exigente por produtos de qualidade e produzidos com reduzido impacto ambiental.<\/p>\n\n\n\n<p>Al\u00e9m de centenas de mestres e doutores j\u00e1 formados e inseridos no mundo do trabalho, um grande acervo de processos e produtos j\u00e1 foi desenvolvido durante os mais de 20 anos de exist\u00eancia do Programa. Cita-se, como exemplo, o sistema de plantio direto, que teve suas ra\u00edzes e expans\u00e3o inicial, estabelecidos com participa\u00e7\u00e3o efetiva de Docentes\/pesquisadores do programa.<\/p>\n\n\n\n<p>No ano de 2021 o Programa de P\u00f3s-gradua\u00e7\u00e3o em Agronomia da UEL incorporou, por meio do processo de fus\u00e3o, o programa de p\u00f3s-gradua\u00e7\u00e3o AGRICULTURA CONSERVACIONISTA do Instituto de Desenvolvimento Rural do Paran\u00e1 (IDR-IAPAR). A associa\u00e7\u00e3o UEL e IDR proporcionou ao Programa maior qualifica\u00e7\u00e3o por meio da diversifica\u00e7\u00e3o de corpo docente, tem\u00e1ticas de pesquisa, amplia\u00e7\u00e3o da infraestrutura laboratorial, de campo e de suporte de recursos humanos. O sinergismo desta associa\u00e7\u00e3o reside principalmente na jun\u00e7\u00e3o dos pontos fortes das institui\u00e7\u00f5es coirm\u00e3s que de longa data j\u00e1 atuavam em parceria.<\/p>\n\n\n\n<p>O corpo docente \u00e9 formado por 32 professores, sendo 25 permanentes e 07 colaboradores que ministram disciplinas, desenvolvem projetos de pesquisa, e orientam em Mestrado e Doutorado.&nbsp; A matriz curricular apresenta uma abordagem ampla e inovadora com conceitos t\u00e9cnicos de manejo cultural, com intuito de proporcionar ao p\u00f3s-graduando habilidades e discernimento para definir pr\u00e1ticas adequadas a cada modelo de agricultura. Para alcan\u00e7ar seus objetivos, o programa est\u00e1 estruturado em quatro \u00e1reas de concentra\u00e7\u00e3o: produ\u00e7\u00e3o vegetal; melhoramento gen\u00e9tico vegetal e biotecnologia aplicada; prote\u00e7\u00e3o de plantas e ci\u00eancia do solo. Dentro dessas grandes \u00e1reas, as linhas de pesquisa envolvem agricultura, fisiologia vegetal, horticultura, melhoramento gen\u00e9tico de culturas anuais, energ\u00e9ticas e perenes, manejo integrado de pragas, fitopat\u00f3genos de import\u00e2ncia agr\u00edcola, manejo sustent\u00e1vel do solo, fertilidade do solo e nutri\u00e7\u00e3o de plantas, dentre outras.<\/p>\n\n\n\n<p>Os estudos desenvolvidos pelo programa t\u00eam impactado positivamente o agroneg\u00f3cio e a sociedade em geral. Por isso, al\u00e9m da preocupa\u00e7\u00e3o com a forma\u00e7\u00e3o profissional e qualidade das pesquisas realizadas, o programa conecta-se com toda estrutura de assist\u00eancia t\u00e9cnica e extens\u00e3o rural. Esta rede de difus\u00e3o de tecnologias permite o levantamento de demandas reais do setor produtivo, possibilitando resolver quest\u00f5es objetivas e emergentes. Com a disponibilidade de muitas esta\u00e7\u00f5es experimentais em todo o Estado, \u00e9 poss\u00edvel testar as solu\u00e7\u00f5es em v\u00e1rios locais, com condi\u00e7\u00f5es edafoclim\u00e1ticas diferenciadas.&nbsp;&nbsp; Atrav\u00e9s desta sistem\u00e1tica, os p\u00f3s-graduandos e o comit\u00ea de orienta\u00e7\u00e3o validam as hip\u00f3teses formuladas, com experimenta\u00e7\u00e3o em m\u00faltiplos locais com maior credibilidade dos resultados.&nbsp; Imediatamente, as informa\u00e7\u00f5es, processos ou produtos obtidos, tornam-se dispon\u00edveis aos agricultores atrav\u00e9s do sistema de extens\u00e3o.<\/p>\n\n\n\n<p>O Programa possui conv\u00eanios que viabilizam a mobilidade nacional e internacional de estudantes e docentes, visando a capacita\u00e7\u00e3o. Acad\u00eamicos de outras nacionalidades tamb\u00e9m buscam no programa aprimoramento em sistemas agr\u00edcolas tropicais e subtropicais.<\/p>\n\n\n\n<p>Finalmente, destaca-se a voca\u00e7\u00e3o do Estado e, particularmente da regi\u00e3o, no desenvolvimento e aplica\u00e7\u00e3o de tecnologias \u00e0 atividade agr\u00edcola. Por sua situa\u00e7\u00e3o geogr\u00e1fica, o Paran\u00e1 proporciona o cultivo de in\u00fameras esp\u00e9cies de explora\u00e7\u00e3o econ\u00f4mica, quer sejam, mais tropicais, principalmente nas regi\u00f5es Norte e Noroeste; ou mais temperadas, na regi\u00e3o sul do Estado. Tudo isso, contando com esta\u00e7\u00f5es experimentais para a condi\u00e7\u00e3o dos estudos cient\u00edficos. Na regi\u00e3o de Londrina, al\u00e9m da UEL e IDR, v\u00e1rias institui\u00e7\u00f5es p\u00fablicas e privadas est\u00e3o focadas na pesquisa, produ\u00e7\u00e3o de insumos, presta\u00e7\u00e3o de servi\u00e7os, extens\u00e3o, consultoria etc., sendo local de efervesc\u00eancia cient\u00edfica e tecnol\u00f3gica no setor de agricultura.&nbsp; Todo esse ambiente, associado a um corpo docente e discentes comprometidos, permitem que o curso produza profissionais realmente focados em gerar solu\u00e7\u00f5es e formas de aplic\u00e1-las de forma a tornar a agricultura cada vez mais sustent\u00e1vel. N\u00e3o por acaso, os profissionais capacitados pelo programa tem sido absorvidos pelo mercado de trabalho, alcan\u00e7ando destaque na sua atua\u00e7\u00e3o profissional.<\/p>\n\n\n\n<p><\/p>\n\n\n\n<p><\/p>\n","protected":false},"excerpt":{"rendered":"<p>O Programa de P\u00f3s-gradua\u00e7\u00e3o em Agronomia \u00e9 ministrado em rede por docentes Universidade Estadual de Londrina (UEL) e Instituto de Desenvolvimento Rural do Paran\u00e1 (IDR -PR). Iniciou suas atividades no ano de 2000 e atualmente \u00e9 avaliado como um programa de excel\u00eancia (Conceito CAPES 6) e de destacada atua\u00e7\u00e3o nas Ci\u00eancias Agr\u00e1rias regional, nacional e [&hellip;]<\/p>\n","protected":false},"author":7,"featured_media":0,"parent":0,"menu_order":0,"comment_status":"closed","ping_status":"closed","template":"","meta":{"_acf_changed":false,"footnotes":""},"class_list":["post-10","page","type-page","status-publish","hentry"],"acf":[],"_links":{"self":[{"href":"https:\/\/pos.uel.br\/pgagro\/wp-json\/wp\/v2\/pages\/10","targetHints":{"allow":["GET"]}}],"collection":[{"href":"https:\/\/pos.uel.br\/pgagro\/wp-json\/wp\/v2\/pages"}],"about":[{"href":"https:\/\/pos.uel.br\/pgagro\/wp-json\/wp\/v2\/types\/page"}],"author":[{"embeddable":true,"href":"https:\/\/pos.uel.br\/pgagro\/wp-json\/wp\/v2\/users\/7"}],"replies":[{"embeddable":true,"href":"https:\/\/pos.uel.br\/pgagro\/wp-json\/wp\/v2\/comments?post=10"}],"version-history":[{"count":23,"href":"https:\/\/pos.uel.br\/pgagro\/wp-json\/wp\/v2\/pages\/10\/revisions"}],"predecessor-version":[{"id":1145,"href":"https:\/\/pos.uel.br\/pgagro\/wp-json\/wp\/v2\/pages\/10\/revisions\/1145"}],"wp:attachment":[{"href":"https:\/\/pos.uel.br\/pgagro\/wp-json\/wp\/v2\/media?parent=10"}],"curies":[{"name":"wp","href":"https:\/\/api.w.org\/{rel}","templated":true}]}}

<div class="wp-block-image">
<figure class="aligncenter size-large"><img loading="lazy" decoding="async" width="192" height="187" src="https://pos.uel.br/pgagro/wp-content/uploads/2021/06/LOGO-POS.jpeg" alt="" class="wp-image-202"/></figure>
</div>


<p>O Programa de Pós-graduação em Agronomia é ministrado em rede por docentes Universidade Estadual de Londrina (UEL) e Instituto de Desenvolvimento Rural do Paraná (IDR -PR). Iniciou suas atividades no ano de 2000 e atualmente é avaliado como um programa de excelência (Conceito CAPES 6) e de destacada atuação nas Ciências Agrárias regional, nacional e internacional.</p>



<p>O Paraná, principalmente a região Norte, onde está localizado o programa, é um dos principais polos de produção e pesquisa agrícola do Brasil, com estrutura agrária formada, predominantemente, de pequenos e médios estabelecimentos, e importante papel social de geração de emprego e renda. O agronegócio é a atividade que tem determinado a dinâmica da economia paranaense e, a região norte do estado caracteriza-se pela agricultura intensiva com elevadas produtividades e ampla adoção de tecnologias, gerando demanda constante por pesquisa, ensino e extensão, em vários níveis de capital e tecnologia.</p>



<p>A missão do Programa de Pós-graduação em Agronomia é a formação de profissionais de excelência, mediante capacitação técnica, científica e humanística, para atuarem nas atividades de pesquisa, ensino e extensão, em instituições públicas ou privadas, em consonância com a demanda do setor produtivo agropecuário. Faz parte ainda da missão o desenvolvimento de sistemas agrícolas sustentáveis e compatibilizados com o uso racional de insumos agrícolas visando contribuir para a promoção de uma agricultura produtiva e sustentável, atendendo um mercado consumidor exigente por produtos de qualidade e produzidos com reduzido impacto ambiental.</p>



<p>Além de centenas de mestres e doutores já formados e inseridos no mundo do trabalho, um grande acervo de processos e produtos já foi desenvolvido durante os mais de 20 anos de existência do Programa. Cita-se, como exemplo, o sistema de plantio direto, que teve suas raízes e expansão inicial, estabelecidos com participação efetiva de Docentes/pesquisadores do programa.</p>



<p>No ano de 2021 o Programa de Pós-graduação em Agronomia da UEL incorporou, por meio do processo de fusão, o programa de pós-graduação AGRICULTURA CONSERVACIONISTA do Instituto de Desenvolvimento Rural do Paraná (IDR-IAPAR). A associação UEL e IDR proporcionou ao Programa maior qualificação por meio da diversificação de corpo docente, temáticas de pesquisa, ampliação da infraestrutura laboratorial, de campo e de suporte de recursos humanos. O sinergismo desta associação reside principalmente na junção dos pontos fortes das instituições coirmãs que de longa data já atuavam em parceria.</p>



<p>O corpo docente é formado por 32 professores, sendo 25 permanentes e 07 colaboradores que ministram disciplinas, desenvolvem projetos de pesquisa, e orientam em Mestrado e Doutorado.&nbsp; A matriz curricular apresenta uma abordagem ampla e inovadora com conceitos técnicos de manejo cultural, com intuito de proporcionar ao pós-graduando habilidades e discernimento para definir práticas adequadas a cada modelo de agricultura. Para alcançar seus objetivos, o programa está estruturado em quatro áreas de concentração: produção vegetal; melhoramento genético vegetal e biotecnologia aplicada; proteção de plantas e ciência do solo. Dentro dessas grandes áreas, as linhas de pesquisa envolvem agricultura, fisiologia vegetal, horticultura, melhoramento genético de culturas anuais, energéticas e perenes, manejo integrado de pragas, fitopatógenos de importância agrícola, manejo sustentável do solo, fertilidade do solo e nutrição de plantas, dentre outras.</p>



<p>Os estudos desenvolvidos pelo programa têm impactado positivamente o agronegócio e a sociedade em geral. Por isso, além da preocupação com a formação profissional e qualidade das pesquisas realizadas, o programa conecta-se com toda estrutura de assistência técnica e extensão rural. Esta rede de difusão de tecnologias permite o levantamento de demandas reais do setor produtivo, possibilitando resolver questões objetivas e emergentes. Com a disponibilidade de muitas estações experimentais em todo o Estado, é possível testar as soluções em vários locais, com condições edafoclimáticas diferenciadas.&nbsp;&nbsp; Através desta sistemática, os pós-graduandos e o comitê de orientação validam as hipóteses formuladas, com experimentação em múltiplos locais com maior credibilidade dos resultados.&nbsp; Imediatamente, as informações, processos ou produtos obtidos, tornam-se disponíveis aos agricultores através do sistema de extensão.</p>



<p>O Programa possui convênios que viabilizam a mobilidade nacional e internacional de estudantes e docentes, visando a capacitação. Acadêmicos de outras nacionalidades também buscam no programa aprimoramento em sistemas agrícolas tropicais e subtropicais.</p>



<p>Finalmente, destaca-se a vocação do Estado e, particularmente da região, no desenvolvimento e aplicação de tecnologias à atividade agrícola. Por sua situação geográfica, o Paraná proporciona o cultivo de inúmeras espécies de exploração econômica, quer sejam, mais tropicais, principalmente nas regiões Norte e Noroeste; ou mais temperadas, na região sul do Estado. Tudo isso, contando com estações experimentais para a condição dos estudos científicos. Na região de Londrina, além da UEL e IDR, várias instituições públicas e privadas estão focadas na pesquisa, produção de insumos, prestação de serviços, extensão, consultoria etc., sendo local de efervescência científica e tecnológica no setor de agricultura.&nbsp; Todo esse ambiente, associado a um corpo docente e discentes comprometidos, permitem que o curso produza profissionais realmente focados em gerar soluções e formas de aplicá-las de forma a tornar a agricultura cada vez mais sustentável. Não por acaso, os profissionais capacitados pelo programa tem sido absorvidos pelo mercado de trabalho, alcançando destaque na sua atuação profissional.</p>



<p></p>



<p></p>

<p>O Programa de Pós-graduação em Agronomia é ministrado em rede por docentes Universidade Estadual de Londrina (UEL) e Instituto de Desenvolvimento Rural do Paraná (IDR -PR). Iniciou suas atividades no ano de 2000 e atualmente é avaliado como um programa de excelência (Conceito CAPES 6) e de destacada atuação nas Ciências Agrárias regional, nacional e [&hellip;]</p>
