{"id":65,"date":"2022-09-01T20:41:45","date_gmt":"2022-09-01T23:41:45","guid":{"rendered":"https:\/\/pos.uel.br\/pesquisatranslacional\/?page_id=65"},"modified":"2023-10-17T17:02:27","modified_gmt":"2023-10-17T20:02:27","slug":"corpo-doscente-bas-uel-2021","status":"publish","type":"page","link":"https:\/\/pos.uel.br\/pesquisatranslacional\/corpo-doscente-bas-uel-2021\/","title":{"rendered":"Corpo Docente PTIS-UEL 2024"},"content":{"rendered":"\n<div class=\"wp-block-group alignwide\"><div class=\"wp-block-group__inner-container is-layout-flow wp-block-group-is-layout-flow\">\n<hr class=\"wp-block-separator has-alpha-channel-opacity\" \/>\n\n\n\n<div class=\"wp-block-media-text is-stacked-on-mobile\" style=\"grid-template-columns:25% auto\"><figure class=\"wp-block-media-text__media\"><img loading=\"lazy\" decoding=\"async\" width=\"825\" height=\"1024\" src=\"https:\/\/pos.uel.br\/pesquisatranslacional\/wp-content\/uploads\/2023\/10\/Profa.-Andrea-Name.jpg\" alt=\"\" class=\"wp-image-322 size-full\" srcset=\"https:\/\/pos.uel.br\/pesquisatranslacional\/wp-content\/uploads\/2023\/10\/Profa.-Andrea-Name.jpg 825w, https:\/\/pos.uel.br\/pesquisatranslacional\/wp-content\/uploads\/2023\/10\/Profa.-Andrea-Name-242x300.jpg 242w, https:\/\/pos.uel.br\/pesquisatranslacional\/wp-content\/uploads\/2023\/10\/Profa.-Andrea-Name-768x953.jpg 768w\" sizes=\"auto, (max-width: 825px) 100vw, 825px\" \/><\/figure><div class=\"wp-block-media-text__content\">\n<p>Profa. Dra. Andr\u00e9a Name Colado Sim\u00e3o<\/p>\n\n\n\n<p><\/p>\n\n\n\n<p>E-mail <a href=\"mailto:deianame@uel.br\" target=\"_blank\" rel=\"noreferrer noopener\">deianame@uel.br<\/a><\/p>\n\n\n\n<p>Curr\u00edculo <a href=\"http:\/\/lattes.cnpq.br\/9335965724178977\" data-type=\"link\" data-id=\"http:\/\/lattes.cnpq.br\/9335965724178977\">lattes<\/a><\/p>\n<\/div><\/div>\n\n\n\n<hr class=\"wp-block-separator has-alpha-channel-opacity\" \/>\n\n\n\n<div class=\"wp-block-media-text alignwide is-stacked-on-mobile\" style=\"grid-template-columns:25% auto\"><figure class=\"wp-block-media-text__media\"><img loading=\"lazy\" decoding=\"async\" width=\"193\" height=\"242\" src=\"https:\/\/pos.uel.br\/pesquisatranslacional\/wp-content\/uploads\/2022\/09\/Emerson.jpg\" alt=\"\" class=\"wp-image-104 size-full\" \/><\/figure><div class=\"wp-block-media-text__content\">\n<p>Prof. Dr. Emerson Jos\u00e9 Ven\u00e2ncio<\/p>\n\n\n\n<p>Laborat\u00f3rio de Imunologia IV<\/p>\n\n\n\n<p>E-mail <a href=\"mailto:emersonjvst@gmail.com\">emersonjvst@gmail.com<\/a><\/p>\n\n\n\n<p>Curr\u00edculo <a href=\"http:\/\/lattes.cnpq.br\/3464161814032047\">lattes<\/a><\/p>\n<\/div><\/div>\n\n\n\n<hr class=\"wp-block-separator has-alpha-channel-opacity\" \/>\n\n\n\n<div class=\"wp-block-media-text alignwide is-stacked-on-mobile\" style=\"grid-template-columns:25% auto\"><figure class=\"wp-block-media-text__media\"><img loading=\"lazy\" decoding=\"async\" width=\"193\" height=\"241\" src=\"https:\/\/pos.uel.br\/pesquisatranslacional\/wp-content\/uploads\/2022\/09\/Fabio.jpg\" alt=\"\" class=\"wp-image-105 size-full\" \/><\/figure><div class=\"wp-block-media-text__content\">\n<p>Prof. Dr. F\u00e1bio Henrique Kwasnewski<\/p>\n\n\n\n<p>Laborat\u00f3rio de Imunofarmacologia<\/p>\n\n\n\n<p>E-mail <a href=\"mailto:fhkwas@uel.br\">fhkwas@uel.br<\/a><\/p>\n\n\n\n<p>Curr\u00edculo <a href=\"http:\/\/lattes.cnpq.br\/8630552421054717\">lattes<\/a><\/p>\n<\/div><\/div>\n\n\n\n<hr class=\"wp-block-separator has-alpha-channel-opacity\" \/>\n\n\n\n<div class=\"wp-block-media-text alignwide is-stacked-on-mobile\" style=\"grid-template-columns:24% auto\"><figure class=\"wp-block-media-text__media\"><img loading=\"lazy\" decoding=\"async\" width=\"193\" height=\"242\" src=\"https:\/\/pos.uel.br\/pesquisatranslacional\/wp-content\/uploads\/2022\/09\/Gerson.jpg\" alt=\"\" class=\"wp-image-107 size-full\" \/><\/figure><div class=\"wp-block-media-text__content\">\n<p>Prof. Dr. Gerson Nakazato<\/p>\n\n\n\n<p>Laborat\u00f3rio de Bacteriologia B\u00e1sica e Aplicada<\/p>\n\n\n\n<p>E-mail <a href=\"mailto:gnakazato@uel.br\">gnakazato@uel.br<\/a><\/p>\n\n\n\n<p>Curr\u00edculo <a href=\"http:\/\/lattes.cnpq.br\/2532741243269868\">lattes<\/a><\/p>\n<\/div><\/div>\n\n\n\n<hr class=\"wp-block-separator has-alpha-channel-opacity\" \/>\n\n\n\n<div class=\"wp-block-media-text is-stacked-on-mobile\" style=\"grid-template-columns:24% auto\"><figure class=\"wp-block-media-text__media\"><img loading=\"lazy\" decoding=\"async\" width=\"864\" height=\"1024\" src=\"https:\/\/pos.uel.br\/pesquisatranslacional\/wp-content\/uploads\/2023\/10\/servletrecuperafoto-864x1024.jpg\" alt=\"\" class=\"wp-image-317 size-full\" srcset=\"https:\/\/pos.uel.br\/pesquisatranslacional\/wp-content\/uploads\/2023\/10\/servletrecuperafoto-864x1024.jpg 864w, https:\/\/pos.uel.br\/pesquisatranslacional\/wp-content\/uploads\/2023\/10\/servletrecuperafoto-253x300.jpg 253w, https:\/\/pos.uel.br\/pesquisatranslacional\/wp-content\/uploads\/2023\/10\/servletrecuperafoto-768x910.jpg 768w, https:\/\/pos.uel.br\/pesquisatranslacional\/wp-content\/uploads\/2023\/10\/servletrecuperafoto.jpg 1080w\" sizes=\"auto, (max-width: 864px) 100vw, 864px\" \/><\/figure><div class=\"wp-block-media-text__content\">\n<p>Profa. Dra. Glaura Scantamburlo Alves Fernandes <\/p>\n\n\n\n<p>E-mail <a href=\"mailto:glaura@uel.br\" target=\"_blank\" rel=\"noreferrer noopener\">glaura@uel.br<\/a><\/p>\n\n\n\n<p>Curr\u00edculo <a href=\"http:\/\/lattes.cnpq.br\/0503733087170121\" data-type=\"link\" data-id=\"http:\/\/lattes.cnpq.br\/0503733087170121\">lattes<\/a><\/p>\n<\/div><\/div>\n\n\n\n<hr class=\"wp-block-separator has-alpha-channel-opacity\" \/>\n\n\n\n<div class=\"wp-block-media-text alignwide is-stacked-on-mobile\" style=\"grid-template-columns:24% auto\"><figure class=\"wp-block-media-text__media\"><img loading=\"lazy\" decoding=\"async\" width=\"192\" height=\"242\" src=\"https:\/\/pos.uel.br\/pesquisatranslacional\/wp-content\/uploads\/2022\/09\/Idessania.jpg\" alt=\"\" class=\"wp-image-108 size-full\" \/><\/figure><div class=\"wp-block-media-text__content\">\n<p>Profa. Dra. Idessania Nazareth Costa<\/p>\n\n\n\n<p>Laborat\u00f3rio de Parasitologia<\/p>\n\n\n\n<p>E-mail <a href=\"mailto:idessania@hotmail.com\">idessania@hotmail.com<\/a> <\/p>\n\n\n\n<p>Curr\u00edculo <a href=\"http:\/\/lattes.cnpq.br\/6509732003277148\">lattes<\/a><\/p>\n<\/div><\/div>\n\n\n\n<hr class=\"wp-block-separator has-alpha-channel-opacity\" \/>\n<\/div><\/div>\n\n\n\n<div class=\"wp-block-media-text alignwide is-stacked-on-mobile\" style=\"grid-template-columns:24% auto\"><figure class=\"wp-block-media-text__media\"><img loading=\"lazy\" decoding=\"async\" width=\"112\" height=\"139\" src=\"https:\/\/pos.uel.br\/pesquisatranslacional\/wp-content\/uploads\/2022\/09\/Ligia.jpg\" alt=\"\" class=\"wp-image-110 size-full\" \/><\/figure><div class=\"wp-block-media-text__content\">\n<p>Profa. Dra. Ligia Carla Faccin Galhardi<\/p>\n\n\n\n<p>Laborat\u00f3rio de Virologia<\/p>\n\n\n\n<p>E-mail <a href=\"mailto:lgalhardi@uel.br\">lgalhardi@uel.br<\/a><\/p>\n\n\n\n<p>Curr\u00edculo <a href=\"http:\/\/lattes.cnpq.br\/7573020509636418\">lattes<\/a><\/p>\n<\/div><\/div>\n\n\n\n<hr class=\"wp-block-separator has-alpha-channel-opacity\" \/>\n\n\n\n<div class=\"wp-block-media-text alignwide is-stacked-on-mobile\" style=\"grid-template-columns:24% auto\"><figure class=\"wp-block-media-text__media\"><img loading=\"lazy\" decoding=\"async\" width=\"193\" height=\"242\" src=\"https:\/\/pos.uel.br\/pesquisatranslacional\/wp-content\/uploads\/2022\/09\/Lucy.jpg\" alt=\"\" class=\"wp-image-112 size-full\" \/><\/figure><div class=\"wp-block-media-text__content\">\n<p>Profa. Dra. Lucy Megui Yamauchi Lioni<\/p>\n\n\n\n<p>Laborat\u00f3rio de Biologia Molecular de Microrganismos<\/p>\n\n\n\n<p>E-mail <a href=\"mailto:lionilmy@uel.br\">lionilmy@uel.br<\/a><\/p>\n\n\n\n<p>Curr\u00edculo <a href=\"http:\/\/lattes.cnpq.br\/8416582168994429\">lattes<\/a><\/p>\n<\/div><\/div>\n\n\n\n<hr class=\"wp-block-separator has-alpha-channel-opacity\" \/>\n\n\n\n<div class=\"wp-block-media-text is-stacked-on-mobile\" style=\"grid-template-columns:24% auto\"><figure class=\"wp-block-media-text__media\"><img loading=\"lazy\" decoding=\"async\" width=\"512\" height=\"512\" src=\"https:\/\/pos.uel.br\/pesquisatranslacional\/wp-content\/uploads\/2023\/10\/Marcell-Lozovoy.jpg\" alt=\"\" class=\"wp-image-329 size-full\" srcset=\"https:\/\/pos.uel.br\/pesquisatranslacional\/wp-content\/uploads\/2023\/10\/Marcell-Lozovoy.jpg 512w, https:\/\/pos.uel.br\/pesquisatranslacional\/wp-content\/uploads\/2023\/10\/Marcell-Lozovoy-300x300.jpg 300w, https:\/\/pos.uel.br\/pesquisatranslacional\/wp-content\/uploads\/2023\/10\/Marcell-Lozovoy-150x150.jpg 150w\" sizes=\"auto, (max-width: 512px) 100vw, 512px\" \/><\/figure><div class=\"wp-block-media-text__content\">\n<p>Marcell Alysson Batisti Lozovoy<\/p>\n\n\n\n<p>E-mail <a href=\"mailto:marcell_lozovoy@hotmail.com\" target=\"_blank\" rel=\"noreferrer noopener\">marcell_lozovoy@hotmail.com<\/a><\/p>\n\n\n\n<p>Curr\u00edculo <a href=\"http:\/\/lattes.cnpq.br\/7812902161710360\" data-type=\"link\" data-id=\"http:\/\/lattes.cnpq.br\/7812902161710360\">lattes<\/a><\/p>\n<\/div><\/div>\n\n\n\n<hr class=\"wp-block-separator has-alpha-channel-opacity\" \/>\n\n\n\n<div class=\"wp-block-media-text alignwide is-stacked-on-mobile\" style=\"grid-template-columns:24% auto\"><figure class=\"wp-block-media-text__media\"><img loading=\"lazy\" decoding=\"async\" width=\"193\" height=\"241\" src=\"https:\/\/pos.uel.br\/pesquisatranslacional\/wp-content\/uploads\/2022\/09\/Mario.jpg\" alt=\"\" class=\"wp-image-114 size-full\" \/><\/figure><div class=\"wp-block-media-text__content\">\n<p>Prof. Dr. M\u00e1rio Augusto Ono<\/p>\n\n\n\n<p>Laborat\u00f3rio de Imunologia Animal<\/p>\n\n\n\n<p>E-mail <a href=\"mailto:marioono@uel.br\">marioono@uel.br<\/a><\/p>\n\n\n\n<p>Curr\u00edculo <a href=\"http:\/\/lattes.cnpq.br\/2409390685316192\">lattes<\/a><\/p>\n<\/div><\/div>\n\n\n\n<hr class=\"wp-block-separator has-alpha-channel-opacity\" \/>\n\n\n\n<div class=\"wp-block-media-text alignwide is-stacked-on-mobile\" style=\"grid-template-columns:24% auto\"><figure class=\"wp-block-media-text__media\"><img loading=\"lazy\" decoding=\"async\" width=\"193\" height=\"242\" src=\"https:\/\/pos.uel.br\/pesquisatranslacional\/wp-content\/uploads\/2022\/09\/Paulo.jpg\" alt=\"\" class=\"wp-image-115 size-full\" \/><\/figure><div class=\"wp-block-media-text__content\">\n<p>Prof. Dr. Paulo Marcelo Ferraresi Pegino<\/p>\n\n\n\n<p>E-mail <a href=\"mailto:pferraresi@gmail.com\">pferraresi@gmail.com<\/a><\/p>\n\n\n\n<p>Curr\u00edculo <a href=\"http:\/\/lattes.cnpq.br\/5000143365122255\">lattes<\/a><\/p>\n<\/div><\/div>\n\n\n\n<hr class=\"wp-block-separator has-alpha-channel-opacity\" \/>\n\n\n\n<div class=\"wp-block-media-text alignwide is-stacked-on-mobile\" style=\"grid-template-columns:24% auto\"><figure class=\"wp-block-media-text__media\"><img loading=\"lazy\" decoding=\"async\" width=\"191\" height=\"240\" src=\"https:\/\/pos.uel.br\/pesquisatranslacional\/wp-content\/uploads\/2022\/09\/Phileno.jpg\" alt=\"\" class=\"wp-image-116 size-full\" \/><\/figure><div class=\"wp-block-media-text__content\">\n<p>Prof. Dr. Phileno Pinge Filho<\/p>\n\n\n\n<p>Laborat\u00f3rio de Imunopatologia Experimental<\/p>\n\n\n\n<p>E-mail <a href=\"mailto:pingefilho@uel.br\">pingefilho@uel.br<\/a><\/p>\n\n\n\n<p>Curr\u00edculo <a href=\"http:\/\/lattes.cnpq.br\/1339724757657824\">lattes<\/a><\/p>\n<\/div><\/div>\n\n\n\n<hr class=\"wp-block-separator has-alpha-channel-opacity\" \/>\n\n\n\n<div class=\"wp-block-media-text alignwide is-stacked-on-mobile\" style=\"grid-template-columns:24% auto\"><figure class=\"wp-block-media-text__media\"><img loading=\"lazy\" decoding=\"async\" width=\"193\" height=\"242\" src=\"https:\/\/pos.uel.br\/pesquisatranslacional\/wp-content\/uploads\/2022\/09\/Renata.jpg\" alt=\"\" class=\"wp-image-117 size-full\" \/><\/figure><div class=\"wp-block-media-text__content\">\n<p>Profa. Dra. Renata Katsuko Takayama Kobayashi<\/p>\n\n\n\n<p>Laborat\u00f3rio de Bacteriologia B\u00e1sica e Aplicada<\/p>\n\n\n\n<p>E-mail <a href=\"mailto:kobayashirkt@uel.br\">kobayashirkt@uel.br<\/a><\/p>\n\n\n\n<p>Curr\u00edculo <a href=\"http:\/\/lattes.cnpq.br\/3188392520162374\">lattes<\/a><\/p>\n<\/div><\/div>\n\n\n\n<hr class=\"wp-block-separator has-alpha-channel-opacity\" \/>\n\n\n\n<div class=\"wp-block-media-text alignwide is-stacked-on-mobile\" style=\"grid-template-columns:24% auto\"><figure class=\"wp-block-media-text__media\"><img loading=\"lazy\" decoding=\"async\" width=\"181\" height=\"241\" src=\"https:\/\/pos.uel.br\/pesquisatranslacional\/wp-content\/uploads\/2022\/09\/Sueli.jpg\" alt=\"\" class=\"wp-image-119 size-full\" \/><\/figure><div class=\"wp-block-media-text__content\">\n<p>Profa. Dra. Sueli Fumie Yamada Ogatta<\/p>\n\n\n\n<p>Laborat\u00f3rio de Biologia Molecular de Microrganismos<\/p>\n\n\n\n<p>E-mail <a href=\"mailto:ogatta@uel.br\">ogatta@uel.br<\/a><\/p>\n\n\n\n<p>Curr\u00edculo <a href=\"http:\/\/lattes.cnpq.br\/1783272660304122\">lattes<\/a><\/p>\n<\/div><\/div>\n\n\n\n<hr class=\"wp-block-separator has-alpha-channel-opacity\" \/>\n\n\n\n<div class=\"wp-block-media-text alignwide is-stacked-on-mobile\" style=\"grid-template-columns:24% auto\"><figure class=\"wp-block-media-text__media\"><img loading=\"lazy\" decoding=\"async\" width=\"193\" height=\"242\" src=\"https:\/\/pos.uel.br\/pesquisatranslacional\/wp-content\/uploads\/2022\/09\/Wander.jpg\" alt=\"\" class=\"wp-image-121 size-full\" \/><\/figure><div class=\"wp-block-media-text__content\">\n<p>Prof. Dr. Wander Rog\u00e9rio Pavanelli<\/p>\n\n\n\n<p>Laborat\u00f3rio de Imunopatologia de Doen\u00e7as Negligenciadas<\/p>\n\n\n\n<p>E-mail <a href=\"mailto:wanderpavanelli@yahoo.com.br\">wanderpavanelli@yahoo.com.br<\/a><\/p>\n\n\n\n<p>Curr\u00edculo <a href=\"http:\/\/lattes.cnpq.br\/4865442218008282\">lattes<\/a><\/p>\n<\/div><\/div>\n","protected":false},"excerpt":{"rendered":"<p>Profa. Dra. Andr\u00e9a Name Colado Sim\u00e3o E-mail deianame@uel.br Curr\u00edculo lattes Prof. Dr. Emerson Jos\u00e9 Ven\u00e2ncio Laborat\u00f3rio de Imunologia IV E-mail emersonjvst@gmail.com Curr\u00edculo lattes Prof. Dr. F\u00e1bio Henrique Kwasnewski Laborat\u00f3rio de Imunofarmacologia E-mail fhkwas@uel.br Curr\u00edculo lattes Prof. Dr. Gerson Nakazato Laborat\u00f3rio de Bacteriologia B\u00e1sica e Aplicada E-mail gnakazato@uel.br Curr\u00edculo lattes Profa. Dra. Glaura Scantamburlo Alves Fernandes [&hellip;]<\/p>\n","protected":false},"author":6,"featured_media":0,"parent":0,"menu_order":0,"comment_status":"closed","ping_status":"closed","template":"","meta":{"footnotes":""},"class_list":["post-65","page","type-page","status-publish","hentry"],"acf":[],"_links":{"self":[{"href":"https:\/\/pos.uel.br\/pesquisatranslacional\/wp-json\/wp\/v2\/pages\/65","targetHints":{"allow":["GET"]}}],"collection":[{"href":"https:\/\/pos.uel.br\/pesquisatranslacional\/wp-json\/wp\/v2\/pages"}],"about":[{"href":"https:\/\/pos.uel.br\/pesquisatranslacional\/wp-json\/wp\/v2\/types\/page"}],"author":[{"embeddable":true,"href":"https:\/\/pos.uel.br\/pesquisatranslacional\/wp-json\/wp\/v2\/users\/6"}],"replies":[{"embeddable":true,"href":"https:\/\/pos.uel.br\/pesquisatranslacional\/wp-json\/wp\/v2\/comments?post=65"}],"version-history":[{"count":16,"href":"https:\/\/pos.uel.br\/pesquisatranslacional\/wp-json\/wp\/v2\/pages\/65\/revisions"}],"predecessor-version":[{"id":331,"href":"https:\/\/pos.uel.br\/pesquisatranslacional\/wp-json\/wp\/v2\/pages\/65\/revisions\/331"}],"wp:attachment":[{"href":"https:\/\/pos.uel.br\/pesquisatranslacional\/wp-json\/wp\/v2\/media?parent=65"}],"curies":[{"name":"wp","href":"https:\/\/api.w.org\/{rel}","templated":true}]}}