{"id":9,"date":"2025-08-14T15:40:42","date_gmt":"2025-08-14T18:40:42","guid":{"rendered":"https:\/\/pos.uel.br\/pesquisa-quantitativa\/?page_id=9"},"modified":"2025-08-19T15:25:27","modified_gmt":"2025-08-19T18:25:27","slug":"contatos","status":"publish","type":"page","link":"https:\/\/pos.uel.br\/pesquisa-quantitativa\/contatos\/","title":{"rendered":"Contatos"},"content":{"rendered":"\n<p><strong>Coordena\u00e7\u00e3o<\/strong><br>Prof. Dra. Mariana Ragassi Urbano<img decoding=\"async\" src=\"http:\/\/www.uel.br\/pos\/estatisticaquantitativa\/portal\/modules\/fckeditor\/fckeditor\/editor\/images\/spacer.gif\" alt=\"\">&nbsp;<br>E-mail: mrurbano@uel.br<\/p>\n\n\n\n<p><strong>Vice-Coordena\u00e7\u00e3o<\/strong><br>Prof. Dr. Rodrigo Rosseto Pescim<br>E-mail: rrpescim@uel.br<\/p>\n\n\n\n<p><strong>Secretaria Geral de P\u00f3s-Gradua\u00e7\u00e3o<\/strong><br>Hor\u00e1rios: das 08:00 \u00e0s 11:30 e das 14:00 \u00e0s 17:30 horas<br>Telefone: (43) 3371-4711<br>E-mail:\u00a0spgcce@uel.br<\/p>\n\n\n\n<p><strong>Departamento de Estat\u00edstica \u2013 DSTA<\/strong><br>Hor\u00e1rios: das 8:00 \u00e0s 12:00 e das 14:00 \u00e0s 17:30 horas&nbsp;<br><strong>(43) 3371-4346<\/strong>&nbsp;(Fernando)<\/p>\n\n\n\n<div class=\"wp-block-columns is-layout-flex wp-container-core-columns-is-layout-9d6595d7 wp-block-columns-is-layout-flex\">\n<div class=\"wp-block-column is-layout-flow wp-block-column-is-layout-flow\"><\/div>\n<\/div>\n","protected":false},"excerpt":{"rendered":"<p>Coordena\u00e7\u00e3oProf. Dra. Mariana Ragassi Urbano&nbsp;E-mail: mrurbano@uel.br Vice-Coordena\u00e7\u00e3oProf. Dr. Rodrigo Rosseto PescimE-mail: rrpescim@uel.br Secretaria Geral de P\u00f3s-Gradua\u00e7\u00e3oHor\u00e1rios: das 08:00 \u00e0s 11:30 e das 14:00 \u00e0s 17:30 horasTelefone: (43) 3371-4711E-mail:\u00a0spgcce@uel.br Departamento de Estat\u00edstica \u2013 DSTAHor\u00e1rios: das 8:00 \u00e0s 12:00 e das 14:00 \u00e0s 17:30 horas&nbsp;(43) 3371-4346&nbsp;(Fernando)<\/p>\n","protected":false},"author":6,"featured_media":0,"parent":0,"menu_order":0,"comment_status":"closed","ping_status":"closed","template":"","meta":{"_acf_changed":false,"_themeisle_gutenberg_block_has_review":false,"footnotes":""},"class_list":["post-9","page","type-page","status-publish","hentry"],"acf":[],"_links":{"self":[{"href":"https:\/\/pos.uel.br\/pesquisa-quantitativa\/wp-json\/wp\/v2\/pages\/9","targetHints":{"allow":["GET"]}}],"collection":[{"href":"https:\/\/pos.uel.br\/pesquisa-quantitativa\/wp-json\/wp\/v2\/pages"}],"about":[{"href":"https:\/\/pos.uel.br\/pesquisa-quantitativa\/wp-json\/wp\/v2\/types\/page"}],"author":[{"embeddable":true,"href":"https:\/\/pos.uel.br\/pesquisa-quantitativa\/wp-json\/wp\/v2\/users\/6"}],"replies":[{"embeddable":true,"href":"https:\/\/pos.uel.br\/pesquisa-quantitativa\/wp-json\/wp\/v2\/comments?post=9"}],"version-history":[{"count":15,"href":"https:\/\/pos.uel.br\/pesquisa-quantitativa\/wp-json\/wp\/v2\/pages\/9\/revisions"}],"predecessor-version":[{"id":135,"href":"https:\/\/pos.uel.br\/pesquisa-quantitativa\/wp-json\/wp\/v2\/pages\/9\/revisions\/135"}],"wp:attachment":[{"href":"https:\/\/pos.uel.br\/pesquisa-quantitativa\/wp-json\/wp\/v2\/media?parent=9"}],"curies":[{"name":"wp","href":"https:\/\/api.w.org\/{rel}","templated":true}]}}