{"id":7,"date":"2025-08-14T15:40:30","date_gmt":"2025-08-14T18:40:30","guid":{"rendered":"https:\/\/pos.uel.br\/pesquisa-quantitativa\/?page_id=7"},"modified":"2025-10-24T12:58:22","modified_gmt":"2025-10-24T15:58:22","slug":"sobre-o-curso","status":"publish","type":"page","link":"https:\/\/pos.uel.br\/pesquisa-quantitativa\/sobre-o-curso\/","title":{"rendered":"Sobre o curso"},"content":{"rendered":"\n<p>A&nbsp;<strong>Estat\u00edstica<\/strong>&nbsp;\u00e9 uma ferramenta metodol\u00f3gica importante, presente nas mais diversas \u00e1reas, gerando desta forma, a necessidade de aprimoramento profissional para o desenvolvimento de t\u00e9cnicas que proporcionem o melhor aproveitamento das informa\u00e7\u00f5es, com an\u00e1lises e avalia\u00e7\u00f5es objetivas, baseadas em fatos e dados com fundamenta\u00e7\u00f5es em conhecimentos cient\u00edficos. O curso de ESPECIALIZA\u00c7\u00c3O EM ESTAT\u00cdSTICA COM \u00caNFASE EM PESQUISA QUANTITATIVA visa capacitar profissionais a utilizar uma ampla variedade de t\u00e9cnicas estat\u00edsticas na interpreta\u00e7\u00e3o e an\u00e1lise de dados para subsidiar eventuais tomadas de decis\u00e3o.<\/p>\n\n\n\n<p><strong>OBJETIVOS<\/strong><\/p>\n\n\n\n<p>\u00b7 &nbsp;Habilitar o profissional a realizar um planejamento estat\u00edstico no contexto da pesquisa cient\u00edfica quantitativa;<br>\u00b7 Aperfei\u00e7oar o conhecimento de estat\u00edstica com \u00eanfase na pesquisa cient\u00edfica quantitativa;<br>\u00b7 Capacitar os profissionais a utilizar ferramentas estat\u00edsticas e programas estat\u00edsticos para an\u00e1lise de dados nas diversas \u00e1reas de pesquisa;<br>\u00b7 Desenvolver capacidade de expressar resultados da an\u00e1lise estat\u00edstica em linguagem adequada.<\/p>\n\n\n\n<h6 class=\"wp-block-heading\">P\u00daBLICO ALVO<\/h6>\n\n\n\n<p>Este curso \u00e9 destinado aos profissionais de n\u00edvel superior e pesquisadores das diversas \u00e1reas que se interessam e\/ou desenvolvam atividades envolvendo metodologia estat\u00edstica.<\/p>\n\n\n\n<p><strong>DOCUMENTOS NECESS\u00c1RIOS<\/strong><\/p>\n\n\n\n<figure class=\"wp-block-table\"><table class=\"has-fixed-layout\"><tbody><tr><td>_\u00a0Curriculum Vitae, elaborado obrigatoriamente, na ordem disposta no Anexo I, com os anexos na ordem,\u00a0e somente ser\u00e3o pontuados os itens<br>devidamente comprovados por documentos;\u00a0_\u00a0C\u00f3pia (frente e verso) autenticada do diploma de gradua\u00e7\u00e3o;\u00a0_\u00a0C\u00f3pia simples do hist\u00f3rico escolar da gradua\u00e7\u00e3o;\u00a0_\u00a0C\u00f3pia dos documentos pessoais (RG, CPF, T\u00edtulo de Eleitor, Reservista, Certid\u00e3o de Nascimento ou casamento);_ Requerimento de Inscri\u00e7\u00e3o e Boleto Banc\u00e1rio para <strong>pagamento da taxa de inscri\u00e7\u00e3o (R$81,00)<\/strong> emitidos pela internet no endere\u00e7o\u00a0<a href=\"https:\/\/sites.uel.br\/proppg\/inscricoes\">https:\/\/sites.uel.br\/proppg\/inscricoes<\/a>\u00a0.\u00a0<\/td><\/tr><\/tbody><\/table><\/figure>\n\n\n\n<div class=\"wp-block-columns is-layout-flex wp-container-core-columns-is-layout-9d6595d7 wp-block-columns-is-layout-flex\">\n<div class=\"wp-block-column is-layout-flow wp-block-column-is-layout-flow\"><\/div>\n<\/div>\n","protected":false},"excerpt":{"rendered":"<p>A&nbsp;Estat\u00edstica&nbsp;\u00e9 uma ferramenta metodol\u00f3gica importante, presente nas mais diversas \u00e1reas, gerando desta forma, a necessidade de aprimoramento profissional para o desenvolvimento de t\u00e9cnicas que proporcionem o melhor aproveitamento das informa\u00e7\u00f5es, com an\u00e1lises e avalia\u00e7\u00f5es objetivas, baseadas em fatos e dados com fundamenta\u00e7\u00f5es em conhecimentos cient\u00edficos. O curso de ESPECIALIZA\u00c7\u00c3O EM ESTAT\u00cdSTICA COM \u00caNFASE EM PESQUISA [&hellip;]<\/p>\n","protected":false},"author":6,"featured_media":0,"parent":0,"menu_order":0,"comment_status":"closed","ping_status":"closed","template":"","meta":{"_acf_changed":false,"_themeisle_gutenberg_block_has_review":false,"footnotes":""},"class_list":["post-7","page","type-page","status-publish","hentry"],"acf":[],"_links":{"self":[{"href":"https:\/\/pos.uel.br\/pesquisa-quantitativa\/wp-json\/wp\/v2\/pages\/7","targetHints":{"allow":["GET"]}}],"collection":[{"href":"https:\/\/pos.uel.br\/pesquisa-quantitativa\/wp-json\/wp\/v2\/pages"}],"about":[{"href":"https:\/\/pos.uel.br\/pesquisa-quantitativa\/wp-json\/wp\/v2\/types\/page"}],"author":[{"embeddable":true,"href":"https:\/\/pos.uel.br\/pesquisa-quantitativa\/wp-json\/wp\/v2\/users\/6"}],"replies":[{"embeddable":true,"href":"https:\/\/pos.uel.br\/pesquisa-quantitativa\/wp-json\/wp\/v2\/comments?post=7"}],"version-history":[{"count":7,"href":"https:\/\/pos.uel.br\/pesquisa-quantitativa\/wp-json\/wp\/v2\/pages\/7\/revisions"}],"predecessor-version":[{"id":172,"href":"https:\/\/pos.uel.br\/pesquisa-quantitativa\/wp-json\/wp\/v2\/pages\/7\/revisions\/172"}],"wp:attachment":[{"href":"https:\/\/pos.uel.br\/pesquisa-quantitativa\/wp-json\/wp\/v2\/media?parent=7"}],"curies":[{"name":"wp","href":"https:\/\/api.w.org\/{rel}","templated":true}]}}