{"id":689,"date":"2025-07-15T11:16:21","date_gmt":"2025-07-15T14:16:21","guid":{"rendered":"https:\/\/pos.uel.br\/periciacontabil\/?page_id=689"},"modified":"2025-10-06T10:40:53","modified_gmt":"2025-10-06T13:40:53","slug":"sobre-o-curso","status":"publish","type":"page","link":"https:\/\/pos.uel.br\/periciacontabil\/sobre-o-curso\/","title":{"rendered":"Sobre o curso"},"content":{"rendered":"\n<p><\/p>\n\n\n\n<p class=\"has-primary-accent-color has-text-color has-link-color wp-elements-af84d4d43b2572d127b4e79417a40381\"><strong>OBJETIVOS<\/strong><\/p>\n\n\n\n<p>Propiciar a estes profissionais a utiliza\u00e7\u00e3o plena dos instrumentos cont\u00e1beis, de Auditoria e Per\u00edcia Cont\u00e1bil, visando o melhor desempenho de suas fun\u00e7\u00f5es.<\/p>\n\n\n\n<p>Proporcionar atualiza\u00e7\u00e3o, conhecimento adequado de instrumentos t\u00e9cnicos para an\u00e1lise e tomada de decis\u00f5es relacionadas \u00e0 Auditoria e Per\u00edcia Cont\u00e1bil,<\/p>\n\n\n\n<p>Capacitar o profissional para a execu\u00e7\u00e3o de exames de documentos, inspe\u00e7\u00f5es, controles, e an\u00e1lise de registros, objetivando o funcionamento perfeito de sua atividade.<\/p>\n\n\n\n<p>Instrumentalizar os participantes para compet\u00eancia t\u00e9cnica e postura \u00e9tica no exerc\u00edcio profissional.<\/p>\n\n\n\n<p>Intercambiar conhecimentos entre os profissionais j\u00e1 atuantes em Auditoria e Per\u00edcia Cont\u00e1bil.<\/p>\n\n\n\n<p>Debater informa\u00e7\u00f5es relevantes e atualizadas na \u00e1rea da Auditoria e Per\u00edcia Cont\u00e1bil e Outras \u00e1reas correlatas.<\/p>\n\n\n\n<p>Incentivar o ingresso nas carreiras de Auditor e Perito Cont\u00e1bil.<\/p>\n\n\n\n<hr class=\"wp-block-separator has-alpha-channel-opacity is-style-wide\" \/>\n\n\n\n<p class=\"has-primary-accent-color has-text-color has-link-color wp-elements-f659a05abe45c6874286a1b5100f7698\"><strong>P\u00daBLICO ALVO<\/strong><\/p>\n\n\n\n<p>Poder\u00e3o candidatar-se ao curso&nbsp;Graduados ou graduandos, com bacharelado, em Ci\u00eancias Cont\u00e1beis, Administra\u00e7\u00e3o, Economia e \u00e1reas afins, desde que comprovem a conclus\u00e3o da gradua\u00e7\u00e3o na data da matr\u00edcula.<\/p>\n\n\n\n<hr class=\"wp-block-separator has-alpha-channel-opacity is-style-wide\" \/>\n\n\n\n<p class=\"has-primary-accent-color has-text-color has-link-color wp-elements-8a5d50c40a3f9ef95e96ecd795253bd0\"><strong>N\u00daMERO DE VAGAS<\/strong><\/p>\n\n\n\n<p>M\u00ednimo:&nbsp;38 (trinta e oito)<br>M\u00e1ximo: 50 (cinquenta)<\/p>\n\n\n\n<hr class=\"wp-block-separator has-alpha-channel-opacity is-style-wide\" \/>\n\n\n\n<p class=\"has-primary-accent-color has-text-color has-link-color wp-elements-6848bac0283c7d3a57065ed731b47198\"><strong>INVESTIMENTO<\/strong><\/p>\n\n\n\n<p>18 parcelas de R$ 259,00 (a primeira parcela, no ato da matr\u00edcula)&nbsp;<\/p>\n\n\n\n<hr class=\"wp-block-separator has-alpha-channel-opacity is-style-wide\" \/>\n\n\n\n<p class=\"has-primary-accent-color has-text-color has-link-color wp-elements-286bb88d9cb9de9a94be3bd86454892b\"><strong>IN\u00cdCIO E T\u00c9RMINO DAS AULAS | CURSO<\/strong><\/p>\n\n\n\n<p>In\u00edcio: 21\/03\/2026<br>T\u00e9rmino: Agosto de 2027<\/p>\n\n\n\n<p><br>Cada disciplina \u00e9 apresentada em 2(dois) encontros presenciais aos s\u00e1bados, com carga hor\u00e1ria individual de 10 (dez) horas-aula, totalizando 20(vinte) horas\/aula de forma te\u00f3rico\/pr\u00e1tica, desenvolvida em sala de aula ou laborat\u00f3rios de inform\u00e1tica do Centro de Estudos Sociais Aplicados (CESA) da Universidade Estadual de Londrina;&nbsp;<\/p>\n\n\n\n<p>A carga hor\u00e1ria suplementar de 5 (cinco) horas-aula em cada um dos 2(dois) encontros ser\u00e1 cumprida mediante aplica\u00e7\u00e3o de atividades extraclasse, de natureza te\u00f3rica e\/ou pr\u00e1tica, desenvolvidas pelo docente da disciplina e, estar\u00e3o sujeitas \u00e0 avalia\u00e7\u00e3o, a crit\u00e9rio de cada docente. Estas atividades ser\u00e3o disponibilizadas aos acad\u00eamicos e servir\u00e3o de subs\u00eddio para as aulas presenciais, totalizando 10(dez) horas-aula para cada disciplina;<\/p>\n\n\n\n<p>Ao todo, cada disciplina contar\u00e1 com 30(trinta) horas\/aula, sendo 15(quinze) horas\/aula por final de semana, havendo um limite de 25% de faltas por disciplina.<\/p>\n\n\n\n<hr class=\"wp-block-separator has-alpha-channel-opacity is-style-wide\" \/>\n\n\n\n<h5 class=\"wp-block-heading has-primary-accent-color has-text-color has-link-color wp-elements-cec12c0234445921f0ee3442a045a44d\">Turma com in\u00edcio em 2026<\/h5>\n\n\n\n<p>Presencial.<\/p>\n\n\n\n<hr class=\"wp-block-separator has-alpha-channel-opacity is-style-wide\" \/>\n\n\n\n<h5 class=\"wp-block-heading has-primary-accent-color has-text-color has-link-color wp-elements-26153a125e06ad00c06ba48520887ce6\">Inscri\u00e7\u00f5es online<\/h5>\n\n\n\n<p>Realize o upload da documenta\u00e7\u00e3o somente via sistema de Inscri\u00e7\u00e3o online \u2013 Acesse o Edital de Oferta no menu INSCRI\u00c7\u00d5ES.<\/p>\n\n\n\n<hr class=\"wp-block-separator has-alpha-channel-opacity is-style-wide\" \/>\n\n\n\n<div class=\"wp-block-columns is-layout-flex wp-container-core-columns-is-layout-9d6595d7 wp-block-columns-is-layout-flex\">\n<div class=\"wp-block-column is-layout-flow wp-block-column-is-layout-flow\"><\/div>\n<\/div>\n","protected":false},"excerpt":{"rendered":"<p>OBJETIVOS Propiciar a estes profissionais a utiliza\u00e7\u00e3o plena dos instrumentos cont\u00e1beis, de Auditoria e Per\u00edcia Cont\u00e1bil, visando o melhor desempenho de suas fun\u00e7\u00f5es. Proporcionar atualiza\u00e7\u00e3o, conhecimento adequado de instrumentos t\u00e9cnicos para an\u00e1lise e tomada de decis\u00f5es relacionadas \u00e0 Auditoria e Per\u00edcia Cont\u00e1bil, Capacitar o profissional para a execu\u00e7\u00e3o de exames de documentos, inspe\u00e7\u00f5es, controles, e [&hellip;]<\/p>\n","protected":false},"author":8,"featured_media":0,"parent":0,"menu_order":0,"comment_status":"closed","ping_status":"closed","template":"","meta":{"footnotes":""},"class_list":["post-689","page","type-page","status-publish","hentry"],"acf":[],"_links":{"self":[{"href":"https:\/\/pos.uel.br\/periciacontabil\/wp-json\/wp\/v2\/pages\/689","targetHints":{"allow":["GET"]}}],"collection":[{"href":"https:\/\/pos.uel.br\/periciacontabil\/wp-json\/wp\/v2\/pages"}],"about":[{"href":"https:\/\/pos.uel.br\/periciacontabil\/wp-json\/wp\/v2\/types\/page"}],"author":[{"embeddable":true,"href":"https:\/\/pos.uel.br\/periciacontabil\/wp-json\/wp\/v2\/users\/8"}],"replies":[{"embeddable":true,"href":"https:\/\/pos.uel.br\/periciacontabil\/wp-json\/wp\/v2\/comments?post=689"}],"version-history":[{"count":7,"href":"https:\/\/pos.uel.br\/periciacontabil\/wp-json\/wp\/v2\/pages\/689\/revisions"}],"predecessor-version":[{"id":738,"href":"https:\/\/pos.uel.br\/periciacontabil\/wp-json\/wp\/v2\/pages\/689\/revisions\/738"}],"wp:attachment":[{"href":"https:\/\/pos.uel.br\/periciacontabil\/wp-json\/wp\/v2\/media?parent=689"}],"curies":[{"name":"wp","href":"https:\/\/api.w.org\/{rel}","templated":true}]}}

<p></p>



<p class="has-primary-accent-color has-text-color has-link-color wp-elements-af84d4d43b2572d127b4e79417a40381"><strong>OBJETIVOS</strong></p>



<p>Propiciar a estes profissionais a utilização plena dos instrumentos contábeis, de Auditoria e Perícia Contábil, visando o melhor desempenho de suas funções.</p>



<p>Proporcionar atualização, conhecimento adequado de instrumentos técnicos para análise e tomada de decisões relacionadas à Auditoria e Perícia Contábil,</p>



<p>Capacitar o profissional para a execução de exames de documentos, inspeções, controles, e análise de registros, objetivando o funcionamento perfeito de sua atividade.</p>



<p>Instrumentalizar os participantes para competência técnica e postura ética no exercício profissional.</p>



<p>Intercambiar conhecimentos entre os profissionais já atuantes em Auditoria e Perícia Contábil.</p>



<p>Debater informações relevantes e atualizadas na área da Auditoria e Perícia Contábil e Outras áreas correlatas.</p>



<p>Incentivar o ingresso nas carreiras de Auditor e Perito Contábil.</p>



<hr class="wp-block-separator has-alpha-channel-opacity is-style-wide" />



<p class="has-primary-accent-color has-text-color has-link-color wp-elements-f659a05abe45c6874286a1b5100f7698"><strong>PÚBLICO ALVO</strong></p>



<p>Poderão candidatar-se ao curso&nbsp;Graduados ou graduandos, com bacharelado, em Ciências Contábeis, Administração, Economia e áreas afins, desde que comprovem a conclusão da graduação na data da matrícula.</p>



<hr class="wp-block-separator has-alpha-channel-opacity is-style-wide" />



<p class="has-primary-accent-color has-text-color has-link-color wp-elements-8a5d50c40a3f9ef95e96ecd795253bd0"><strong>NÚMERO DE VAGAS</strong></p>



<p>Mínimo:&nbsp;38 (trinta e oito)<br>Máximo: 50 (cinquenta)</p>



<hr class="wp-block-separator has-alpha-channel-opacity is-style-wide" />



<p class="has-primary-accent-color has-text-color has-link-color wp-elements-6848bac0283c7d3a57065ed731b47198"><strong>INVESTIMENTO</strong></p>



<p>18 parcelas de R$ 259,00 (a primeira parcela, no ato da matrícula)&nbsp;</p>



<hr class="wp-block-separator has-alpha-channel-opacity is-style-wide" />



<p class="has-primary-accent-color has-text-color has-link-color wp-elements-286bb88d9cb9de9a94be3bd86454892b"><strong>INÍCIO E TÉRMINO DAS AULAS | CURSO</strong></p>



<p>Início: 21/03/2026<br>Término: Agosto de 2027</p>



<p><br>Cada disciplina é apresentada em 2(dois) encontros presenciais aos sábados, com carga horária individual de 10 (dez) horas-aula, totalizando 20(vinte) horas/aula de forma teórico/prática, desenvolvida em sala de aula ou laboratórios de informática do Centro de Estudos Sociais Aplicados (CESA) da Universidade Estadual de Londrina;&nbsp;</p>



<p>A carga horária suplementar de 5 (cinco) horas-aula em cada um dos 2(dois) encontros será cumprida mediante aplicação de atividades extraclasse, de natureza teórica e/ou prática, desenvolvidas pelo docente da disciplina e, estarão sujeitas à avaliação, a critério de cada docente. Estas atividades serão disponibilizadas aos acadêmicos e servirão de subsídio para as aulas presenciais, totalizando 10(dez) horas-aula para cada disciplina;</p>



<p>Ao todo, cada disciplina contará com 30(trinta) horas/aula, sendo 15(quinze) horas/aula por final de semana, havendo um limite de 25% de faltas por disciplina.</p>



<hr class="wp-block-separator has-alpha-channel-opacity is-style-wide" />



<h5 class="wp-block-heading has-primary-accent-color has-text-color has-link-color wp-elements-cec12c0234445921f0ee3442a045a44d">Turma com início em 2026</h5>



<p>Presencial.</p>



<hr class="wp-block-separator has-alpha-channel-opacity is-style-wide" />



<h5 class="wp-block-heading has-primary-accent-color has-text-color has-link-color wp-elements-26153a125e06ad00c06ba48520887ce6">Inscrições online</h5>



<p>Realize o upload da documentação somente via sistema de Inscrição online – Acesse o Edital de Oferta no menu INSCRIÇÕES.</p>



<hr class="wp-block-separator has-alpha-channel-opacity is-style-wide" />



<div class="wp-block-columns is-layout-flex wp-container-core-columns-is-layout-9d6595d7 wp-block-columns-is-layout-flex">
<div class="wp-block-column is-layout-flow wp-block-column-is-layout-flow"></div>
</div>

<p>OBJETIVOS Propiciar a estes profissionais a utilização plena dos instrumentos contábeis, de Auditoria e Perícia Contábil, visando o melhor desempenho de suas funções. Proporcionar atualização, conhecimento adequado de instrumentos técnicos para análise e tomada de decisões relacionadas à Auditoria e Perícia Contábil, Capacitar o profissional para a execução de exames de documentos, inspeções, controles, e [&hellip;]</p>
