{"id":683,"date":"2025-07-15T11:14:49","date_gmt":"2025-07-15T14:14:49","guid":{"rendered":"https:\/\/pos.uel.br\/periciacontabil\/?page_id=683"},"modified":"2025-10-09T08:32:12","modified_gmt":"2025-10-09T11:32:12","slug":"estrutura-curricular","status":"publish","type":"page","link":"https:\/\/pos.uel.br\/periciacontabil\/estrutura-curricular\/","title":{"rendered":"Estrutura Curricular"},"content":{"rendered":"\n<p>O Curso ter\u00e1 a dura\u00e7\u00e3o de 360 (trezentos e sessenta) horas, correspondentes a 24 (vinte e quatro) cr\u00e9ditos, a serem desenvolvidos em 3 (dois) per\u00edodos letivos. O desenvolvimento do Curso obedecer\u00e1 a seguinte organiza\u00e7\u00e3o curricular.<\/p>\n\n\n\n<figure class=\"wp-block-table is-style-stripes has-small-font-size\"><table class=\"has-fixed-layout\"><tbody><tr><td><strong>Disciplina<\/strong><\/td><td><strong>N\u00ba de Cr\u00e9ditos<\/strong><\/td><td><strong>Cr\u00e9ditos<\/strong><\/td><td><strong>Carga Hor\u00e1ria<\/strong><\/td><\/tr><tr><td>2CON039<\/td><td>\u00c9tica Profissional<\/td><td>02<\/td><td>30<\/td><\/tr><tr><td>2CON040<\/td><td>T\u00e9cnicas Financeiras Aplicadas \u00e0 Per\u00edcia Cont\u00e1bil e Auditoria<\/td><td>02<\/td><td>30<\/td><\/tr><tr><td>2CON041<\/td><td>Auditoria Cont\u00e1bil Operacional e de Gest\u00e3o<\/td><td>02<\/td><td>30<\/td><\/tr><tr><td>2CON042<\/td><td>Auditoria Cont\u00e1bil Interna<\/td><td>02<\/td><td>30<\/td><\/tr><tr><td>2CON043<\/td><td>Auditoria Cont\u00e1bil Externa<\/td><td>02<\/td><td>30<\/td><\/tr><tr><td>2CON044<\/td><td>Per\u00edcia Cont\u00e1bil Judicial<\/td><td>02<\/td><td>30<\/td><\/tr><tr><td>2CON045<\/td><td>Per\u00edcia Cont\u00e1bil Extrajudicial<\/td><td>02<\/td><td>30<\/td><\/tr><tr><td>2CON046<\/td><td>T\u00e9cnicas e C\u00e1lculos de Apura\u00e7\u00e3o de Valores em Processos Judiciais<\/td><td>02<\/td><td>30<\/td><\/tr><tr><td>2CON048<\/td><td>An\u00e1lise de Balan\u00e7o Aplicada \u00e0 Auditoria e Per\u00edcia Cont\u00e1bil<\/td><td>02<\/td><td>30<\/td><\/tr><tr><td>2CON137<\/td><td>Metodologia do Ensino Aplicada \u00e0 Per\u00edcia Cont\u00e1bil e Auditoria<\/td><td>02<\/td><td>30<\/td><\/tr><tr><td>&nbsp;2CON138<\/td><td>Auditoria P\u00fablica Governamental<\/td><td>02<\/td><td>30<\/td><\/tr><tr><td>2PRI525<\/td><td>Processual\u00edsticas da Per\u00edcia Cont\u00e1bil<\/td><td>02<\/td><td>30<\/td><\/tr><\/tbody><\/table><\/figure>\n\n\n\n<div class=\"wp-block-columns is-layout-flex wp-container-core-columns-is-layout-9d6595d7 wp-block-columns-is-layout-flex\">\n<div class=\"wp-block-column is-layout-flow wp-block-column-is-layout-flow\"><\/div>\n<\/div>\n","protected":false},"excerpt":{"rendered":"<p>O Curso ter\u00e1 a dura\u00e7\u00e3o de 360 (trezentos e sessenta) horas, correspondentes a 24 (vinte e quatro) cr\u00e9ditos, a serem desenvolvidos em 3 (dois) per\u00edodos letivos. O desenvolvimento do Curso obedecer\u00e1 a seguinte organiza\u00e7\u00e3o curricular. Disciplina N\u00ba de Cr\u00e9ditos Cr\u00e9ditos Carga Hor\u00e1ria 2CON039 \u00c9tica Profissional 02 30 2CON040 T\u00e9cnicas Financeiras Aplicadas \u00e0 Per\u00edcia Cont\u00e1bil e [&hellip;]<\/p>\n","protected":false},"author":8,"featured_media":0,"parent":0,"menu_order":0,"comment_status":"closed","ping_status":"closed","template":"","meta":{"footnotes":""},"class_list":["post-683","page","type-page","status-publish","hentry"],"acf":[],"_links":{"self":[{"href":"https:\/\/pos.uel.br\/periciacontabil\/wp-json\/wp\/v2\/pages\/683","targetHints":{"allow":["GET"]}}],"collection":[{"href":"https:\/\/pos.uel.br\/periciacontabil\/wp-json\/wp\/v2\/pages"}],"about":[{"href":"https:\/\/pos.uel.br\/periciacontabil\/wp-json\/wp\/v2\/types\/page"}],"author":[{"embeddable":true,"href":"https:\/\/pos.uel.br\/periciacontabil\/wp-json\/wp\/v2\/users\/8"}],"replies":[{"embeddable":true,"href":"https:\/\/pos.uel.br\/periciacontabil\/wp-json\/wp\/v2\/comments?post=683"}],"version-history":[{"count":4,"href":"https:\/\/pos.uel.br\/periciacontabil\/wp-json\/wp\/v2\/pages\/683\/revisions"}],"predecessor-version":[{"id":747,"href":"https:\/\/pos.uel.br\/periciacontabil\/wp-json\/wp\/v2\/pages\/683\/revisions\/747"}],"wp:attachment":[{"href":"https:\/\/pos.uel.br\/periciacontabil\/wp-json\/wp\/v2\/media?parent=683"}],"curies":[{"name":"wp","href":"https:\/\/api.w.org\/{rel}","templated":true}]}}