{"id":221,"date":"2025-04-11T15:18:38","date_gmt":"2025-04-11T18:18:38","guid":{"rendered":"https:\/\/pos.uel.br\/pef\/?page_id=221"},"modified":"2026-02-24T15:35:57","modified_gmt":"2026-02-24T18:35:57","slug":"formularios","status":"publish","type":"page","link":"https:\/\/pos.uel.br\/pef\/formularios\/","title":{"rendered":"Formul\u00e1rios"},"content":{"rendered":"\n<h3 class=\"wp-block-heading alignwide\"><strong>Formul\u00e1rios UEL<\/strong><\/h3>\n\n\n\n<ul class=\"wp-block-list\">\n<li style=\"text-decoration:underline\"><u><a href=\"https:\/\/pos.uel.br\/pef\/wp-content\/uploads\/2025\/05\/NORMAS-PARA-OFERTA-DE-TOPICOS-ESPECIAIS.docx\" data-type=\"attachment\" data-id=\"552\">Normas para Oferta de T\u00f3picos Especiais<\/a><\/u><\/li>\n\n\n\n<li style=\"text-decoration:underline\"><u><a href=\"https:\/\/pos.uel.br\/pef\/wp-content\/uploads\/2025\/05\/form_insc_ativ_especiais.doc\" data-type=\"attachment\" data-id=\"542\" target=\"_blank\" rel=\"noreferrer noopener\">Formul\u00e1rio para inscri\u00e7\u00e3o em Atividades Especiais 1 e 2&nbsp;<\/a><\/u><\/li>\n\n\n\n<li style=\"text-decoration:underline\"><u><a href=\"https:\/\/pos.uel.br\/pef\/wp-content\/uploads\/2025\/05\/form_insc_est_ind.doc\" data-type=\"attachment\" data-id=\"543\" target=\"_blank\" rel=\"noreferrer noopener\">Formul\u00e1rio para insri\u00e7\u00e3o em Estudos Independentes 1 e 2&nbsp;<\/a><\/u><\/li>\n\n\n\n<li style=\"text-decoration:underline\"><a href=\"https:\/\/pos.uel.br\/pef\/wp-content\/uploads\/2026\/02\/formulario-banca-Examinadora-24-02-2026.docx\" data-type=\"attachment\" data-id=\"1061\">Indica\u00e7\u00e3o de Banca Examinadora<\/a><\/li>\n\n\n\n<li style=\"text-decoration:underline\"><a href=\"https:\/\/www.uel.br\/pos\/ppgef\/uel\/documentosuel\/relatoriodequalificacao.doc\" target=\"_blank\" rel=\"noreferrer noopener\"><u>Relat\u00f3rio de Qualifica\u00e7\u00e3o&nbsp;<\/u><\/a><\/li>\n\n\n\n<li style=\"text-decoration:underline\"><a href=\"https:\/\/www.uel.br\/proppg\/portal\/pages\/arquivos\/pos-graduacao\/formularios\/RequerimentoGeral2012.xls\" target=\"_blank\" rel=\"noreferrer noopener\"><u>Requerimento Geral&nbsp;<\/u><\/a><\/li>\n\n\n\n<li style=\"text-decoration:underline\"><a href=\"https:\/\/www.uel.br\/proppg\/portal\/pages\/arquivos\/pesquisa\/projetos%20de%20pesquisa\/comite%20de%20etica\/InstrucaoServicoComiteEtica.doc\" target=\"_blank\" rel=\"noreferrer noopener\"><u>Roteiro de Projeto de Pesquisa &#8211; (Instru\u00e7\u00e3o de servi\u00e7o PROPPG-UEL &#8211; 005\/2003&nbsp;<\/u><\/a><\/li>\n\n\n\n<li style=\"text-decoration:underline\"><a href=\"https:\/\/www.uel.br\/pos\/ppgef\/portal\/pages\/arquivos\/Arquivos%20UEL\/termo_entrega.pdf\"><u>Termo de Entrega<\/u><\/a><\/li>\n\n\n\n<li style=\"text-decoration:underline\"><a href=\"https:\/\/www.uel.br\/pos\/ppgef\/portal\/pages\/arquivos\/Arquivos%20UEL\/IS%20PROPPG-BC%20002-2020%20-%20Procedimentos%20para%20encaminhamento%20das%20teses%20e%20dissertacoes%20para%20Biblioteca%20Digital.pdf\" target=\"_blank\" rel=\"noreferrer noopener\">Normas para envio Biblioteca Digital UEL<\/a><\/li>\n<\/ul>\n\n\n\n<hr class=\"wp-block-separator has-alpha-channel-opacity is-style-wide\" \/>\n\n\n\n<h3 class=\"wp-block-heading alignwide\"><strong>Formul\u00e1rios U<\/strong>EM<\/h3>\n\n\n\n<ul class=\"wp-block-list\">\n<li><a href=\"https:\/\/pos.uel.br\/pef\/wp-content\/uploads\/2025\/07\/NORMAS-PARA-OFERTA-DE-TOPICOS-ESPECIAIS-UEM.docx\" data-type=\"attachment\" data-id=\"648\">Normas para Oferta de T\u00f3picos Especiais<\/a><\/li>\n\n\n\n<li><a href=\"https:\/\/pos.uel.br\/pef\/wp-content\/uploads\/2025\/07\/Defesa_Indicacao-Banca-Tese-modeloUEM-atualizado.doc\" data-type=\"attachment\" data-id=\"651\">Indica\u00e7\u00e3o de banca defesa tese &#8211; Doutorado<\/a><\/li>\n\n\n\n<li><a href=\"https:\/\/pos.uel.br\/pef\/wp-content\/uploads\/2025\/07\/Defesa_Indicacao-Banca-Dissertacao-modeloUEM-atualizado.doc\" data-type=\"attachment\" data-id=\"650\">Indica\u00e7\u00e3o de banca defesa disserta\u00e7\u00e3o &#8211; Mestrado<\/a><\/li>\n\n\n\n<li><a href=\"https:\/\/pos.uel.br\/pef\/wp-content\/uploads\/2025\/07\/Solicit_aprovacao_banca-Qualific-Defesa-Tese-UEM-atual.doc\" data-type=\"attachment\" data-id=\"658\">Solicita\u00e7\u00e3o para aprova\u00e7\u00e3o de banca qualifica\u00e7\u00e3o\/defesa &#8211; Doutorado<\/a><\/li>\n\n\n\n<li><a href=\"https:\/\/pos.uel.br\/pef\/wp-content\/uploads\/2025\/07\/Solicit_aprovacao_banca-Qualific-Defesa-Dissert-UEM-atual.doc\" data-type=\"attachment\" data-id=\"655\">Solicita\u00e7\u00e3o para aprova\u00e7\u00e3o de banca qualifica\u00e7\u00e3o\/defesa&nbsp;&#8211; Mestrado<\/a><\/li>\n\n\n\n<li><a href=\"https:\/\/pos.uel.br\/pef\/wp-content\/uploads\/2025\/07\/requerimento_academico-modeloUEM.doc\" data-type=\"attachment\" data-id=\"661\">Requerimento Acad\u00eamico<\/a><\/li>\n\n\n\n<li>Requerimento de Matr\u00edcula para <a href=\"https:\/\/pos.uel.br\/pef\/wp-content\/uploads\/2025\/07\/req_mat_aluno_regular.doc\" data-type=\"attachment\" data-id=\"702\">aluno regular<\/a> e para <a href=\"https:\/\/pos.uel.br\/pef\/wp-content\/uploads\/2025\/07\/req_mat_aluno_nao_reg.doc\" data-type=\"attachment\" data-id=\"701\">aluno n\u00e3o regular (estudante especial)<\/a><\/li>\n\n\n\n<li><a href=\"https:\/\/pos.uel.br\/pef\/wp-content\/uploads\/2025\/07\/ORIENTACOES-PARA-QUALIFICACAO-E-DEFESA-Resol.-164-2022_CI-CCS.pdf\" data-type=\"attachment\" data-id=\"679\">Orienta\u00e7\u00e3o para qualifica\u00e7\u00e3o e defesa<\/a><\/li>\n\n\n\n<li><a href=\"https:\/\/pos.uel.br\/pef\/wp-content\/uploads\/2025\/07\/Termo-de-autorizacao_REPOSITORIO-DIGITAL-UEM.doc\" data-type=\"attachment\" data-id=\"684\">Termo de Autoriza\u00e7\u00e3o para disponibiliza\u00e7\u00e3o de Teses e Disserta\u00e7\u00f5es<\/a><\/li>\n\n\n\n<li><a href=\"https:\/\/pos.uel.br\/pef\/wp-content\/uploads\/2025\/07\/MODELO-Form_Parecer-Projeto-Dissert-tese.doc\" data-type=\"attachment\" data-id=\"688\">Parecer\/Relat\u00f3rio de Banca de Qualifica\u00e7\u00e3o<\/a><\/li>\n\n\n\n<li><a href=\"https:\/\/pos.uel.br\/pef\/wp-content\/uploads\/2025\/07\/MODELO-Form_Parecer-Defesa-detalhado.doc\" data-type=\"attachment\" data-id=\"690\">Parecer\/Relat\u00f3rio de Banca de Defesa<\/a><\/li>\n\n\n\n<li><a href=\"https:\/\/pos.uel.br\/pef\/wp-content\/uploads\/2025\/07\/form_insc_ativ_especiais.doc\" data-type=\"attachment\" data-id=\"694\">Formul\u00e1rio para inscri\u00e7\u00e3o em Atividades Especiais I e II<\/a><\/li>\n\n\n\n<li><a href=\"https:\/\/pos.uel.br\/pef\/wp-content\/uploads\/2025\/07\/form_insc_est_ind.doc\" data-type=\"attachment\" data-id=\"695\">Formul\u00e1rio para inscri\u00e7\u00e3o em Estudos Independentes I e II<\/a><\/li>\n\n\n\n<li>Modelo de Disserta\u00e7\u00e3o\/Tese solicitar pelo e-mail sec-pef@uem.br<\/li>\n\n\n\n<li><a href=\"https:\/\/pos.uel.br\/pef\/wp-content\/uploads\/2026\/01\/Exame-de-Qualificacao-Dissertacao.doc\" data-type=\"attachment\" data-id=\"962\">Exame de Qualifica\u00e7\u00e3o &#8211; Disserta\u00e7\u00e3o<\/a><\/li>\n\n\n\n<li><a href=\"https:\/\/pos.uel.br\/pef\/wp-content\/uploads\/2026\/01\/Exame-de-Qualificacao-TESE-.doc\" data-type=\"attachment\" data-id=\"963\">Exame de Qualifica\u00e7\u00e3o &#8211; Tese<\/a>&nbsp;<\/li>\n<\/ul>\n\n\n\n<p><\/p>\n\n\n\n<p><\/p>\n\n\n\n<h5 class=\"wp-block-heading\"><\/h5>\n\n\n\n<h5 class=\"wp-block-heading\"><\/h5>\n","protected":false},"excerpt":{"rendered":"<p>Formul\u00e1rios UEL Formul\u00e1rios UEM<\/p>\n","protected":false},"author":9,"featured_media":0,"parent":0,"menu_order":0,"comment_status":"closed","ping_status":"closed","template":"","meta":{"_acf_changed":false,"_themeisle_gutenberg_block_has_review":false,"footnotes":""},"class_list":["post-221","page","type-page","status-publish","hentry"],"acf":[],"_links":{"self":[{"href":"https:\/\/pos.uel.br\/pef\/wp-json\/wp\/v2\/pages\/221","targetHints":{"allow":["GET"]}}],"collection":[{"href":"https:\/\/pos.uel.br\/pef\/wp-json\/wp\/v2\/pages"}],"about":[{"href":"https:\/\/pos.uel.br\/pef\/wp-json\/wp\/v2\/types\/page"}],"author":[{"embeddable":true,"href":"https:\/\/pos.uel.br\/pef\/wp-json\/wp\/v2\/users\/9"}],"replies":[{"embeddable":true,"href":"https:\/\/pos.uel.br\/pef\/wp-json\/wp\/v2\/comments?post=221"}],"version-history":[{"count":38,"href":"https:\/\/pos.uel.br\/pef\/wp-json\/wp\/v2\/pages\/221\/revisions"}],"predecessor-version":[{"id":1062,"href":"https:\/\/pos.uel.br\/pef\/wp-json\/wp\/v2\/pages\/221\/revisions\/1062"}],"wp:attachment":[{"href":"https:\/\/pos.uel.br\/pef\/wp-json\/wp\/v2\/media?parent=221"}],"curies":[{"name":"wp","href":"https:\/\/api.w.org\/{rel}","templated":true}]}}