{"id":214,"date":"2025-04-11T15:13:32","date_gmt":"2025-04-11T18:13:32","guid":{"rendered":"https:\/\/pos.uel.br\/pef\/?page_id=214"},"modified":"2026-02-03T15:12:29","modified_gmt":"2026-02-03T18:12:29","slug":"estagio-docente","status":"publish","type":"page","link":"https:\/\/pos.uel.br\/pef\/estagio-docente\/","title":{"rendered":"Est\u00e1gio Docente"},"content":{"rendered":"\n<h3 class=\"wp-block-heading alignwide\"><strong><mark style=\"background-color:#F5F5F5\" class=\"has-inline-color has-primary-accent-color\">Disciplina: EST\u00c1GIO DE DOC\u00caNCIA NA GRADUA\u00c7\u00c3O I<\/mark><\/strong><\/h3>\n\n\n\n<p><strong>Departamentaliza\u00e7\u00e3o:<\/strong>&nbsp;Educa\u00e7\u00e3o F\u00edsica<\/p>\n\n\n\n<p><strong>C\u00f3digo:&nbsp;<\/strong>DEF4071 (UEM) e 2DEF284(UEL)<\/p>\n\n\n\n<p><strong>Ementa:<\/strong>&nbsp;Participa\u00e7\u00e3o em disciplina do&nbsp;1<sup>o<\/sup>&nbsp;ou 2<sup>o<\/sup>&nbsp;ano de gradua\u00e7\u00e3o&nbsp;em Educa\u00e7\u00e3o F\u00edsica\/Esporte&nbsp;com a\u00e7\u00f5es de acompanhamento, planejamento e organiza\u00e7\u00e3o did\u00e1tica, bem como outras atividades correlatas, sob a supervis\u00e3o do coordenador do PEF e tutoria do docente respons\u00e1vel pela disciplina.<\/p>\n\n\n\n<p><strong>Carga hor\u00e1ria:&nbsp;<\/strong>30 horas<\/p>\n\n\n\n<p><strong>Cr\u00e9ditos:&nbsp;<\/strong>02 te\u00f3ricos<\/p>\n\n\n\n<p><strong>Car\u00e1ter:<\/strong>&nbsp;Eletiva<\/p>\n\n\n\n<p><\/p>\n\n\n\n<h3 class=\"wp-block-heading alignwide\"><strong><mark style=\"background-color:#F5F5F5\" class=\"has-inline-color has-primary-accent-color\">Disciplina: EST\u00c1GIO DE DOC\u00caNCIA NA GRADUA\u00c7\u00c3O II<\/mark><\/strong><\/h3>\n\n\n\n<p><strong>Departamentaliza\u00e7\u00e3o:&nbsp;<\/strong>Educa\u00e7\u00e3o F\u00edsica<\/p>\n\n\n\n<p><strong>C\u00f3digo:<\/strong>&nbsp;DEF4072 (UEM) e 2DEF285 (UEL)<\/p>\n\n\n\n<p><strong>Ementa:<\/strong>&nbsp;Participa\u00e7\u00e3o em disciplina do&nbsp;3<sup>o<\/sup>&nbsp;ou 4<sup>o<\/sup>&nbsp;ano de gradua\u00e7\u00e3o&nbsp;em Educa\u00e7\u00e3o F\u00edsica\/Esporte&nbsp;com a\u00e7\u00f5es de acompanhamento, planejamento e organiza\u00e7\u00e3o did\u00e1tica, bem como outras atividades correlatas, sob a supervis\u00e3o do coordenador do PEF e tutoria do docente respons\u00e1vel pela disciplina.<\/p>\n\n\n\n<p><strong>Carga hor\u00e1ria:&nbsp;<\/strong>30 horas<\/p>\n\n\n\n<p><strong>Cr\u00e9ditos:<\/strong>&nbsp;02 te\u00f3ricos<\/p>\n\n\n\n<p><strong>Car\u00e1ter:<\/strong>&nbsp;Eletiva<\/p>\n\n\n\n<p><\/p>\n\n\n\n<h4 class=\"wp-block-heading alignwide is-style-default\" style=\"text-decoration:underline\"><strong>Aten\u00e7\u00e3o<\/strong>:<\/h4>\n\n\n\n<p>Em atendimento \u00e0&nbsp;<strong>Resolu\u00e7\u00e3o n\u00ba 007\/2025-CEP<\/strong>, Artigo 17, \u00a7 4\u00ba Compete ao professor respons\u00e1vel pela disciplina de gradua\u00e7\u00e3o, na qual ser\u00e1 realizado o Est\u00e1gio de Doc\u00eancia, acompanhar e avaliar o discente conforme as normas do Programa. \u00a7 5\u00ba Compete ao professor respons\u00e1vel pela atividade de Est\u00e1gio de Doc\u00eancia do Programa proceder o registro do rendimento acad\u00eamico do p\u00f3s-graduando conforme as normas Institucionais. [&#8230;] \u00a7 8\u00ba Havendo espec\u00edfica articula\u00e7\u00e3o entre os sistemas de ensino pactuada pelas autoridades competentes, admite-se a realiza\u00e7\u00e3o de Est\u00e1gio de Doc\u00eancia na rede p\u00fablica de ensino m\u00e9dio. \u00a7 9\u00ba As atividades do Est\u00e1gio de Doc\u00eancia devem ser compat\u00edveis com a \u00e1rea de pesquisa do Programa realizado pelo p\u00f3s-graduando. \u00a7 10 <a>A<\/a> carga hor\u00e1ria m\u00e1xima do est\u00e1gio de doc\u00eancia ser\u00e1 de 4 horas semanais. \u00a7 11 A carga hor\u00e1ria de aulas expositivas e\/ou de laborat\u00f3rio n\u00e3o deve ultrapassar 30% da carga hor\u00e1ria total de cada disciplina do curso de gradua\u00e7\u00e3o, e 50% da carga hor\u00e1ria total do est\u00e1gio. \u00a7 12 A carga hor\u00e1ria do est\u00e1gio de doc\u00eancia ministrada em sala de aula e\/ou laborat\u00f3rio deve ser acompanhada por um professor respons\u00e1vel.<\/p>\n\n\n\n<p>Apresentar Plano de Atividades para cada disciplina da gradua\u00e7\u00e3o em que for realizado o est\u00e1gio de doc\u00eancia.<\/p>\n\n\n\n<h5 class=\"wp-block-heading\"><strong>Sugere-se&nbsp;<\/strong><strong>realizar o est\u00e1gio de doc\u00eancia em disciplina de gradua\u00e7\u00e3o que tenha carga hor\u00e1ria igual ou maior a 68 horas.<\/strong><\/h5>\n\n\n\n<ul class=\"wp-block-list\">\n<li><a href=\"https:\/\/pos.uel.br\/pef\/wp-content\/uploads\/2026\/02\/Plano-de-atividades-para-estagio-de-docencia-na-graduacao-Res-007-2025_CEP.doc\" data-type=\"attachment\" data-id=\"988\">Formul\u00e1rio &#8211; Plano de Atividades<\/a><\/li>\n<\/ul>\n\n\n\n<p><\/p>\n","protected":false},"excerpt":{"rendered":"<p>Disciplina: EST\u00c1GIO DE DOC\u00caNCIA NA GRADUA\u00c7\u00c3O I Departamentaliza\u00e7\u00e3o:&nbsp;Educa\u00e7\u00e3o F\u00edsica C\u00f3digo:&nbsp;DEF4071 (UEM) e 2DEF284(UEL) Ementa:&nbsp;Participa\u00e7\u00e3o em disciplina do&nbsp;1o&nbsp;ou 2o&nbsp;ano de gradua\u00e7\u00e3o&nbsp;em Educa\u00e7\u00e3o F\u00edsica\/Esporte&nbsp;com a\u00e7\u00f5es de acompanhamento, planejamento e organiza\u00e7\u00e3o did\u00e1tica, bem como outras atividades correlatas, sob a supervis\u00e3o do coordenador do PEF e tutoria do docente respons\u00e1vel pela disciplina. Carga hor\u00e1ria:&nbsp;30 horas Cr\u00e9ditos:&nbsp;02 te\u00f3ricos Car\u00e1ter:&nbsp;Eletiva Disciplina: [&hellip;]<\/p>\n","protected":false},"author":9,"featured_media":0,"parent":0,"menu_order":0,"comment_status":"closed","ping_status":"closed","template":"","meta":{"_acf_changed":false,"_themeisle_gutenberg_block_has_review":false,"footnotes":""},"class_list":["post-214","page","type-page","status-publish","hentry"],"acf":[],"_links":{"self":[{"href":"https:\/\/pos.uel.br\/pef\/wp-json\/wp\/v2\/pages\/214","targetHints":{"allow":["GET"]}}],"collection":[{"href":"https:\/\/pos.uel.br\/pef\/wp-json\/wp\/v2\/pages"}],"about":[{"href":"https:\/\/pos.uel.br\/pef\/wp-json\/wp\/v2\/types\/page"}],"author":[{"embeddable":true,"href":"https:\/\/pos.uel.br\/pef\/wp-json\/wp\/v2\/users\/9"}],"replies":[{"embeddable":true,"href":"https:\/\/pos.uel.br\/pef\/wp-json\/wp\/v2\/comments?post=214"}],"version-history":[{"count":8,"href":"https:\/\/pos.uel.br\/pef\/wp-json\/wp\/v2\/pages\/214\/revisions"}],"predecessor-version":[{"id":989,"href":"https:\/\/pos.uel.br\/pef\/wp-json\/wp\/v2\/pages\/214\/revisions\/989"}],"wp:attachment":[{"href":"https:\/\/pos.uel.br\/pef\/wp-json\/wp\/v2\/media?parent=214"}],"curies":[{"name":"wp","href":"https:\/\/api.w.org\/{rel}","templated":true}]}}

Estágio Docente

<h3 class="wp-block-heading alignwide"><strong><mark style="background-color:#F5F5F5" class="has-inline-color has-primary-accent-color">Disciplina: ESTÁGIO DE DOCÊNCIA NA GRADUAÇÃO I</mark></strong></h3>



<p><strong>Departamentalização:</strong>&nbsp;Educação Física</p>



<p><strong>Código:&nbsp;</strong>DEF4071 (UEM) e 2DEF284(UEL)</p>



<p><strong>Ementa:</strong>&nbsp;Participação em disciplina do&nbsp;1<sup>o</sup>&nbsp;ou 2<sup>o</sup>&nbsp;ano de graduação&nbsp;em Educação Física/Esporte&nbsp;com ações de acompanhamento, planejamento e organização didática, bem como outras atividades correlatas, sob a supervisão do coordenador do PEF e tutoria do docente responsável pela disciplina.</p>



<p><strong>Carga horária:&nbsp;</strong>30 horas</p>



<p><strong>Créditos:&nbsp;</strong>02 teóricos</p>



<p><strong>Caráter:</strong>&nbsp;Eletiva</p>



<p></p>



<h3 class="wp-block-heading alignwide"><strong><mark style="background-color:#F5F5F5" class="has-inline-color has-primary-accent-color">Disciplina: ESTÁGIO DE DOCÊNCIA NA GRADUAÇÃO II</mark></strong></h3>



<p><strong>Departamentalização:&nbsp;</strong>Educação Física</p>



<p><strong>Código:</strong>&nbsp;DEF4072 (UEM) e 2DEF285 (UEL)</p>



<p><strong>Ementa:</strong>&nbsp;Participação em disciplina do&nbsp;3<sup>o</sup>&nbsp;ou 4<sup>o</sup>&nbsp;ano de graduação&nbsp;em Educação Física/Esporte&nbsp;com ações de acompanhamento, planejamento e organização didática, bem como outras atividades correlatas, sob a supervisão do coordenador do PEF e tutoria do docente responsável pela disciplina.</p>



<p><strong>Carga horária:&nbsp;</strong>30 horas</p>



<p><strong>Créditos:</strong>&nbsp;02 teóricos</p>



<p><strong>Caráter:</strong>&nbsp;Eletiva</p>



<p></p>



<h4 class="wp-block-heading alignwide is-style-default" style="text-decoration:underline"><strong>Atenção</strong>:</h4>



<p>Em atendimento à&nbsp;<strong>Resolução nº 007/2025-CEP</strong>, Artigo 17, § 4º Compete ao professor responsável pela disciplina de graduação, na qual será realizado o Estágio de Docência, acompanhar e avaliar o discente conforme as normas do Programa. § 5º Compete ao professor responsável pela atividade de Estágio de Docência do Programa proceder o registro do rendimento acadêmico do pós-graduando conforme as normas Institucionais. [&#8230;] § 8º Havendo específica articulação entre os sistemas de ensino pactuada pelas autoridades competentes, admite-se a realização de Estágio de Docência na rede pública de ensino médio. § 9º As atividades do Estágio de Docência devem ser compatíveis com a área de pesquisa do Programa realizado pelo pós-graduando. § 10 <a>A</a> carga horária máxima do estágio de docência será de 4 horas semanais. § 11 A carga horária de aulas expositivas e/ou de laboratório não deve ultrapassar 30% da carga horária total de cada disciplina do curso de graduação, e 50% da carga horária total do estágio. § 12 A carga horária do estágio de docência ministrada em sala de aula e/ou laboratório deve ser acompanhada por um professor responsável.</p>



<p>Apresentar Plano de Atividades para cada disciplina da graduação em que for realizado o estágio de docência.</p>



<h5 class="wp-block-heading"><strong>Sugere-se&nbsp;</strong><strong>realizar o estágio de docência em disciplina de graduação que tenha carga horária igual ou maior a 68 horas.</strong></h5>



<ul class="wp-block-list">
<li><a href="https://pos.uel.br/pef/wp-content/uploads/2026/02/Plano-de-atividades-para-estagio-de-docencia-na-graduacao-Res-007-2025_CEP.doc" data-type="attachment" data-id="988">Formulário &#8211; Plano de Atividades</a></li>
</ul>



<p></p>

<p>Disciplina: ESTÁGIO DE DOCÊNCIA NA GRADUAÇÃO I Departamentalização:&nbsp;Educação Física Código:&nbsp;DEF4071 (UEM) e 2DEF284(UEL) Ementa:&nbsp;Participação em disciplina do&nbsp;1o&nbsp;ou 2o&nbsp;ano de graduação&nbsp;em Educação Física/Esporte&nbsp;com ações de acompanhamento, planejamento e organização didática, bem como outras atividades correlatas, sob a supervisão do coordenador do PEF e tutoria do docente responsável pela disciplina. Carga horária:&nbsp;30 horas Créditos:&nbsp;02 teóricos Caráter:&nbsp;Eletiva Disciplina: [&hellip;]</p>
