{"id":188,"date":"2025-04-11T14:58:59","date_gmt":"2025-04-11T17:58:59","guid":{"rendered":"https:\/\/pos.uel.br\/pef\/?page_id=188"},"modified":"2026-01-20T15:51:06","modified_gmt":"2026-01-20T18:51:06","slug":"calendario-academico","status":"publish","type":"page","link":"https:\/\/pos.uel.br\/pef\/calendario-academico\/","title":{"rendered":"Calend\u00e1rio Acad\u00eamico"},"content":{"rendered":"\n<p><\/p>\n\n\n\n<h3 class=\"wp-block-heading alignwide\"><strong>Calend\u00e1rio Acad\u00eamico &#8211; UEL<\/strong><\/h3>\n\n\n\n<p>Acompanhe o&nbsp;<a href=\"http:\/\/www.uel.br\/proppg\/portal\/pages\/pos-graduacao\/calendario-academico.php\" target=\"_blank\" rel=\"noreferrer noopener\">Calend\u00e1rio Acad\u00eamico &#8211; UEL<\/a> Ou tamb\u00e9m pelo&nbsp;<a href=\"https:\/\/www.sistemasweb.uel.br\/portaldoestudantepos\/index.php\" target=\"_blank\" rel=\"noreferrer noopener\">Portal do Estudante &#8211; UEL<\/a><\/p>\n\n\n\n<p><\/p>\n\n\n\n<p>Ap\u00f3s entrar no sistema, clique em Calend\u00e1rio Escolar<\/p>\n\n\n\n<figure class=\"wp-block-image is-resized\"><img decoding=\"async\" src=\"http:\/\/www.uel.br\/pos\/ppgef\/imagens\/calendarioescolar.jpg\" alt=\"\" style=\"width:236px;height:auto\" \/><\/figure>\n\n\n\n<h3 class=\"wp-block-heading alignwide\"><strong>Calend\u00e1rio Acad\u00eamico &#8211; UEM<\/strong><\/h3>\n\n\n\n<p>Acompanhe o <a href=\"https:\/\/daa.uem.br\/calendario-academico\/calendario-academico-2026\/calendario-academico-2026-res-018-2025-cep.pdf\">Calend\u00e1rio Acad\u00eamico &#8211; UEM<\/a>. A p\u00f3s-gradua\u00e7\u00e3o segue o <a href=\"https:\/\/sites.uel.br\/proppg\/calendarios\/\">Calend\u00e1rio da UEL<\/a><\/p>\n\n\n\n<p><\/p>\n","protected":false},"excerpt":{"rendered":"<p>Calend\u00e1rio Acad\u00eamico &#8211; UEL Acompanhe o&nbsp;Calend\u00e1rio Acad\u00eamico &#8211; UEL Ou tamb\u00e9m pelo&nbsp;Portal do Estudante &#8211; UEL Ap\u00f3s entrar no sistema, clique em Calend\u00e1rio Escolar Calend\u00e1rio Acad\u00eamico &#8211; UEM Acompanhe o Calend\u00e1rio Acad\u00eamico &#8211; UEM. A p\u00f3s-gradua\u00e7\u00e3o segue o Calend\u00e1rio da UEL<\/p>\n","protected":false},"author":9,"featured_media":0,"parent":0,"menu_order":0,"comment_status":"closed","ping_status":"closed","template":"","meta":{"_acf_changed":false,"_themeisle_gutenberg_block_has_review":false,"footnotes":""},"class_list":["post-188","page","type-page","status-publish","hentry"],"acf":[],"_links":{"self":[{"href":"https:\/\/pos.uel.br\/pef\/wp-json\/wp\/v2\/pages\/188","targetHints":{"allow":["GET"]}}],"collection":[{"href":"https:\/\/pos.uel.br\/pef\/wp-json\/wp\/v2\/pages"}],"about":[{"href":"https:\/\/pos.uel.br\/pef\/wp-json\/wp\/v2\/types\/page"}],"author":[{"embeddable":true,"href":"https:\/\/pos.uel.br\/pef\/wp-json\/wp\/v2\/users\/9"}],"replies":[{"embeddable":true,"href":"https:\/\/pos.uel.br\/pef\/wp-json\/wp\/v2\/comments?post=188"}],"version-history":[{"count":4,"href":"https:\/\/pos.uel.br\/pef\/wp-json\/wp\/v2\/pages\/188\/revisions"}],"predecessor-version":[{"id":977,"href":"https:\/\/pos.uel.br\/pef\/wp-json\/wp\/v2\/pages\/188\/revisions\/977"}],"wp:attachment":[{"href":"https:\/\/pos.uel.br\/pef\/wp-json\/wp\/v2\/media?parent=188"}],"curies":[{"name":"wp","href":"https:\/\/api.w.org\/{rel}","templated":true}]}}

Calendário Acadêmico

<p></p>



<h3 class="wp-block-heading alignwide"><strong>Calendário Acadêmico &#8211; UEL</strong></h3>



<p>Acompanhe o&nbsp;<a href="http://www.uel.br/proppg/portal/pages/pos-graduacao/calendario-academico.php" target="_blank" rel="noreferrer noopener">Calendário Acadêmico &#8211; UEL</a> Ou também pelo&nbsp;<a href="https://www.sistemasweb.uel.br/portaldoestudantepos/index.php" target="_blank" rel="noreferrer noopener">Portal do Estudante &#8211; UEL</a></p>



<p></p>



<p>Após entrar no sistema, clique em Calendário Escolar</p>



<figure class="wp-block-image is-resized"><img decoding="async" src="http://www.uel.br/pos/ppgef/imagens/calendarioescolar.jpg" alt="" style="width:236px;height:auto" /></figure>



<h3 class="wp-block-heading alignwide"><strong>Calendário Acadêmico &#8211; UEM</strong></h3>



<p>Acompanhe o <a href="https://daa.uem.br/calendario-academico/calendario-academico-2026/calendario-academico-2026-res-018-2025-cep.pdf">Calendário Acadêmico &#8211; UEM</a>. A pós-graduação segue o <a href="https://sites.uel.br/proppg/calendarios/">Calendário da UEL</a></p>



<p></p>

<p>Calendário Acadêmico &#8211; UEL Acompanhe o&nbsp;Calendário Acadêmico &#8211; UEL Ou também pelo&nbsp;Portal do Estudante &#8211; UEL Após entrar no sistema, clique em Calendário Escolar Calendário Acadêmico &#8211; UEM Acompanhe o Calendário Acadêmico &#8211; UEM. A pós-graduação segue o Calendário da UEL</p>
