{"id":14,"date":"2025-04-04T09:42:48","date_gmt":"2025-04-04T12:42:48","guid":{"rendered":"https:\/\/pos.uel.br\/pef\/?page_id=14"},"modified":"2026-04-16T11:45:03","modified_gmt":"2026-04-16T14:45:03","slug":"processo-seletivo","status":"publish","type":"page","link":"https:\/\/pos.uel.br\/pef\/processo-seletivo\/","title":{"rendered":"Processo Seletivo"},"content":{"rendered":"\n<p><strong>UEM<\/strong><\/p>\n\n\n\n<figure class=\"wp-block-table is-style-stripes\"><table class=\"has-fixed-layout\"><tbody><tr><td><a href=\"https:\/\/pos.uel.br\/pef\/wp-content\/uploads\/2026\/03\/doc00581720260331141348.pdf\" data-type=\"attachment\" data-id=\"1160\">Edital 13\/2026 &#8211; abertura &#8211; 2026-2<\/a><\/td><\/tr><tr><td><\/td><\/tr><tr><td><a href=\"https:\/\/pos.uel.br\/pef\/wp-content\/uploads\/2026\/03\/doc00579620260327173216.pdf\" data-type=\"attachment\" data-id=\"1150\">Resultado<\/a> do Edital complementar &#8211; PROTAG 2026-1  &#8211; resultado do recurso e resultado final<\/td><\/tr><tr><td><a href=\"https:\/\/pos.uel.br\/pef\/wp-content\/uploads\/2026\/04\/Resultado-isecao-UEM.pdf\" data-type=\"attachment\" data-id=\"1177\">Resultado dos pedidos de isen\u00e7\u00e3o<\/a><\/td><\/tr><\/tbody><\/table><\/figure>\n\n\n\n<p><strong>UEL<\/strong><\/p>\n\n\n\n<p><a href=\"https:\/\/pos.uel.br\/pef\/wp-content\/uploads\/2026\/03\/Edital-no-09-2026-oferta-aluno-regular-2026-2.pdf\" data-type=\"attachment\" data-id=\"1147\">Edital 09-2026 abertura &#8211; 2026-2<\/a><\/p>\n\n\n\n<p>Link do cad\u00danico &#8211; <a href=\"http:\/\/www.uel.br\/eventos\/sigec\/?id=11805\">http:\/\/www.uel.br\/eventos\/sigec\/?id=11805<\/a><\/p>\n\n\n\n<p><a href=\"https:\/\/pos.uel.br\/pef\/wp-content\/uploads\/2026\/04\/Resultado-dos-pedidos-de-Isencao-Cadunico.pdf\" data-type=\"attachment\" data-id=\"1169\">Resultado dos pedidos de Isen\u00e7\u00e3o<\/a><\/p>\n\n\n\n<p><\/p>\n\n\n\n<p><\/p>\n\n\n\n<p><\/p>\n","protected":false},"excerpt":{"rendered":"<p>UEM Edital 13\/2026 &#8211; abertura &#8211; 2026-2 Resultado do Edital complementar &#8211; PROTAG 2026-1 &#8211; resultado do recurso e resultado final Resultado dos pedidos de isen\u00e7\u00e3o UEL Edital 09-2026 abertura &#8211; 2026-2 Link do cad\u00danico &#8211; http:\/\/www.uel.br\/eventos\/sigec\/?id=11805 Resultado dos pedidos de Isen\u00e7\u00e3o<\/p>\n","protected":false},"author":9,"featured_media":0,"parent":0,"menu_order":0,"comment_status":"closed","ping_status":"closed","template":"","meta":{"_acf_changed":false,"_themeisle_gutenberg_block_has_review":false,"footnotes":""},"class_list":["post-14","page","type-page","status-publish","hentry"],"acf":[],"_links":{"self":[{"href":"https:\/\/pos.uel.br\/pef\/wp-json\/wp\/v2\/pages\/14","targetHints":{"allow":["GET"]}}],"collection":[{"href":"https:\/\/pos.uel.br\/pef\/wp-json\/wp\/v2\/pages"}],"about":[{"href":"https:\/\/pos.uel.br\/pef\/wp-json\/wp\/v2\/types\/page"}],"author":[{"embeddable":true,"href":"https:\/\/pos.uel.br\/pef\/wp-json\/wp\/v2\/users\/9"}],"replies":[{"embeddable":true,"href":"https:\/\/pos.uel.br\/pef\/wp-json\/wp\/v2\/comments?post=14"}],"version-history":[{"count":79,"href":"https:\/\/pos.uel.br\/pef\/wp-json\/wp\/v2\/pages\/14\/revisions"}],"predecessor-version":[{"id":1179,"href":"https:\/\/pos.uel.br\/pef\/wp-json\/wp\/v2\/pages\/14\/revisions\/1179"}],"wp:attachment":[{"href":"https:\/\/pos.uel.br\/pef\/wp-json\/wp\/v2\/media?parent=14"}],"curies":[{"name":"wp","href":"https:\/\/api.w.org\/{rel}","templated":true}]}}

<p><strong>UEM</strong></p>



<figure class="wp-block-table is-style-stripes"><table class="has-fixed-layout"><tbody><tr><td><a href="https://pos.uel.br/pef/wp-content/uploads/2026/03/doc00581720260331141348.pdf" data-type="attachment" data-id="1160">Edital 13/2026 &#8211; abertura &#8211; 2026-2</a></td></tr><tr><td></td></tr><tr><td><a href="https://pos.uel.br/pef/wp-content/uploads/2026/03/doc00579620260327173216.pdf" data-type="attachment" data-id="1150">Resultado</a> do Edital complementar &#8211; PROTAG 2026-1  &#8211; resultado do recurso e resultado final</td></tr><tr><td><a href="https://pos.uel.br/pef/wp-content/uploads/2026/04/Resultado-isecao-UEM.pdf" data-type="attachment" data-id="1177">Resultado dos pedidos de isenção</a></td></tr></tbody></table></figure>



<p><strong>UEL</strong></p>



<p><a href="https://pos.uel.br/pef/wp-content/uploads/2026/03/Edital-no-09-2026-oferta-aluno-regular-2026-2.pdf" data-type="attachment" data-id="1147">Edital 09-2026 abertura &#8211; 2026-2</a></p>



<p>Link do cadÚnico &#8211; <a href="http://www.uel.br/eventos/sigec/?id=11805">http://www.uel.br/eventos/sigec/?id=11805</a></p>



<p><a href="https://pos.uel.br/pef/wp-content/uploads/2026/04/Resultado-dos-pedidos-de-Isencao-Cadunico.pdf" data-type="attachment" data-id="1169">Resultado dos pedidos de Isenção</a></p>



<p></p>



<p></p>



<p></p>

<p>UEM Edital 13/2026 &#8211; abertura &#8211; 2026-2 Resultado do Edital complementar &#8211; PROTAG 2026-1 &#8211; resultado do recurso e resultado final Resultado dos pedidos de isenção UEL Edital 09-2026 abertura &#8211; 2026-2 Link do cadÚnico &#8211; http://www.uel.br/eventos/sigec/?id=11805 Resultado dos pedidos de Isenção</p>
