{"id":114,"date":"2025-04-10T21:05:27","date_gmt":"2025-04-11T00:05:27","guid":{"rendered":"https:\/\/pos.uel.br\/pef\/?page_id=114"},"modified":"2026-01-15T16:34:01","modified_gmt":"2026-01-15T19:34:01","slug":"comissao-de-pos-graduacao","status":"publish","type":"page","link":"https:\/\/pos.uel.br\/pef\/comissao-de-pos-graduacao\/","title":{"rendered":"Comiss\u00e3o de P\u00f3s Gradua\u00e7\u00e3o"},"content":{"rendered":"\n<p><\/p>\n\n\n\n<p><\/p>\n\n\n\n<h3 class=\"wp-block-heading\"><strong>Comiss\u00e3o de P\u00f3s-Gradua\u00e7\u00e3o Local UEL<\/strong><\/h3>\n\n\n\n<p><strong>Presidente:&nbsp;<\/strong>Prof. Dr.&nbsp;Enio Ricardo Vaz Ronque<\/p>\n\n\n\n<p><strong>Vice-Presidente:&nbsp;<\/strong>Prof. Dr. Marcelo Romanzini<\/p>\n\n\n\n<hr class=\"wp-block-separator has-alpha-channel-opacity is-style-wide\" \/>\n\n\n\n<h3 class=\"wp-block-heading\"><strong>Comiss\u00e3o de P\u00f3s-Gradua\u00e7\u00e3o Local UEM<\/strong><\/h3>\n\n\n\n<p><strong>Presidente:&nbsp;<\/strong>Profa. Dra. Ieda Parra Barbosa Rinaldi<\/p>\n\n\n\n<p><strong>Vice-Presidente:&nbsp;<\/strong>Prof. Dr. Wendell Arthur Lopes<\/p>\n\n\n\n<p><strong>Conselheiros:<\/strong><\/p>\n\n\n\n<p>    Prof. Dr. Juliano de Souza<\/p>\n\n\n\n<p>    Prof. Dr. Wilson Rinaldi<\/p>\n\n\n\n<p>    Discente Deisy de Oliveira Silva (doutorado)<\/p>\n\n\n\n<p>    Discente Larissa Lucca Mar\u00e7\u00e3o (mestrado)<\/p>\n\n\n\n<p><strong>Suplentes:<\/strong><\/p>\n\n\n\n<p>    Prof. Dr. Giuliano Gomes de Assis Pimentel<\/p>\n\n\n\n<p>    Prof. Dr. Leandro Rechenchosky<\/p>\n\n\n\n<p>    Discente Igor dos Santos Fabricio (doutorado)<\/p>\n\n\n\n<p>    Discente Thais Larissa Reichert (mestrado)<\/p>\n\n\n\n<p><a href=\"https:\/\/pos.uel.br\/pef\/wp-content\/uploads\/2026\/01\/Calendario-de-Reunioes-PEF-2026.pdf\" data-type=\"attachment\" data-id=\"959\">Calend\u00e1rio de reuni\u00f5es na UEM<\/a><\/p>\n\n\n\n<p><\/p>\n","protected":false},"excerpt":{"rendered":"<p>Comiss\u00e3o de P\u00f3s-Gradua\u00e7\u00e3o Local UEL Presidente:&nbsp;Prof. Dr.&nbsp;Enio Ricardo Vaz Ronque Vice-Presidente:&nbsp;Prof. Dr. Marcelo Romanzini Comiss\u00e3o de P\u00f3s-Gradua\u00e7\u00e3o Local UEM Presidente:&nbsp;Profa. Dra. Ieda Parra Barbosa Rinaldi Vice-Presidente:&nbsp;Prof. Dr. Wendell Arthur Lopes Conselheiros: Prof. Dr. Juliano de Souza Prof. Dr. Wilson Rinaldi Discente Deisy de Oliveira Silva (doutorado) Discente Larissa Lucca Mar\u00e7\u00e3o (mestrado) Suplentes: Prof. Dr. Giuliano [&hellip;]<\/p>\n","protected":false},"author":9,"featured_media":0,"parent":0,"menu_order":0,"comment_status":"closed","ping_status":"closed","template":"","meta":{"_acf_changed":false,"_themeisle_gutenberg_block_has_review":false,"footnotes":""},"class_list":["post-114","page","type-page","status-publish","hentry"],"acf":[],"_links":{"self":[{"href":"https:\/\/pos.uel.br\/pef\/wp-json\/wp\/v2\/pages\/114","targetHints":{"allow":["GET"]}}],"collection":[{"href":"https:\/\/pos.uel.br\/pef\/wp-json\/wp\/v2\/pages"}],"about":[{"href":"https:\/\/pos.uel.br\/pef\/wp-json\/wp\/v2\/types\/page"}],"author":[{"embeddable":true,"href":"https:\/\/pos.uel.br\/pef\/wp-json\/wp\/v2\/users\/9"}],"replies":[{"embeddable":true,"href":"https:\/\/pos.uel.br\/pef\/wp-json\/wp\/v2\/comments?post=114"}],"version-history":[{"count":10,"href":"https:\/\/pos.uel.br\/pef\/wp-json\/wp\/v2\/pages\/114\/revisions"}],"predecessor-version":[{"id":960,"href":"https:\/\/pos.uel.br\/pef\/wp-json\/wp\/v2\/pages\/114\/revisions\/960"}],"wp:attachment":[{"href":"https:\/\/pos.uel.br\/pef\/wp-json\/wp\/v2\/media?parent=114"}],"curies":[{"name":"wp","href":"https:\/\/api.w.org\/{rel}","templated":true}]}}

Comissão de Pós Graduação

<p></p>



<p></p>



<h3 class="wp-block-heading"><strong>Comissão de Pós-Graduação Local UEL</strong></h3>



<p><strong>Presidente:&nbsp;</strong>Prof. Dr.&nbsp;Enio Ricardo Vaz Ronque</p>



<p><strong>Vice-Presidente:&nbsp;</strong>Prof. Dr. Marcelo Romanzini</p>



<hr class="wp-block-separator has-alpha-channel-opacity is-style-wide" />



<h3 class="wp-block-heading"><strong>Comissão de Pós-Graduação Local UEM</strong></h3>



<p><strong>Presidente:&nbsp;</strong>Profa. Dra. Ieda Parra Barbosa Rinaldi</p>



<p><strong>Vice-Presidente:&nbsp;</strong>Prof. Dr. Wendell Arthur Lopes</p>



<p><strong>Conselheiros:</strong></p>



<p>    Prof. Dr. Juliano de Souza</p>



<p>    Prof. Dr. Wilson Rinaldi</p>



<p>    Discente Deisy de Oliveira Silva (doutorado)</p>



<p>    Discente Larissa Lucca Marção (mestrado)</p>



<p><strong>Suplentes:</strong></p>



<p>    Prof. Dr. Giuliano Gomes de Assis Pimentel</p>



<p>    Prof. Dr. Leandro Rechenchosky</p>



<p>    Discente Igor dos Santos Fabricio (doutorado)</p>



<p>    Discente Thais Larissa Reichert (mestrado)</p>



<p><a href="https://pos.uel.br/pef/wp-content/uploads/2026/01/Calendario-de-Reunioes-PEF-2026.pdf" data-type="attachment" data-id="959">Calendário de reuniões na UEM</a></p>



<p></p>

<p>Comissão de Pós-Graduação Local UEL Presidente:&nbsp;Prof. Dr.&nbsp;Enio Ricardo Vaz Ronque Vice-Presidente:&nbsp;Prof. Dr. Marcelo Romanzini Comissão de Pós-Graduação Local UEM Presidente:&nbsp;Profa. Dra. Ieda Parra Barbosa Rinaldi Vice-Presidente:&nbsp;Prof. Dr. Wendell Arthur Lopes Conselheiros: Prof. Dr. Juliano de Souza Prof. Dr. Wilson Rinaldi Discente Deisy de Oliveira Silva (doutorado) Discente Larissa Lucca Marção (mestrado) Suplentes: Prof. Dr. Giuliano [&hellip;]</p>
