{"id":104,"date":"2025-04-10T20:11:52","date_gmt":"2025-04-10T23:11:52","guid":{"rendered":"https:\/\/pos.uel.br\/pef\/?page_id=104"},"modified":"2025-04-10T20:13:29","modified_gmt":"2025-04-10T23:13:29","slug":"objetivos-do-programa","status":"publish","type":"page","link":"https:\/\/pos.uel.br\/pef\/objetivos-do-programa\/","title":{"rendered":"Objetivos do Programa"},"content":{"rendered":"\n<p><\/p>\n\n\n\n<h3 class=\"wp-block-heading\"><strong><em>Geral:<\/em><\/strong><\/h3>\n\n\n\n<p>Formar profissionais, docentes e pesquisadores com dom\u00ednio amplo do saber Educa\u00e7\u00e3o F\u00edsica, com capacidade cr\u00edtica e autonomia para desenvolver a ci\u00eancia e formar outros profissionais com excel\u00eancia. Nos \u00faltimos anos, o&nbsp;PEF-UEM\/UEL tem objetivado ainda a forma\u00e7\u00e3o de profissionais que desenvolvam&nbsp;lideran\u00e7a e inovem no desenvolvimento da sociedade em que est\u00e3o inseridos, munidos de valores cient\u00edficos, \u00e9ticos e de moral.<\/p>\n\n\n\n<h3 class=\"wp-block-heading\"><strong><em>Espec\u00edficos:<\/em><\/strong><strong><em><\/em><\/strong><\/h3>\n\n\n\n<p>a) Formar docentes e pesquisadores para atua\u00e7\u00e3o em cursos de gradua\u00e7\u00e3o e p\u00f3s-gradua\u00e7\u00e3o em Educa\u00e7\u00e3o F\u00edsica e \u00e1reas afins, fomentando o desenvolvimento educacional, cient\u00edfico e a nuclea\u00e7\u00e3o de novos programas de mestrado\/doutorado no Paran\u00e1 e no Brasil;&nbsp;<\/p>\n\n\n\n<p>b) Contribuir para amplia\u00e7\u00e3o e qualifica\u00e7\u00e3o da produ\u00e7\u00e3o de conhecimentos acad\u00eamico-cient\u00edficos em Educa\u00e7\u00e3o F\u00edsica, contribuindo para seu avan\u00e7o e favorecendo o desenvolvimento da \u00e1rea e da sociedade.<\/p>\n\n\n\n<p>c) Formar professores com capacidade cr\u00edtica que atuem na educa\u00e7\u00e3o b\u00e1sica e contribuam para o desenvolvimento educacional no Paran\u00e1 e no Brasil;&nbsp;<\/p>\n\n\n\n<p>c)&nbsp;Formar profissionais com conhecimento e capacidade de propor e oferecer produtos e servi\u00e7os que promovam o desenvolvimento da sociedade;<\/p>\n\n\n\n<h3 class=\"wp-block-heading\"><strong><em>Miss\u00e3o e vis\u00e3o de futuro<\/em><\/strong><strong><em><\/em><\/strong><\/h3>\n\n\n\n<p>Formar profissionais com potencial para promover a pesquisa e a forma\u00e7\u00e3o de pessoal de n\u00edvel b\u00e1sico e superior para o desenvolvimento educacional, cient\u00edfico e tecnol\u00f3gico do estado do Paran\u00e1 e do Brasil. Ser refer\u00eancia como institui\u00e7\u00e3o de excel\u00eancia na forma\u00e7\u00e3o de pessoal na \u00e1rea de Educa\u00e7\u00e3o F\u00edsica.<\/p>\n","protected":false},"excerpt":{"rendered":"<p>Geral: Formar profissionais, docentes e pesquisadores com dom\u00ednio amplo do saber Educa\u00e7\u00e3o F\u00edsica, com capacidade cr\u00edtica e autonomia para desenvolver a ci\u00eancia e formar outros profissionais com excel\u00eancia. Nos \u00faltimos anos, o&nbsp;PEF-UEM\/UEL tem objetivado ainda a forma\u00e7\u00e3o de profissionais que desenvolvam&nbsp;lideran\u00e7a e inovem no desenvolvimento da sociedade em que est\u00e3o inseridos, munidos de valores cient\u00edficos, [&hellip;]<\/p>\n","protected":false},"author":9,"featured_media":0,"parent":0,"menu_order":0,"comment_status":"closed","ping_status":"closed","template":"","meta":{"_acf_changed":false,"_themeisle_gutenberg_block_has_review":false,"footnotes":""},"class_list":["post-104","page","type-page","status-publish","hentry"],"acf":[],"_links":{"self":[{"href":"https:\/\/pos.uel.br\/pef\/wp-json\/wp\/v2\/pages\/104","targetHints":{"allow":["GET"]}}],"collection":[{"href":"https:\/\/pos.uel.br\/pef\/wp-json\/wp\/v2\/pages"}],"about":[{"href":"https:\/\/pos.uel.br\/pef\/wp-json\/wp\/v2\/types\/page"}],"author":[{"embeddable":true,"href":"https:\/\/pos.uel.br\/pef\/wp-json\/wp\/v2\/users\/9"}],"replies":[{"embeddable":true,"href":"https:\/\/pos.uel.br\/pef\/wp-json\/wp\/v2\/comments?post=104"}],"version-history":[{"count":3,"href":"https:\/\/pos.uel.br\/pef\/wp-json\/wp\/v2\/pages\/104\/revisions"}],"predecessor-version":[{"id":108,"href":"https:\/\/pos.uel.br\/pef\/wp-json\/wp\/v2\/pages\/104\/revisions\/108"}],"wp:attachment":[{"href":"https:\/\/pos.uel.br\/pef\/wp-json\/wp\/v2\/media?parent=104"}],"curies":[{"name":"wp","href":"https:\/\/api.w.org\/{rel}","templated":true}]}}

<p></p>



<h3 class="wp-block-heading"><strong><em>Geral:</em></strong></h3>



<p>Formar profissionais, docentes e pesquisadores com domínio amplo do saber Educação Física, com capacidade crítica e autonomia para desenvolver a ciência e formar outros profissionais com excelência. Nos últimos anos, o&nbsp;PEF-UEM/UEL tem objetivado ainda a formação de profissionais que desenvolvam&nbsp;liderança e inovem no desenvolvimento da sociedade em que estão inseridos, munidos de valores científicos, éticos e de moral.</p>



<h3 class="wp-block-heading"><strong><em>Específicos:</em></strong><strong><em></em></strong></h3>



<p>a) Formar docentes e pesquisadores para atuação em cursos de graduação e pós-graduação em Educação Física e áreas afins, fomentando o desenvolvimento educacional, científico e a nucleação de novos programas de mestrado/doutorado no Paraná e no Brasil;&nbsp;</p>



<p>b) Contribuir para ampliação e qualificação da produção de conhecimentos acadêmico-científicos em Educação Física, contribuindo para seu avanço e favorecendo o desenvolvimento da área e da sociedade.</p>



<p>c) Formar professores com capacidade crítica que atuem na educação básica e contribuam para o desenvolvimento educacional no Paraná e no Brasil;&nbsp;</p>



<p>c)&nbsp;Formar profissionais com conhecimento e capacidade de propor e oferecer produtos e serviços que promovam o desenvolvimento da sociedade;</p>



<h3 class="wp-block-heading"><strong><em>Missão e visão de futuro</em></strong><strong><em></em></strong></h3>



<p>Formar profissionais com potencial para promover a pesquisa e a formação de pessoal de nível básico e superior para o desenvolvimento educacional, científico e tecnológico do estado do Paraná e do Brasil. Ser referência como instituição de excelência na formação de pessoal na área de Educação Física.</p>

<p>Geral: Formar profissionais, docentes e pesquisadores com domínio amplo do saber Educação Física, com capacidade crítica e autonomia para desenvolver a ciência e formar outros profissionais com excelência. Nos últimos anos, o&nbsp;PEF-UEM/UEL tem objetivado ainda a formação de profissionais que desenvolvam&nbsp;liderança e inovem no desenvolvimento da sociedade em que estão inseridos, munidos de valores científicos, [&hellip;]</p>
