{"id":9,"date":"2021-04-29T12:28:59","date_gmt":"2021-04-29T15:28:59","guid":{"rendered":"https:\/\/pos.uel.br\/pecem\/?page_id=9"},"modified":"2024-07-18T12:28:25","modified_gmt":"2024-07-18T15:28:25","slug":"areas-de-concentracao","status":"publish","type":"page","link":"https:\/\/pos.uel.br\/pecem\/areas-de-concentracao\/","title":{"rendered":"\u00c1rea de concentra\u00e7\u00e3o"},"content":{"rendered":"\n<p class=\"has-text-align-center\"><mark class=\"has-inline-color has-primary-accent-color\"><strong>MESTRADO E DOUTORADO ACAD\u00caMICOS<\/strong><a href=\"http:\/\/www.uel.br\/pos\/mecem\/portal\/pages\/concentration-area.php\"><\/a><\/mark><\/p>\n\n\n\n<p class=\"has-text-align-center\"><strong>Ensino de Ci\u00eancias e Educa\u00e7\u00e3o Matem\u00e1tica<\/strong><\/p>\n\n\n\n<p class=\"has-text-align-center\"><strong>\u00c1rea de Concentra\u00e7\u00e3o na CAPES: <\/strong>Ensino<\/p>\n\n\n\n<p class=\"has-text-align-center\"><strong>Departamentos proponentes<\/strong>: <\/p>\n\n\n\n<p class=\"has-text-align-center\">Departamento de Biologia Geral, Departamento de F\u00edsica, Departamento de Matem\u00e1tica e Departamento de Qu\u00edmica.<\/p>\n","protected":false},"excerpt":{"rendered":"<p>MESTRADO E DOUTORADO ACAD\u00caMICOS Ensino de Ci\u00eancias e Educa\u00e7\u00e3o Matem\u00e1tica \u00c1rea de Concentra\u00e7\u00e3o na CAPES: Ensino Departamentos proponentes: Departamento de Biologia Geral, Departamento de F\u00edsica, Departamento de Matem\u00e1tica e Departamento de Qu\u00edmica.<\/p>\n","protected":false},"author":8,"featured_media":0,"parent":0,"menu_order":0,"comment_status":"closed","ping_status":"closed","template":"","meta":{"_acf_changed":false,"footnotes":""},"class_list":["post-9","page","type-page","status-publish","hentry"],"acf":[],"_links":{"self":[{"href":"https:\/\/pos.uel.br\/pecem\/wp-json\/wp\/v2\/pages\/9","targetHints":{"allow":["GET"]}}],"collection":[{"href":"https:\/\/pos.uel.br\/pecem\/wp-json\/wp\/v2\/pages"}],"about":[{"href":"https:\/\/pos.uel.br\/pecem\/wp-json\/wp\/v2\/types\/page"}],"author":[{"embeddable":true,"href":"https:\/\/pos.uel.br\/pecem\/wp-json\/wp\/v2\/users\/8"}],"replies":[{"embeddable":true,"href":"https:\/\/pos.uel.br\/pecem\/wp-json\/wp\/v2\/comments?post=9"}],"version-history":[{"count":10,"href":"https:\/\/pos.uel.br\/pecem\/wp-json\/wp\/v2\/pages\/9\/revisions"}],"predecessor-version":[{"id":2411,"href":"https:\/\/pos.uel.br\/pecem\/wp-json\/wp\/v2\/pages\/9\/revisions\/2411"}],"wp:attachment":[{"href":"https:\/\/pos.uel.br\/pecem\/wp-json\/wp\/v2\/media?parent=9"}],"curies":[{"name":"wp","href":"https:\/\/api.w.org\/{rel}","templated":true}]}}