{"id":3110,"date":"2025-04-27T00:33:35","date_gmt":"2025-04-27T03:33:35","guid":{"rendered":"https:\/\/pos.uel.br\/pecem\/?page_id=3110"},"modified":"2025-04-28T19:11:33","modified_gmt":"2025-04-28T22:11:33","slug":"producciones-del-pecem","status":"publish","type":"page","link":"https:\/\/pos.uel.br\/pecem\/es\/producciones-del-pecem\/","title":{"rendered":"Producciones del PECEM"},"content":{"rendered":"\n<h2 class=\"wp-block-heading\"><strong>Libros<\/strong><\/h2>\n\n\n\n<p>ANDRADE, Mariana Aparecida Bologna Soares de; BROIETTI, Fabiele Cristiane Dias. <strong>PECEM \u2013 20 a\u00f1os de investigaci\u00f3n en Ense\u00f1anza de Ciencias y Educaci\u00f3n Matem\u00e1tica<\/strong>. S\u00e3o Paulo: Livraria da F\u00edsica, 2022. Acceso en:<\/p>\n\n\n\n<ul class=\"wp-block-list\">\n<li><a href=\"https:\/\/pos.uel.br\/pecem\/wp-content\/uploads\/2023\/05\/PECEM-2.pdf\" target=\"_blank\" rel=\"noreferrer noopener\">Enlace para pdf<\/a><\/li>\n\n\n\n<li><a href=\"https:\/\/pos.uel.br\/pecem\/wp-content\/uploads\/2023\/05\/blocked.gif\" target=\"_blank\" rel=\"noreferrer noopener\">Enlace para epub (kindle)<\/a><\/li>\n<\/ul>\n\n\n\n<p><\/p>\n","protected":false},"excerpt":{"rendered":"<p>Libros ANDRADE, Mariana Aparecida Bologna Soares de; BROIETTI, Fabiele Cristiane Dias. PECEM \u2013 20 a\u00f1os de investigaci\u00f3n en Ense\u00f1anza de Ciencias y Educaci\u00f3n Matem\u00e1tica. S\u00e3o Paulo: Livraria da F\u00edsica, 2022. Acceso en:<\/p>\n","protected":false},"author":8,"featured_media":0,"parent":0,"menu_order":0,"comment_status":"closed","ping_status":"closed","template":"","meta":{"_acf_changed":false,"footnotes":""},"class_list":["post-3110","page","type-page","status-publish","hentry"],"acf":[],"_links":{"self":[{"href":"https:\/\/pos.uel.br\/pecem\/wp-json\/wp\/v2\/pages\/3110","targetHints":{"allow":["GET"]}}],"collection":[{"href":"https:\/\/pos.uel.br\/pecem\/wp-json\/wp\/v2\/pages"}],"about":[{"href":"https:\/\/pos.uel.br\/pecem\/wp-json\/wp\/v2\/types\/page"}],"author":[{"embeddable":true,"href":"https:\/\/pos.uel.br\/pecem\/wp-json\/wp\/v2\/users\/8"}],"replies":[{"embeddable":true,"href":"https:\/\/pos.uel.br\/pecem\/wp-json\/wp\/v2\/comments?post=3110"}],"version-history":[{"count":2,"href":"https:\/\/pos.uel.br\/pecem\/wp-json\/wp\/v2\/pages\/3110\/revisions"}],"predecessor-version":[{"id":3281,"href":"https:\/\/pos.uel.br\/pecem\/wp-json\/wp\/v2\/pages\/3110\/revisions\/3281"}],"wp:attachment":[{"href":"https:\/\/pos.uel.br\/pecem\/wp-json\/wp\/v2\/media?parent=3110"}],"curies":[{"name":"wp","href":"https:\/\/api.w.org\/{rel}","templated":true}]}}