{"id":3108,"date":"2025-04-27T00:32:56","date_gmt":"2025-04-27T03:32:56","guid":{"rendered":"https:\/\/pos.uel.br\/pecem\/?page_id=3108"},"modified":"2025-07-22T10:56:49","modified_gmt":"2025-07-22T13:56:49","slug":"logos-del-programa","status":"publish","type":"page","link":"https:\/\/pos.uel.br\/pecem\/es\/logos-del-programa\/","title":{"rendered":"Logos del programa"},"content":{"rendered":"\n<div class=\"wp-block-file\"><a id=\"wp-block-file--media-63f44403-eee1-4696-91ad-0690e3ce866e\" href=\"https:\/\/pos.uel.br\/pecem\/wp-content\/uploads\/2021\/08\/PECEM-cabecalho-site-fundo-branco-1.png\">PECEM encabezado fondo blanco<\/a><a href=\"https:\/\/pos.uel.br\/pecem\/wp-content\/uploads\/2021\/08\/PECEM-cabecalho-site-fundo-branco-1.png\" class=\"wp-block-file__button wp-element-button\" download aria-describedby=\"wp-block-file--media-63f44403-eee1-4696-91ad-0690e3ce866e\">Descargar<\/a><\/div>\n\n\n\n<div class=\"wp-block-file\"><a id=\"wp-block-file--media-519da829-fd05-4668-b53c-edfcdb80826c\" href=\"https:\/\/pos.uel.br\/pecem\/wp-content\/uploads\/2021\/08\/PECEM-cabecalho-site-fundo-transparente-1.png\">PECEM encabezado fondo transparente<\/a><a href=\"https:\/\/pos.uel.br\/pecem\/wp-content\/uploads\/2021\/08\/PECEM-cabecalho-site-fundo-transparente-1.png\" class=\"wp-block-file__button wp-element-button\" download aria-describedby=\"wp-block-file--media-519da829-fd05-4668-b53c-edfcdb80826c\">Descargar<\/a><\/div>\n\n\n\n<div class=\"wp-block-file\"><a id=\"wp-block-file--media-8bf5324a-58f9-4ceb-99ed-89e5c86d22e3\" href=\"https:\/\/pos.uel.br\/pecem\/wp-content\/uploads\/2021\/08\/PECEM-logo-fundo-branco.jpg\">PECEM logo fondo blanco<\/a><a href=\"https:\/\/pos.uel.br\/pecem\/wp-content\/uploads\/2021\/08\/PECEM-logo-fundo-branco.jpg\" class=\"wp-block-file__button wp-element-button\" download aria-describedby=\"wp-block-file--media-8bf5324a-58f9-4ceb-99ed-89e5c86d22e3\">Descargar<\/a><\/div>\n\n\n\n<div class=\"wp-block-file\"><a id=\"wp-block-file--media-c8e9c4c5-29b6-4a16-85f7-9852e9243f1d\" href=\"https:\/\/pos.uel.br\/pecem\/wp-content\/uploads\/2021\/08\/PECEM-logo-fundo-transparente.png\">PECEM logo fondo transparente<\/a><a href=\"https:\/\/pos.uel.br\/pecem\/wp-content\/uploads\/2021\/08\/PECEM-logo-fundo-transparente.png\" class=\"wp-block-file__button wp-element-button\" download aria-describedby=\"wp-block-file--media-c8e9c4c5-29b6-4a16-85f7-9852e9243f1d\">Descargar<\/a><\/div>\n\n\n\n<p><\/p>\n\n\n\n<p><\/p>\n\n\n\n<h2 class=\"wp-block-heading\">Otros Logotipos<\/h2>\n\n\n\n<p><a href=\"https:\/\/www.gov.br\/capes\/pt-br\/centrais-de-conteudo\/logomarca\" target=\"_blank\" rel=\"noreferrer noopener\">CAPES<\/a><\/p>\n\n\n\n<p><a href=\"https:\/\/www.gov.br\/cnpq\/pt-br\/canais_atendimento\/identidade-visual\/identidade-visual\" target=\"_blank\" rel=\"noreferrer noopener\">CNPQ<\/a><\/p>\n\n\n\n<p><a href=\"https:\/\/www.fappr.pr.gov.br\/Pagina\/Logomarcas-e-Material-Grafico\" target=\"_blank\" rel=\"noreferrer noopener\">Funda\u00e7\u00e3o Arauc\u00e1ria<\/a><\/p>\n","protected":false},"excerpt":{"rendered":"<p>Otros Logotipos CAPES CNPQ Funda\u00e7\u00e3o Arauc\u00e1ria<\/p>\n","protected":false},"author":8,"featured_media":0,"parent":0,"menu_order":0,"comment_status":"closed","ping_status":"closed","template":"","meta":{"_acf_changed":false,"footnotes":""},"class_list":["post-3108","page","type-page","status-publish","hentry"],"acf":[],"_links":{"self":[{"href":"https:\/\/pos.uel.br\/pecem\/wp-json\/wp\/v2\/pages\/3108","targetHints":{"allow":["GET"]}}],"collection":[{"href":"https:\/\/pos.uel.br\/pecem\/wp-json\/wp\/v2\/pages"}],"about":[{"href":"https:\/\/pos.uel.br\/pecem\/wp-json\/wp\/v2\/types\/page"}],"author":[{"embeddable":true,"href":"https:\/\/pos.uel.br\/pecem\/wp-json\/wp\/v2\/users\/8"}],"replies":[{"embeddable":true,"href":"https:\/\/pos.uel.br\/pecem\/wp-json\/wp\/v2\/comments?post=3108"}],"version-history":[{"count":3,"href":"https:\/\/pos.uel.br\/pecem\/wp-json\/wp\/v2\/pages\/3108\/revisions"}],"predecessor-version":[{"id":3460,"href":"https:\/\/pos.uel.br\/pecem\/wp-json\/wp\/v2\/pages\/3108\/revisions\/3460"}],"wp:attachment":[{"href":"https:\/\/pos.uel.br\/pecem\/wp-json\/wp\/v2\/media?parent=3108"}],"curies":[{"name":"wp","href":"https:\/\/api.w.org\/{rel}","templated":true}]}}