{"id":3104,"date":"2025-04-27T00:32:05","date_gmt":"2025-04-27T03:32:05","guid":{"rendered":"https:\/\/pos.uel.br\/pecem\/?page_id=3104"},"modified":"2025-04-28T18:45:47","modified_gmt":"2025-04-28T21:45:47","slug":"ii-epecem-es","status":"publish","type":"page","link":"https:\/\/pos.uel.br\/pecem\/es\/ii-epecem-es\/","title":{"rendered":"II EPECEM"},"content":{"rendered":"\n<h2 class=\"wp-block-heading\"><strong>II Encuentro de Estudiantes y Egresados del Programa de Posgrado en Ense\u00f1anza de Ciencias y Educaci\u00f3n Matem\u00e1tica \u2013 \u201cCelebrando 20 a\u00f1os de historia\u201d<\/strong><\/h2>\n\n\n<div class=\"wp-block-image\">\n<figure class=\"aligncenter is-resized\"><img loading=\"lazy\" decoding=\"async\" width=\"750\" height=\"564\" src=\"https:\/\/pos.uel.br\/pecem\/wp-content\/uploads\/2023\/05\/Imagem1.png\" alt=\"\" class=\"wp-image-1853\" style=\"width:682px;height:auto\" srcset=\"https:\/\/pos.uel.br\/pecem\/wp-content\/uploads\/2023\/05\/Imagem1.png 750w, https:\/\/pos.uel.br\/pecem\/wp-content\/uploads\/2023\/05\/Imagem1-300x226.png 300w\" sizes=\"auto, (max-width: 750px) 100vw, 750px\" \/><\/figure>\n<\/div>\n\n\n<p><strong>Organizaci\u00f3n:<\/strong> Iniciativa de los estudiantes del PECEM con el apoyo de los docentes del Programa.<\/p>\n\n\n\n<p><strong>Objetivo:<\/strong> Reunir a estudiantes, egresados y docentes para discutir temas relacionados con aspectos evaluativos, como los datos de la \u00faltima Evaluaci\u00f3n Cuatrienal (2017-2020) y los resultados de la comisi\u00f3n de autoevaluaci\u00f3n del PECEM. Adem\u00e1s de estas discusiones, se sistematiz\u00f3 una parte de las actividades, consider\u00e1ndolo como un evento conmemorativo, en celebraci\u00f3n de los 20 a\u00f1os del Programa de Posgrado en Ense\u00f1anza de Ciencias y Educaci\u00f3n Matem\u00e1tica.<\/p>\n\n\n\n<p><strong>Per\u00edodo de realizaci\u00f3n:<\/strong> 01 de diciembre de 2022 (evento presencial).<\/p>\n\n\n\n<p><strong>Resultados:<\/strong> A trav\u00e9s de la colaboraci\u00f3n entre docentes, estudiantes y egresados se organiz\u00f3 el II EPECEM. En esta segunda edici\u00f3n, conscientes de la necesidad de mirar el escenario actual, se discutieron temas de extrema relevancia que permiten evaluar acciones pasadas y (re)pensar acciones futuras. <a href=\"https:\/\/www.youtube.com\/watch?v=Naicx2cuhtU\" data-type=\"link\" data-id=\"https:\/\/www.youtube.com\/watch?v=Naicx2cuhtU\">Como actividad inicial del evento, se recordaron algunos acontecimientos que marcaron la trayectoria del PECEM, seguido de un homenaje a los docentes del programa<\/a>. En la continuidad, se presentaron datos de la Evaluaci\u00f3n Cuatrienal (2017-2020), destacando aspectos evaluativos importantes para la calidad y excelencia del Programa. Tambi\u00e9n se presentaron datos que expresan la autoevaluaci\u00f3n del programa, extra\u00eddos de cuestionarios que fueron respondidos por estudiantes, egresados y docentes. Al final, para conmemorar los veinte a\u00f1os de existencia del PECEM y su historia de pionerismo, avances, referencia y nuevas perspectivas en el \u00e1rea de Ense\u00f1anza, se lanz\u00f3 el libro: <strong>PECEM: 20 a\u00f1os de investigaciones en Ense\u00f1anza de Ciencias y Educaci\u00f3n Matem\u00e1tica<\/strong><em>.<\/em><\/p>\n\n\n\n<p><strong><strong>Estudiantes que participaron en la comisi\u00f3n organizadora del evento<\/strong>:<\/strong><\/p>\n\n\n\n<ul class=\"wp-block-list\">\n<li>Daniele Bremm;<\/li>\n\n\n\n<li>Eloisa Antunes Maciel;<\/li>\n\n\n\n<li>Fernanda Garcia de Almeida;<\/li>\n\n\n\n<li>Gabriela Gonzaga Cher;<\/li>\n\n\n\n<li>Isadora Polvani;<\/li>\n\n\n\n<li>Marllon Moreti de Souza Rosa;<\/li>\n<\/ul>\n\n\n\n<p><strong><strong>Egresados que participaron en la comisi\u00f3n organizadora del evento<\/strong>:<\/strong><\/p>\n\n\n\n<ul class=\"wp-block-list\">\n<li>Bruna Adriane Fary;<\/li>\n\n\n\n<li>Gabriel dos Santos e Silva;<\/li>\n<\/ul>\n\n\n\n<p><strong><strong>Docentes que participaron en la comisi\u00f3n organizadora del evento<\/strong>:<\/strong><\/p>\n\n\n\n<ul class=\"wp-block-list\">\n<li>Andreia de Freitas Zompero;<\/li>\n\n\n\n<li>Fabiele C. Dias Broietti;<\/li>\n\n\n\n<li>Mariana Aparecida Bologna Soares de Andrade;<\/li>\n\n\n\n<li>P\u00e2mela E. Alves Ferreira;<\/li>\n<\/ul>\n\n\n\n<p><strong>Producci\u00f3n:<\/strong> Se divulg\u00f3, en el evento, el libro <a href=\"https:\/\/pos.uel.br\/pecem\/es\/producciones-del-pecem\/\" data-type=\"page\" data-id=\"3110\">\u201cPECEM \u2013 20 a\u00f1os de investigaciones en Ense\u00f1anza de Ciencias y Educaci\u00f3n Matem\u00e1tica\u201d<\/a>, organizado por la Prof. Mariana A. B. S. de Andrade y la Prof. Dra. Fabiele C. Dias Broietti.<\/p>\n\n\n\n<div style=\"height:45px\" aria-hidden=\"true\" class=\"wp-block-spacer\"><\/div>\n\n\n\n<div class=\"wp-block-columns is-layout-flex wp-container-core-columns-is-layout-9d6595d7 wp-block-columns-is-layout-flex\">\n<div class=\"wp-block-column is-layout-flow wp-block-column-is-layout-flow\">\n<figure class=\"wp-block-gallery has-nested-images columns-default is-cropped wp-block-gallery-1 is-layout-flex wp-block-gallery-is-layout-flex\">\n<figure class=\"wp-block-image size-large\"><img loading=\"lazy\" decoding=\"async\" width=\"1024\" height=\"768\" data-id=\"2821\" src=\"https:\/\/pos.uel.br\/pecem\/wp-content\/uploads\/2024\/12\/image00098-1024x768.jpeg\" alt=\"\" class=\"wp-image-2821\" srcset=\"https:\/\/pos.uel.br\/pecem\/wp-content\/uploads\/2024\/12\/image00098-1024x768.jpeg 1024w, https:\/\/pos.uel.br\/pecem\/wp-content\/uploads\/2024\/12\/image00098-300x225.jpeg 300w, https:\/\/pos.uel.br\/pecem\/wp-content\/uploads\/2024\/12\/image00098-768x576.jpeg 768w, https:\/\/pos.uel.br\/pecem\/wp-content\/uploads\/2024\/12\/image00098-1536x1152.jpeg 1536w, https:\/\/pos.uel.br\/pecem\/wp-content\/uploads\/2024\/12\/image00098-2048x1536.jpeg 2048w\" sizes=\"auto, (max-width: 1024px) 100vw, 1024px\" \/><\/figure>\n<\/figure>\n<\/div>\n\n\n\n<div class=\"wp-block-column is-layout-flow wp-block-column-is-layout-flow\">\n<figure class=\"wp-block-image size-large\"><img loading=\"lazy\" decoding=\"async\" width=\"1024\" height=\"768\" src=\"https:\/\/pos.uel.br\/pecem\/wp-content\/uploads\/2024\/12\/image00093-1024x768.jpeg\" alt=\"\" class=\"wp-image-2822\" srcset=\"https:\/\/pos.uel.br\/pecem\/wp-content\/uploads\/2024\/12\/image00093-1024x768.jpeg 1024w, https:\/\/pos.uel.br\/pecem\/wp-content\/uploads\/2024\/12\/image00093-300x225.jpeg 300w, https:\/\/pos.uel.br\/pecem\/wp-content\/uploads\/2024\/12\/image00093-768x576.jpeg 768w, https:\/\/pos.uel.br\/pecem\/wp-content\/uploads\/2024\/12\/image00093-1536x1152.jpeg 1536w, https:\/\/pos.uel.br\/pecem\/wp-content\/uploads\/2024\/12\/image00093-2048x1536.jpeg 2048w\" sizes=\"auto, (max-width: 1024px) 100vw, 1024px\" \/><\/figure>\n<\/div>\n<\/div>\n\n\n\n<div class=\"wp-block-columns is-layout-flex wp-container-core-columns-is-layout-9d6595d7 wp-block-columns-is-layout-flex\">\n<div class=\"wp-block-column is-layout-flow wp-block-column-is-layout-flow\">\n<figure class=\"wp-block-image size-large\"><img loading=\"lazy\" decoding=\"async\" width=\"1024\" height=\"678\" src=\"https:\/\/pos.uel.br\/pecem\/wp-content\/uploads\/2024\/12\/DSC_0008-1024x678.jpg\" alt=\"\" class=\"wp-image-2823\" srcset=\"https:\/\/pos.uel.br\/pecem\/wp-content\/uploads\/2024\/12\/DSC_0008-1024x678.jpg 1024w, https:\/\/pos.uel.br\/pecem\/wp-content\/uploads\/2024\/12\/DSC_0008-300x199.jpg 300w, https:\/\/pos.uel.br\/pecem\/wp-content\/uploads\/2024\/12\/DSC_0008-768x509.jpg 768w, https:\/\/pos.uel.br\/pecem\/wp-content\/uploads\/2024\/12\/DSC_0008-1536x1017.jpg 1536w, https:\/\/pos.uel.br\/pecem\/wp-content\/uploads\/2024\/12\/DSC_0008-2048x1356.jpg 2048w\" sizes=\"auto, (max-width: 1024px) 100vw, 1024px\" \/><\/figure>\n<\/div>\n\n\n\n<div class=\"wp-block-column is-layout-flow wp-block-column-is-layout-flow\">\n<figure class=\"wp-block-gallery has-nested-images columns-default is-cropped wp-block-gallery-2 is-layout-flex wp-block-gallery-is-layout-flex\">\n<figure class=\"wp-block-image size-large\"><img loading=\"lazy\" decoding=\"async\" width=\"1024\" height=\"678\" data-id=\"2827\" src=\"https:\/\/pos.uel.br\/pecem\/wp-content\/uploads\/2024\/12\/DSC_0099-3-1024x678.jpg\" alt=\"\" class=\"wp-image-2827\" srcset=\"https:\/\/pos.uel.br\/pecem\/wp-content\/uploads\/2024\/12\/DSC_0099-3-1024x678.jpg 1024w, https:\/\/pos.uel.br\/pecem\/wp-content\/uploads\/2024\/12\/DSC_0099-3-300x199.jpg 300w, https:\/\/pos.uel.br\/pecem\/wp-content\/uploads\/2024\/12\/DSC_0099-3-768x509.jpg 768w, https:\/\/pos.uel.br\/pecem\/wp-content\/uploads\/2024\/12\/DSC_0099-3-1536x1017.jpg 1536w, https:\/\/pos.uel.br\/pecem\/wp-content\/uploads\/2024\/12\/DSC_0099-3-2048x1356.jpg 2048w\" sizes=\"auto, (max-width: 1024px) 100vw, 1024px\" \/><\/figure>\n<\/figure>\n<\/div>\n<\/div>\n\n\n\n<p><strong>Reportaje<\/strong> &#8211; <a href=\"https:\/\/operobal.uel.br\/pos-graduacao\/2022\/12\/06\/programa-de-pos-graduacao-em-ensino-de-ciencias-e-educacao-matematica-comemora-20-anos\/\" data-type=\"link\" data-id=\"https:\/\/operobal.uel.br\/pos-graduacao\/2022\/12\/06\/programa-de-pos-graduacao-em-ensino-de-ciencias-e-educacao-matematica-comemora-20-anos\/\">Ag\u00eancia de Not\u00edcias UEL<\/a><\/p>\n\n\n\n<p><\/p>\n","protected":false},"excerpt":{"rendered":"<p>II Encuentro de Estudiantes y Egresados del Programa de Posgrado en Ense\u00f1anza de Ciencias y Educaci\u00f3n Matem\u00e1tica \u2013 \u201cCelebrando 20 a\u00f1os de historia\u201d Organizaci\u00f3n: Iniciativa de los estudiantes del PECEM con el apoyo de los docentes del Programa. Objetivo: Reunir a estudiantes, egresados y docentes para discutir temas relacionados con aspectos evaluativos, como los datos [&hellip;]<\/p>\n","protected":false},"author":8,"featured_media":0,"parent":0,"menu_order":0,"comment_status":"closed","ping_status":"closed","template":"","meta":{"_acf_changed":false,"footnotes":""},"class_list":["post-3104","page","type-page","status-publish","hentry"],"acf":[],"_links":{"self":[{"href":"https:\/\/pos.uel.br\/pecem\/wp-json\/wp\/v2\/pages\/3104","targetHints":{"allow":["GET"]}}],"collection":[{"href":"https:\/\/pos.uel.br\/pecem\/wp-json\/wp\/v2\/pages"}],"about":[{"href":"https:\/\/pos.uel.br\/pecem\/wp-json\/wp\/v2\/types\/page"}],"author":[{"embeddable":true,"href":"https:\/\/pos.uel.br\/pecem\/wp-json\/wp\/v2\/users\/8"}],"replies":[{"embeddable":true,"href":"https:\/\/pos.uel.br\/pecem\/wp-json\/wp\/v2\/comments?post=3104"}],"version-history":[{"count":2,"href":"https:\/\/pos.uel.br\/pecem\/wp-json\/wp\/v2\/pages\/3104\/revisions"}],"predecessor-version":[{"id":3268,"href":"https:\/\/pos.uel.br\/pecem\/wp-json\/wp\/v2\/pages\/3104\/revisions\/3268"}],"wp:attachment":[{"href":"https:\/\/pos.uel.br\/pecem\/wp-json\/wp\/v2\/media?parent=3104"}],"curies":[{"name":"wp","href":"https:\/\/api.w.org\/{rel}","templated":true}]}}

<h2 class="wp-block-heading"><strong>II Encuentro de Estudiantes y Egresados del Programa de Posgrado en Enseñanza de Ciencias y Educación Matemática – “Celebrando 20 años de historia”</strong></h2>


<div class="wp-block-image">
<figure class="aligncenter is-resized"><img loading="lazy" decoding="async" width="750" height="564" src="https://pos.uel.br/pecem/wp-content/uploads/2023/05/Imagem1.png" alt="" class="wp-image-1853" style="width:682px;height:auto" srcset="https://pos.uel.br/pecem/wp-content/uploads/2023/05/Imagem1.png 750w, https://pos.uel.br/pecem/wp-content/uploads/2023/05/Imagem1-300x226.png 300w" sizes="auto, (max-width: 750px) 100vw, 750px" /></figure>
</div>


<p><strong>Organización:</strong> Iniciativa de los estudiantes del PECEM con el apoyo de los docentes del Programa.</p>



<p><strong>Objetivo:</strong> Reunir a estudiantes, egresados y docentes para discutir temas relacionados con aspectos evaluativos, como los datos de la última Evaluación Cuatrienal (2017-2020) y los resultados de la comisión de autoevaluación del PECEM. Además de estas discusiones, se sistematizó una parte de las actividades, considerándolo como un evento conmemorativo, en celebración de los 20 años del Programa de Posgrado en Enseñanza de Ciencias y Educación Matemática.</p>



<p><strong>Período de realización:</strong> 01 de diciembre de 2022 (evento presencial).</p>



<p><strong>Resultados:</strong> A través de la colaboración entre docentes, estudiantes y egresados se organizó el II EPECEM. En esta segunda edición, conscientes de la necesidad de mirar el escenario actual, se discutieron temas de extrema relevancia que permiten evaluar acciones pasadas y (re)pensar acciones futuras. <a href="https://www.youtube.com/watch?v=Naicx2cuhtU" data-type="link" data-id="https://www.youtube.com/watch?v=Naicx2cuhtU">Como actividad inicial del evento, se recordaron algunos acontecimientos que marcaron la trayectoria del PECEM, seguido de un homenaje a los docentes del programa</a>. En la continuidad, se presentaron datos de la Evaluación Cuatrienal (2017-2020), destacando aspectos evaluativos importantes para la calidad y excelencia del Programa. También se presentaron datos que expresan la autoevaluación del programa, extraídos de cuestionarios que fueron respondidos por estudiantes, egresados y docentes. Al final, para conmemorar los veinte años de existencia del PECEM y su historia de pionerismo, avances, referencia y nuevas perspectivas en el área de Enseñanza, se lanzó el libro: <strong>PECEM: 20 años de investigaciones en Enseñanza de Ciencias y Educación Matemática</strong><em>.</em></p>



<p><strong><strong>Estudiantes que participaron en la comisión organizadora del evento</strong>:</strong></p>



<ul class="wp-block-list">
<li>Daniele Bremm;</li>



<li>Eloisa Antunes Maciel;</li>



<li>Fernanda Garcia de Almeida;</li>



<li>Gabriela Gonzaga Cher;</li>



<li>Isadora Polvani;</li>



<li>Marllon Moreti de Souza Rosa;</li>
</ul>



<p><strong><strong>Egresados que participaron en la comisión organizadora del evento</strong>:</strong></p>



<ul class="wp-block-list">
<li>Bruna Adriane Fary;</li>



<li>Gabriel dos Santos e Silva;</li>
</ul>



<p><strong><strong>Docentes que participaron en la comisión organizadora del evento</strong>:</strong></p>



<ul class="wp-block-list">
<li>Andreia de Freitas Zompero;</li>



<li>Fabiele C. Dias Broietti;</li>



<li>Mariana Aparecida Bologna Soares de Andrade;</li>



<li>Pâmela E. Alves Ferreira;</li>
</ul>



<p><strong>Producción:</strong> Se divulgó, en el evento, el libro <a href="https://pos.uel.br/pecem/es/producciones-del-pecem/" data-type="page" data-id="3110">“PECEM – 20 años de investigaciones en Enseñanza de Ciencias y Educación Matemática”</a>, organizado por la Prof. Mariana A. B. S. de Andrade y la Prof. Dra. Fabiele C. Dias Broietti.</p>



<div style="height:45px" aria-hidden="true" class="wp-block-spacer"></div>



<div class="wp-block-columns is-layout-flex wp-container-core-columns-is-layout-9d6595d7 wp-block-columns-is-layout-flex">
<div class="wp-block-column is-layout-flow wp-block-column-is-layout-flow">
<figure class="wp-block-gallery has-nested-images columns-default is-cropped wp-block-gallery-1 is-layout-flex wp-block-gallery-is-layout-flex">
<figure class="wp-block-image size-large"><img loading="lazy" decoding="async" width="1024" height="768" data-id="2821" src="https://pos.uel.br/pecem/wp-content/uploads/2024/12/image00098-1024x768.jpeg" alt="" class="wp-image-2821" srcset="https://pos.uel.br/pecem/wp-content/uploads/2024/12/image00098-1024x768.jpeg 1024w, https://pos.uel.br/pecem/wp-content/uploads/2024/12/image00098-300x225.jpeg 300w, https://pos.uel.br/pecem/wp-content/uploads/2024/12/image00098-768x576.jpeg 768w, https://pos.uel.br/pecem/wp-content/uploads/2024/12/image00098-1536x1152.jpeg 1536w, https://pos.uel.br/pecem/wp-content/uploads/2024/12/image00098-2048x1536.jpeg 2048w" sizes="auto, (max-width: 1024px) 100vw, 1024px" /></figure>
</figure>
</div>



<div class="wp-block-column is-layout-flow wp-block-column-is-layout-flow">
<figure class="wp-block-image size-large"><img loading="lazy" decoding="async" width="1024" height="768" src="https://pos.uel.br/pecem/wp-content/uploads/2024/12/image00093-1024x768.jpeg" alt="" class="wp-image-2822" srcset="https://pos.uel.br/pecem/wp-content/uploads/2024/12/image00093-1024x768.jpeg 1024w, https://pos.uel.br/pecem/wp-content/uploads/2024/12/image00093-300x225.jpeg 300w, https://pos.uel.br/pecem/wp-content/uploads/2024/12/image00093-768x576.jpeg 768w, https://pos.uel.br/pecem/wp-content/uploads/2024/12/image00093-1536x1152.jpeg 1536w, https://pos.uel.br/pecem/wp-content/uploads/2024/12/image00093-2048x1536.jpeg 2048w" sizes="auto, (max-width: 1024px) 100vw, 1024px" /></figure>
</div>
</div>



<div class="wp-block-columns is-layout-flex wp-container-core-columns-is-layout-9d6595d7 wp-block-columns-is-layout-flex">
<div class="wp-block-column is-layout-flow wp-block-column-is-layout-flow">
<figure class="wp-block-image size-large"><img loading="lazy" decoding="async" width="1024" height="678" src="https://pos.uel.br/pecem/wp-content/uploads/2024/12/DSC_0008-1024x678.jpg" alt="" class="wp-image-2823" srcset="https://pos.uel.br/pecem/wp-content/uploads/2024/12/DSC_0008-1024x678.jpg 1024w, https://pos.uel.br/pecem/wp-content/uploads/2024/12/DSC_0008-300x199.jpg 300w, https://pos.uel.br/pecem/wp-content/uploads/2024/12/DSC_0008-768x509.jpg 768w, https://pos.uel.br/pecem/wp-content/uploads/2024/12/DSC_0008-1536x1017.jpg 1536w, https://pos.uel.br/pecem/wp-content/uploads/2024/12/DSC_0008-2048x1356.jpg 2048w" sizes="auto, (max-width: 1024px) 100vw, 1024px" /></figure>
</div>



<div class="wp-block-column is-layout-flow wp-block-column-is-layout-flow">
<figure class="wp-block-gallery has-nested-images columns-default is-cropped wp-block-gallery-2 is-layout-flex wp-block-gallery-is-layout-flex">
<figure class="wp-block-image size-large"><img loading="lazy" decoding="async" width="1024" height="678" data-id="2827" src="https://pos.uel.br/pecem/wp-content/uploads/2024/12/DSC_0099-3-1024x678.jpg" alt="" class="wp-image-2827" srcset="https://pos.uel.br/pecem/wp-content/uploads/2024/12/DSC_0099-3-1024x678.jpg 1024w, https://pos.uel.br/pecem/wp-content/uploads/2024/12/DSC_0099-3-300x199.jpg 300w, https://pos.uel.br/pecem/wp-content/uploads/2024/12/DSC_0099-3-768x509.jpg 768w, https://pos.uel.br/pecem/wp-content/uploads/2024/12/DSC_0099-3-1536x1017.jpg 1536w, https://pos.uel.br/pecem/wp-content/uploads/2024/12/DSC_0099-3-2048x1356.jpg 2048w" sizes="auto, (max-width: 1024px) 100vw, 1024px" /></figure>
</figure>
</div>
</div>



<p><strong>Reportaje</strong> &#8211; <a href="https://operobal.uel.br/pos-graduacao/2022/12/06/programa-de-pos-graduacao-em-ensino-de-ciencias-e-educacao-matematica-comemora-20-anos/" data-type="link" data-id="https://operobal.uel.br/pos-graduacao/2022/12/06/programa-de-pos-graduacao-em-ensino-de-ciencias-e-educacao-matematica-comemora-20-anos/">Agência de Notícias UEL</a></p>



<p></p>

<p>II Encuentro de Estudiantes y Egresados del Programa de Posgrado en Enseñanza de Ciencias y Educación Matemática – “Celebrando 20 años de historia” Organización: Iniciativa de los estudiantes del PECEM con el apoyo de los docentes del Programa. Objetivo: Reunir a estudiantes, egresados y docentes para discutir temas relacionados con aspectos evaluativos, como los datos [&hellip;]</p>
