{"id":3102,"date":"2025-04-27T00:31:31","date_gmt":"2025-04-27T03:31:31","guid":{"rendered":"https:\/\/pos.uel.br\/pecem\/?page_id=3102"},"modified":"2025-04-28T19:05:29","modified_gmt":"2025-04-28T22:05:29","slug":"i-epecem-es","status":"publish","type":"page","link":"https:\/\/pos.uel.br\/pecem\/es\/i-epecem-es\/","title":{"rendered":"I EPECEM"},"content":{"rendered":"\n<h2 class=\"wp-block-heading\"><strong>I Encuentro de Estudiantes y Egresados del Programa de Posgrado en Ense\u00f1anza de Ciencias y Educaci\u00f3n Matem\u00e1tica \u2013 \u201cAcortando distancias, estableciendo relaciones\u201d<\/strong><\/h2>\n\n\n<div class=\"wp-block-image\">\n<figure class=\"aligncenter size-full is-resized\"><img loading=\"lazy\" decoding=\"async\" width=\"444\" height=\"339\" src=\"https:\/\/pos.uel.br\/pecem\/wp-content\/uploads\/2023\/04\/i-epecem.png\" alt=\"\" class=\"wp-image-1840\" style=\"width:575px;height:auto\" srcset=\"https:\/\/pos.uel.br\/pecem\/wp-content\/uploads\/2023\/04\/i-epecem.png 444w, https:\/\/pos.uel.br\/pecem\/wp-content\/uploads\/2023\/04\/i-epecem-300x229.png 300w\" sizes=\"auto, (max-width: 444px) 100vw, 444px\" \/><\/figure>\n<\/div>\n\n\n<p><strong>Organizaci\u00f3n:<\/strong> Iniciativa de los estudiantes del PECEM con el apoyo de los docentes del Programa.<\/p>\n\n\n\n<p><strong>Objetivo:<\/strong> Acercar a los estudiantes de posgrado, posibilitar un (re)encuentro con los egresados del curso, con estudiantes, docentes e investigadores de otras instituciones nacionales e internacionales, discutir temas y desaf\u00edos de la investigaci\u00f3n en el \u00e1rea de Ense\u00f1anza de Ciencias y Educaci\u00f3n Matem\u00e1tica, principalmente en el contexto de la pandemia.<\/p>\n\n\n\n<p><strong>Per\u00edodo de Realizaci\u00f3n:<\/strong> 21, 22 y 23 de octubre de 2020 (evento remoto).<\/p>\n\n\n\n<p><strong>Resultados:<\/strong> A trav\u00e9s de la colaboraci\u00f3n entre docentes, estudiantes y egresados se organiz\u00f3 el I EPECEM. Fueron 3 d\u00edas de mucha interacci\u00f3n y debates sobre temas importantes que involucraron la investigaci\u00f3n y la actuaci\u00f3n profesional en el campo de la docencia. Se discutieron temas que destacan los or\u00edgenes del programa y el desarrollo del \u00e1rea de Ense\u00f1anza. Contamos con la presentaci\u00f3n de la conferencia de la profesora Neus Sanmart\u00ed (Universidad Aut\u00f3noma de Barcelona\/Espa\u00f1a), quien explor\u00f3 el tema de la evaluaci\u00f3n desde la perspectiva del aprendizaje; Momentos de intercambio de experiencias y relevantes di\u00e1logos con representantes egresados que ocupan distintas actuaciones profesionales, ya sea en el ambiente de Educaci\u00f3n B\u00e1sica o en los espacios universitarios.<\/p>\n\n\n\n<p><strong><strong>Participaron en el I EPECEM los egresados<\/strong>:<\/strong><\/p>\n\n\n\n<ul class=\"wp-block-list\">\n<li>Rodolfo Eduardo Vertuan (UTFPR- Campus Toledo);<\/li>\n\n\n\n<li>Gustavo Pricinotto (UTFPR \u2013 Campus Campo Mour\u00e3o);<\/li>\n\n\n\n<li>Maria L\u00facia Correa (Profesora de SEED\/PR);<\/li>\n\n\n\n<li>Adriana Quiment\u00e3o Passos (Profesora de SEED\/PR);<\/li>\n<\/ul>\n\n\n\n<p><strong><strong>Participaron de esta actividad los estudiantes<\/strong>:<\/strong><\/p>\n\n\n\n<ul class=\"wp-block-list\">\n<li>Amanda Mikos; Fernanda Garcia de Almeida;<\/li>\n\n\n\n<li>Geraldo Aparecido Polegatti;<\/li>\n\n\n\n<li>Fernanda Frasson.<\/li>\n<\/ul>\n\n\n\n<p><strong><strong>Estudiantes que participaron en la comisi\u00f3n organizadora del evento<\/strong>:<\/strong><\/p>\n\n\n\n<ul class=\"wp-block-list\">\n<li>Amanda Mikos;<\/li>\n\n\n\n<li>Daniela Rejan;<\/li>\n\n\n\n<li>Gabriela Cher;<\/li>\n\n\n\n<li>Giovana Castilho;<\/li>\n\n\n\n<li>Luana Pires Leal;<\/li>\n\n\n\n<li>Lucyana Silva;<\/li>\n<\/ul>\n\n\n\n<p><strong><strong>Docentes que participaron en la comisi\u00f3n organizadora del evento<\/strong>:<\/strong><\/p>\n\n\n\n<ul class=\"wp-block-list\">\n<li>Andreia Zompero;<\/li>\n\n\n\n<li>Fabiele Dias Broietti;<\/li>\n\n\n\n<li>Mariana Andrade;<\/li>\n\n\n\n<li>Paulo Camargo Filho;<\/li>\n<\/ul>\n\n\n\n<p><strong>Charlas y mesas redondas est\u00e1n disponibles en el canal de YouTube del Programa, en el enlace:<\/strong><\/p>\n\n\n\n<p><em><a href=\"https:\/\/www.youtube.com\/@pecem-uel4586\/streams\" target=\"_blank\" rel=\"noreferrer noopener\">https:\/\/www.youtube.com\/@pecem-uel4586\/streams<\/a><\/em><\/p>\n","protected":false},"excerpt":{"rendered":"<p>I Encuentro de Estudiantes y Egresados del Programa de Posgrado en Ense\u00f1anza de Ciencias y Educaci\u00f3n Matem\u00e1tica \u2013 \u201cAcortando distancias, estableciendo relaciones\u201d Organizaci\u00f3n: Iniciativa de los estudiantes del PECEM con el apoyo de los docentes del Programa. Objetivo: Acercar a los estudiantes de posgrado, posibilitar un (re)encuentro con los egresados del curso, con estudiantes, docentes [&hellip;]<\/p>\n","protected":false},"author":8,"featured_media":0,"parent":0,"menu_order":0,"comment_status":"closed","ping_status":"closed","template":"","meta":{"_acf_changed":false,"footnotes":""},"class_list":["post-3102","page","type-page","status-publish","hentry"],"acf":[],"_links":{"self":[{"href":"https:\/\/pos.uel.br\/pecem\/wp-json\/wp\/v2\/pages\/3102","targetHints":{"allow":["GET"]}}],"collection":[{"href":"https:\/\/pos.uel.br\/pecem\/wp-json\/wp\/v2\/pages"}],"about":[{"href":"https:\/\/pos.uel.br\/pecem\/wp-json\/wp\/v2\/types\/page"}],"author":[{"embeddable":true,"href":"https:\/\/pos.uel.br\/pecem\/wp-json\/wp\/v2\/users\/8"}],"replies":[{"embeddable":true,"href":"https:\/\/pos.uel.br\/pecem\/wp-json\/wp\/v2\/comments?post=3102"}],"version-history":[{"count":2,"href":"https:\/\/pos.uel.br\/pecem\/wp-json\/wp\/v2\/pages\/3102\/revisions"}],"predecessor-version":[{"id":3275,"href":"https:\/\/pos.uel.br\/pecem\/wp-json\/wp\/v2\/pages\/3102\/revisions\/3275"}],"wp:attachment":[{"href":"https:\/\/pos.uel.br\/pecem\/wp-json\/wp\/v2\/media?parent=3102"}],"curies":[{"name":"wp","href":"https:\/\/api.w.org\/{rel}","templated":true}]}}