{"id":3025,"date":"2025-03-31T14:50:06","date_gmt":"2025-03-31T17:50:06","guid":{"rendered":"https:\/\/pos.uel.br\/pecem\/?page_id=3025"},"modified":"2025-07-12T18:01:04","modified_gmt":"2025-07-12T21:01:04","slug":"postdoctoral","status":"publish","type":"page","link":"https:\/\/pos.uel.br\/pecem\/en\/postdoctoral\/","title":{"rendered":"Post-doctoral"},"content":{"rendered":"\n<h4 class=\"wp-block-heading\">In the Quadrennium (2025-2029), 3 postdoctoral researchers are being supervised:<\/h4>\n\n\n\n<div style=\"height:10px\" aria-hidden=\"true\" class=\"wp-block-spacer\"><\/div>\n\n\n\n<figure class=\"wp-block-table is-style-stripes\"><table class=\"has-fixed-layout\"><thead><tr><th class=\"has-text-align-left\" data-align=\"left\"><strong>Name<\/strong><\/th><th class=\"has-text-align-left\" data-align=\"left\"><strong>Period<\/strong><\/th><th><strong>Supervisor<\/strong><\/th><\/tr><\/thead><tbody><tr><td class=\"has-text-align-left\" data-align=\"left\">ENIO&nbsp;FREIRE DE PAULA<\/td><td class=\"has-text-align-left\" data-align=\"left\"><\/td><td>Profa. Dra. M\u00e1rcia Cristina de Costa Trindade Cyrino<\/td><\/tr><tr><td class=\"has-text-align-left\" data-align=\"left\">MARCUS&nbsp;VIN\u00cdCIUS MARTINEZ PIRATELO<\/td><td class=\"has-text-align-left\" data-align=\"left\"><\/td><td>Profa. Dra. Mariana A. B. Soares de Andrade<\/td><\/tr><tr><td class=\"has-text-align-left\" data-align=\"left\">RENATA APARECIDA FARIA<\/td><td class=\"has-text-align-left\" data-align=\"left\">01\/03\/2024 A 01\/03\/2026<\/td><td>Prof. Dr. Carlos Eduardo Labur\u00fa<\/td><\/tr><\/tbody><\/table><\/figure>\n\n\n\n<div style=\"height:50px\" aria-hidden=\"true\" class=\"wp-block-spacer\"><\/div>\n\n\n\n<h4 class=\"wp-block-heading\">In the Quadrennium (2021-2024), 12 postdoctoral researchers were supervised:<\/h4>\n\n\n\n<div style=\"height:10px\" aria-hidden=\"true\" class=\"wp-block-spacer\"><\/div>\n\n\n\n<figure class=\"wp-block-table is-style-stripes\"><table class=\"has-fixed-layout\"><thead><tr><th class=\"has-text-align-left\" data-align=\"left\"><strong>Name<\/strong><\/th><th class=\"has-text-align-left\" data-align=\"left\"><strong>Period<\/strong><\/th><th><strong>Supervisor<\/strong><\/th><\/tr><\/thead><tbody><tr><td class=\"has-text-align-left\" data-align=\"left\">EMERSON TORTOLA<\/td><td class=\"has-text-align-left\" data-align=\"left\">23\/09\/2021 a 22\/09\/2022<\/td><td>Profa. Dra. Lourdes Maria Werle de Almeida<\/td><\/tr><tr><td class=\"has-text-align-left\" data-align=\"left\">HENRIQUE CESAR ESTEVAN BALLESTERO<\/td><td class=\"has-text-align-left\" data-align=\"left\">17\/08\/2020 a 27\/08\/2021<\/td><td>Profa. Dra. Marinez Meneghello Passos<\/td><\/tr><tr><td class=\"has-text-align-left\" data-align=\"left\">MARCELA TEIXEIRA GODOY<\/td><td class=\"has-text-align-left\" data-align=\"left\">01\/10\/2019 a 10\/04\/2021<\/td><td>Prof. Dr. Carlos Eduardo Labur\u00fa<\/td><\/tr><tr><td class=\"has-text-align-left\" data-align=\"left\">MARCUS VINICIUS MARTINEZ PIRATELO<\/td><td class=\"has-text-align-left\" data-align=\"left\">25\/06\/2020 a 30\/06\/2022<\/td><td>Profa. Dra. Marinez Meneghello Passos<\/td><\/tr><tr><td class=\"has-text-align-left\" data-align=\"left\">MICHELLE ANDRADE KLAIBER<\/td><td class=\"has-text-align-left\" data-align=\"left\">02\/03\/2020 a 01\/07\/2021<\/td><td>Profa. Dra. Angela Marta Pereira das Dores Savioli<\/td><\/tr><tr><td class=\"has-text-align-left\" data-align=\"left\">ALEXANDRE TADEU GOMES DE CARVALHO<\/td><td class=\"has-text-align-left\" data-align=\"left\">25\/05\/2022 a 28\/02\/2023<\/td><td>Prof. Dr. Carlos Eduardo Labur\u00fa<\/td><\/tr><tr><td class=\"has-text-align-left\" data-align=\"left\">DENIS ROGERIO SANCHES ALVES<\/td><td class=\"has-text-align-left\" data-align=\"left\">30\/04\/2022 a 29\/04\/2023<\/td><td>Prof. Dr. Sergio de Mello Arruda<\/td><\/tr><tr><td class=\"has-text-align-left\" data-align=\"left\">FERNANDA FRASSON<br>(Chamada CNPq 25\/2021 \u2013 Bolsa no Pa\u00eds)<\/td><td class=\"has-text-align-left\" data-align=\"left\">01\/06\/2022 a 30\/11\/2023<\/td><td>Prof. Dr. Carlos Eduardo Labur\u00fa<\/td><\/tr><tr><td class=\"has-text-align-left\" data-align=\"left\">MARCELO SILVA DE JESUS<\/td><td class=\"has-text-align-left\" data-align=\"left\">26\/05\/2022 a 01\/03\/2023<\/td><td>Profa. Dra. Angela Marta Pereira das Dores Savioli<\/td><\/tr><tr><td class=\"has-text-align-left\" data-align=\"left\">REGINA SIMPLICIO CARVALHO<\/td><td class=\"has-text-align-left\" data-align=\"left\">01\/03\/2023 a 28\/02\/2024<\/td><td>Prof. Dr. Carlos Eduardo Labur\u00fa<\/td><\/tr><tr><td class=\"has-text-align-left\" data-align=\"left\">RENATA VIVIANE RAFFA RODRIGUES<\/td><td class=\"has-text-align-left\" data-align=\"left\">01\/03\/2023 a 29\/02\/2024<\/td><td>Profa. Dra. M\u00e1rcia Cristina de Costa Trindade Cyrino<\/td><\/tr><tr><td class=\"has-text-align-left\" data-align=\"left\">RENATA APARECIDA FARIA<\/td><td class=\"has-text-align-left\" data-align=\"left\">01\/03\/2024 A 01\/03\/2026<\/td><td>Prof. Dr. Carlos Eduardo Labur\u00fa<\/td><\/tr><\/tbody><\/table><\/figure>\n\n\n\n<div style=\"height:50px\" aria-hidden=\"true\" class=\"wp-block-spacer\"><\/div>\n\n\n\n<h4 class=\"wp-block-heading\"><strong>In the Quadrennium (2017-2020), 11 postdoctoral researchers were supervised:<\/strong><\/h4>\n\n\n\n<div style=\"height:10px\" aria-hidden=\"true\" class=\"wp-block-spacer\"><\/div>\n\n\n\n<figure class=\"wp-block-table is-style-stripes\"><table class=\"has-fixed-layout\"><thead><tr><th><strong>Name<\/strong><\/th><th><strong>Period<\/strong><\/th><th><strong>Supervisor<\/strong><\/th><\/tr><\/thead><tbody><tr><td>ANDREIA DE FREITAS ZOMPERO<\/td><td>01\/08\/2017 a 30\/09\/2018<\/td><td>Prof. Dr. Carlos Eduardo Labur\u00fa<\/td><\/tr><tr><td>EDELAINE CRISTINA DE ANDRADE<\/td><td>01\/10\/2017 a 28\/09\/2018<\/td><td>Prof. Dr. Sergio de Mello Arruda<\/td><\/tr><tr><td>FERNANDA APARECIDA MEGLHIORATTI<\/td><td>10\/11\/2015 a 21\/03\/2017<\/td><td>Profa. Dra. Irin\u00e9a de Lourdes Batista<\/td><\/tr><tr><td>FABIO ALEXANDRE BORGES<\/td><td>01\/10\/2018 a 30\/09\/2019<\/td><td>Profa. Dra. M\u00e1rcia Cristina de Costa Trindade Cyrino<\/td><\/tr><tr><td>PAULO SERGIO DE CAMARGO FILHO<\/td><td>01\/10\/2018 a 08\/07\/2019<\/td><td>Prof. Dr. Carlos Eduardo Labur\u00fa<\/td><\/tr><tr><td>KEILA TATIANA BONI<\/td><td>01\/11\/2019 a 30\/10\/2020<\/td><td>Prof. Dr. Carlos Eduardo Labur\u00fa<\/td><\/tr><tr><td>MARCELA TEIXEIRA GODOY<\/td><td>01\/10\/2019 a 10\/04\/2021<\/td><td>Prof. Dr. Carlos Eduardo Labur\u00fa<\/td><\/tr><tr><td>VANESSA LARGO<\/td><td>25\/02\/2019 a 24\/02\/2020<\/td><td>Prof. Dr. Sergio de Mello Arruda<\/td><\/tr><tr><td>HENRIQUE CESAR ESTEVAN BALLESTERO<\/td><td>17\/08\/2020 a 27\/08\/2021<\/td><td>Profa. Dra. Marinez Meneghello Passos<\/td><\/tr><tr><td>MARCUS VINICIUS MARTINEZ PIRATELO<\/td><td>25\/06\/2020 a 30\/06\/2022<\/td><td>Profa. Dra. Marinez Meneghello Passos<\/td><\/tr><tr><td>MICHELLE ANDRADE KLAIBER<\/td><td>02\/03\/2020 a 01\/07\/2021<\/td><td>Profa. Dra. Angela Marta Pereira das Dores Savioli<\/td><\/tr><\/tbody><\/table><\/figure>\n\n\n\n<div style=\"height:50px\" aria-hidden=\"true\" class=\"wp-block-spacer\"><\/div>\n\n\n\n<p><strong><strong>NATIONAL POSTDOCTORAL PROGRAM SCHOLARSHIPS \u2013 CAPES<\/strong><\/strong><a href=\"http:\/\/www.uel.br\/pos\/mecem\/portal\/pages\/post-doctoral-practicum.php\"><\/a><\/p>\n\n\n\n<div style=\"height:10px\" aria-hidden=\"true\" class=\"wp-block-spacer\"><\/div>\n\n\n\n<div class=\"wp-block-buttons is-layout-flex wp-block-buttons-is-layout-flex\">\n<div class=\"wp-block-button\"><a class=\"wp-block-button__link has-extra-1-background-color has-background wp-element-button\" href=\"https:\/\/pos.uel.br\/pecem\/wp-content\/uploads\/2021\/08\/EditalPNPD20151.pdf\" target=\"_blank\" rel=\"noreferrer noopener\"><strong><strong>Notice<\/strong><\/strong> <strong>002\/2015<\/strong><\/a><\/div>\n<\/div>\n\n\n\n<div style=\"height:10px\" aria-hidden=\"true\" class=\"wp-block-spacer\"><\/div>\n\n\n\n<p>The evaluation committee for the selection of PNPD scholarships, composed of Professors Profa. Dra. Angela Marta Pereira das Dores Savioli, Prof. Dr. Carlos Eduardo Labur\u00fa, and Profa. Dra. Rosana Figueiredo Salvi, based on the criteria published in the specific notice, has approved the scholarship for <strong>Profa. Dra. Fernanda Aparecida Meglhioratti.<\/strong><\/p>\n\n\n\n<p><strong>Profa. Dra. Irin\u00e9a de Lourdes Batista<\/strong><br><em>Coordinator of PECEM<\/em><\/p>\n\n\n\n<hr class=\"wp-block-separator has-text-color has-site-background-color has-alpha-channel-opacity has-site-background-background-color has-background is-style-wide\" \/>\n\n\n\n<div class=\"wp-block-buttons is-layout-flex wp-block-buttons-is-layout-flex\">\n<div class=\"wp-block-button\"><a class=\"wp-block-button__link has-extra-1-background-color has-background wp-element-button\" href=\"https:\/\/pos.uel.br\/pecem\/wp-content\/uploads\/2021\/08\/EditalPNPD2017.pdf\" target=\"_blank\" rel=\"noreferrer noopener\"><strong><strong>Notice<\/strong><\/strong> <strong>001\/2017<\/strong><\/a><\/div>\n<\/div>\n\n\n\n<div style=\"height:10px\" aria-hidden=\"true\" class=\"wp-block-spacer\"><\/div>\n\n\n\n<p>The evaluation committee for the selection of the PNPD scholarship, composed of Professors Prof. Dr. Carlos Eduardo Labur\u00fa, Profa. Dra. Angela Marta Pereira das Dores Savioli, and Profa. Dra. Fabiele Cristiane Dias Broieti, based on the criteria published in the specific notice, resolves the approval of the scholarship for <strong>Profa. Dra. Edelaine Cristina de Andrade.<\/strong><\/p>\n\n\n\n<p><strong>Profa. Dra. Angela Marta Pereira das Dores Savioli<\/strong><br><em>Coordinator of PECEM&nbsp;<\/em><\/p>\n\n\n\n<hr class=\"wp-block-separator has-text-color has-site-background-color has-alpha-channel-opacity has-site-background-background-color has-background is-style-wide\" \/>\n\n\n\n<div class=\"wp-block-buttons is-layout-flex wp-block-buttons-is-layout-flex\">\n<div class=\"wp-block-button\"><a class=\"wp-block-button__link has-extra-1-background-color has-background wp-element-button\" href=\"https:\/\/pos.uel.br\/pecem\/wp-content\/uploads\/2021\/08\/EditalResultadoPNPD2018.pdf\" target=\"_blank\" rel=\"noreferrer noopener\"><strong><strong>Notice<\/strong><\/strong> <strong>007\/2018<\/strong><\/a><\/div>\n<\/div>\n\n\n\n<div style=\"height:10px\" aria-hidden=\"true\" class=\"wp-block-spacer\"><\/div>\n\n\n\n<p>The evaluation committee for the selection of the PNPD scholarship, composed of Professors Profa. Dra. Fabiele Cristiane Dias Broietti, Profa. Dra. Mariana A. Bologna Soares de Andrade, and Profa. Dra. Rosana Figueiredo Salvi, based on the criteria published in the specific notice, resolves the approval of the postdoctoral scholarship for <strong>Prof. Dr. F\u00e1bio Alexandre Borges.<\/strong><\/p>\n\n\n\n<p><strong>Profa. Dra. Angela Marta Pereira das Dores Savioli<\/strong><br><em>Coordinator of PECEM&nbsp;<\/em><\/p>\n\n\n\n<hr class=\"wp-block-separator has-text-color has-site-background-color has-alpha-channel-opacity has-site-background-background-color has-background is-style-wide\" \/>\n\n\n\n<div class=\"wp-block-buttons is-layout-flex wp-block-buttons-is-layout-flex\">\n<div class=\"wp-block-button\"><a class=\"wp-block-button__link has-extra-1-background-color has-background wp-element-button\" href=\"https:\/\/pos.uel.br\/pecem\/wp-content\/uploads\/2021\/08\/EditalResultadoPNPD2019.pdf\" target=\"_blank\" rel=\"noreferrer noopener\"><strong><strong>Notice<\/strong><\/strong> <strong>007\/2019<\/strong><\/a><\/div>\n<\/div>\n\n\n\n<div style=\"height:10px\" aria-hidden=\"true\" class=\"wp-block-spacer\"><\/div>\n\n\n\n<p>The evaluation committee for the selection of the PNPD scholarship, composed of Professors Profa. Dra. Andr\u00e9ia de Freitas Zompero and Prof. Dr. \u00c1lvaro Lorencini J\u00fanior, based on the criteria published in the specific notice, resolves the approval of the postdoctoral scholarship for <strong>Profa. Dra. Marcela Teixeira Godoy.&nbsp;<\/strong>&nbsp;<\/p>\n\n\n\n<p><strong>Profa. Dra. Mariana A. Bologna S. de Andrade<\/strong><br><em>Coordinator of PECEM<\/em><\/p>\n\n\n\n<div class=\"wp-block-buttons is-layout-flex wp-block-buttons-is-layout-flex\">\n<div class=\"wp-block-button\"><a class=\"wp-block-button__link has-extra-1-background-color has-background wp-element-button\" href=\"https:\/\/pos.uel.br\/pecem\/wp-content\/uploads\/2024\/12\/Resultado_Preliminar_PIPD_assinado-1.pdf\" target=\"_blank\" rel=\"noreferrer noopener\"><strong><strong>Notice<\/strong><\/strong> <strong>013\/2024<\/strong><\/a><\/div>\n<\/div>\n\n\n\n<div style=\"height:10px\" aria-hidden=\"true\" class=\"wp-block-spacer\"><\/div>\n\n\n\n<p>The evaluation committee for the selection of the PIPD scholarship, composed of Professors Prof\u00aa. Dr\u00aa. Irin\u00e9a de LourdesBatista, Prof\u00aa. Dr\u00aa. Lourdes Maria Werle de Almeida and Prof\u00aa. Dr\u00aa Mariana A. B. Soares de Andrade, based on the criteria published in the specific notice, resolves the approval of the postdoctoral scholarship for <strong><strong>Prof. Dr. Enio Freire de Paula.&nbsp;<\/strong><\/strong>&nbsp;<\/p>\n\n\n\n<p><strong><strong>Profa. Dra. Fabiele Cristiane Dias Broietti<\/strong><\/strong><br><em>Coordinator of PECEM<\/em><\/p>\n","protected":false},"excerpt":{"rendered":"<p>In the Quadrennium (2025-2029), 3 postdoctoral researchers are being supervised: Name Period Supervisor ENIO&nbsp;FREIRE DE PAULA Profa. Dra. M\u00e1rcia Cristina de Costa Trindade Cyrino MARCUS&nbsp;VIN\u00cdCIUS MARTINEZ PIRATELO Profa. Dra. Mariana A. B. Soares de Andrade RENATA APARECIDA FARIA 01\/03\/2024 A 01\/03\/2026 Prof. Dr. Carlos Eduardo Labur\u00fa In the Quadrennium (2021-2024), 12 postdoctoral researchers were supervised: [&hellip;]<\/p>\n","protected":false},"author":8,"featured_media":0,"parent":0,"menu_order":0,"comment_status":"closed","ping_status":"closed","template":"","meta":{"_acf_changed":false,"footnotes":""},"class_list":["post-3025","page","type-page","status-publish","hentry"],"acf":[],"_links":{"self":[{"href":"https:\/\/pos.uel.br\/pecem\/wp-json\/wp\/v2\/pages\/3025","targetHints":{"allow":["GET"]}}],"collection":[{"href":"https:\/\/pos.uel.br\/pecem\/wp-json\/wp\/v2\/pages"}],"about":[{"href":"https:\/\/pos.uel.br\/pecem\/wp-json\/wp\/v2\/types\/page"}],"author":[{"embeddable":true,"href":"https:\/\/pos.uel.br\/pecem\/wp-json\/wp\/v2\/users\/8"}],"replies":[{"embeddable":true,"href":"https:\/\/pos.uel.br\/pecem\/wp-json\/wp\/v2\/comments?post=3025"}],"version-history":[{"count":8,"href":"https:\/\/pos.uel.br\/pecem\/wp-json\/wp\/v2\/pages\/3025\/revisions"}],"predecessor-version":[{"id":3435,"href":"https:\/\/pos.uel.br\/pecem\/wp-json\/wp\/v2\/pages\/3025\/revisions\/3435"}],"wp:attachment":[{"href":"https:\/\/pos.uel.br\/pecem\/wp-json\/wp\/v2\/media?parent=3025"}],"curies":[{"name":"wp","href":"https:\/\/api.w.org\/{rel}","templated":true}]}}