{"id":2562,"date":"2024-07-31T17:31:36","date_gmt":"2024-07-31T20:31:36","guid":{"rendered":"https:\/\/pos.uel.br\/pecem\/?page_id=2562"},"modified":"2025-04-28T18:35:25","modified_gmt":"2025-04-28T21:35:25","slug":"iii-epecem","status":"publish","type":"page","link":"https:\/\/pos.uel.br\/pecem\/iii-epecem\/","title":{"rendered":"III EPECEM"},"content":{"rendered":"\n<p>Dispon\u00edvel no endere\u00e7o: <a href=\"https:\/\/sites.google.com\/uel.br\/iiiepecem\">https:\/\/sites.google.com\/uel.br\/iiiepecem<\/a><\/p>\n\n\n<div class=\"wp-block-image\">\n<figure class=\"aligncenter size-large is-resized\"><img loading=\"lazy\" decoding=\"async\" width=\"1024\" height=\"483\" src=\"https:\/\/pos.uel.br\/pecem\/wp-content\/uploads\/2024\/09\/image-1024x483.png\" alt=\"\" class=\"wp-image-2652\" style=\"width:912px;height:auto\" srcset=\"https:\/\/pos.uel.br\/pecem\/wp-content\/uploads\/2024\/09\/image-1024x483.png 1024w, https:\/\/pos.uel.br\/pecem\/wp-content\/uploads\/2024\/09\/image-300x141.png 300w, https:\/\/pos.uel.br\/pecem\/wp-content\/uploads\/2024\/09\/image-768x362.png 768w, https:\/\/pos.uel.br\/pecem\/wp-content\/uploads\/2024\/09\/image.png 1228w\" sizes=\"auto, (max-width: 1024px) 100vw, 1024px\" \/><\/figure>\n<\/div>\n\n\n<p><strong>Organiza\u00e7\u00e3o: <\/strong>Iniciativa dos estudantes do PECEM com o apoio dos docentes do Programa.<\/p>\n\n\n\n<p><strong>Objetivo: <\/strong>Reunir estudantes, egressos e docentes para discutir temas relacionados ao panorama atual da \u00e1rea de ensino, com foco em temas como a atua\u00e7\u00e3o de egressos do&nbsp;<a href=\"https:\/\/pos.uel.br\/pecem\/\" target=\"_blank\" rel=\"noreferrer noopener\">Programa de P\u00f3s-Gradua\u00e7\u00e3o em Ensino de Ci\u00eancias e Educa\u00e7\u00e3o Matem\u00e1tica (PECEM)<\/a>, experi\u00eancias do doutorado sandu\u00edche no exterior, e estrat\u00e9gias e resultados da autoavalia\u00e7\u00e3o do programa. O evento visa promover um espa\u00e7o de troca de experi\u00eancias e autoavalia\u00e7\u00e3o, contribuindo para o desempenho cont\u00ednuo do Programa e para a forma\u00e7\u00e3o e atua\u00e7\u00e3o dos profissionais da \u00e1rea.<\/p>\n\n\n\n<p><strong>Per\u00edodo de realiza\u00e7\u00e3o:&nbsp;<\/strong>05 dezembro de 2024 (evento presencial).<\/p>\n\n\n\n<p><strong>Resultados: <\/strong>Por meio da colabora\u00e7\u00e3o entre docentes, discentes e egressos foi organizado o III EPECEM. &nbsp;Nesta terceira edi\u00e7\u00e3o, visando fortalecer a\u00e7\u00f5es e ampliar horizontes na pesquisa, discutiu-se sobre o panorama atual da \u00e1rea de ensino (Palestra de abertura realizada pela Profa. Dra. Ivanise Maria Rizzatti &#8211; Coordenadora da \u00c1rea de Ensino na CAPES, gest\u00e3o 2022-2026). Na sequ\u00eancia foram apresentadas a atua\u00e7\u00e3o dos egressos, a partir de uma mesa redonda. No per\u00edodo da tarde foram apresentados os relatos e as experi\u00eancias de estudantes que participaram no programa de doutorado sandu\u00edche no exterior (PDSE) e discutida as estrat\u00e9gias e os resultados da autoavalia\u00e7\u00e3o do PECEM.<\/p>\n\n\n\n<p><strong>Discentes do PECEM que participam da comiss\u00e3o organizadora do evento:<\/strong><\/p>\n\n\n\n<ul class=\"wp-block-list\">\n<li>Isadora Polvani Barbosa (representante discente do PECEM)<\/li>\n\n\n\n<li>Ana Carolina Hyrycena<\/li>\n\n\n\n<li>Caio Juvanelli<\/li>\n\n\n\n<li>Eloisa Antunes Maciel<\/li>\n\n\n\n<li>Marllon Moreti de Souza Rosa<\/li>\n\n\n\n<li>William Hitoshy Ogasawara<\/li>\n<\/ul>\n\n\n\n<p><strong>Egressos do PECEM que participam da comiss\u00e3o organizadora do evento:<\/strong><\/p>\n\n\n\n<ul class=\"wp-block-list\">\n<li>Prof. Dr.&nbsp;Gabriel dos Santos e Silva&nbsp;(Prof.&nbsp;Dr. da Universidade Federal do Paran\u00e1 (UFPR)<\/li>\n\n\n\n<li>Prof. Dr.&nbsp;Paulo Henrique Rodrigues&nbsp;(Prof. Dr. da&nbsp;Universidade Estadual do Paran\u00e1 (UNESPAR \u2013 campus Paranava\u00ed)<\/li>\n\n\n\n<li>Profa. Dra. Viviane Arrigo&nbsp;(Profa. Dra. da Universidade&nbsp;Federal da Fronteira Sul&nbsp;(UFFS&nbsp;\u2013 campus&nbsp;Realeza)<\/li>\n<\/ul>\n\n\n\n<p><strong>Docentes que participaram da comiss\u00e3o organizadora do evento:<\/strong><\/p>\n\n\n\n<ul class=\"wp-block-list\">\n<li>Profa. Dra.&nbsp;Fabiele Cristiane Dias Broietti (Docente PECEM &#8211; UEL)<\/li>\n\n\n\n<li>Profa. Dra.&nbsp;Mariana Aparecida Bologna Soares de Andrade&nbsp;(Docente PECEM &#8211; UEL)<\/li>\n\n\n\n<li>Profa. Dra.&nbsp;Pamela Emanueli Alves Ferreira (coordenadora do evento)&nbsp;(Docente PECEM &#8211; UEL)<\/li>\n<\/ul>\n\n\n\n<div style=\"height:45px\" aria-hidden=\"true\" class=\"wp-block-spacer\"><\/div>\n\n\n\n<div class=\"wp-block-columns is-layout-flex wp-container-core-columns-is-layout-9d6595d7 wp-block-columns-is-layout-flex\">\n<div class=\"wp-block-column is-layout-flow wp-block-column-is-layout-flow\">\n<figure class=\"wp-block-gallery has-nested-images columns-default is-cropped wp-block-gallery-1 is-layout-flex wp-block-gallery-is-layout-flex\">\n<figure class=\"wp-block-image size-large\"><img loading=\"lazy\" decoding=\"async\" width=\"1024\" height=\"768\" data-id=\"2830\" src=\"https:\/\/pos.uel.br\/pecem\/wp-content\/uploads\/2024\/12\/WhatsApp-Image-2024-12-06-at-17.28.21-1024x768.jpeg\" alt=\"\" class=\"wp-image-2830\" srcset=\"https:\/\/pos.uel.br\/pecem\/wp-content\/uploads\/2024\/12\/WhatsApp-Image-2024-12-06-at-17.28.21-1024x768.jpeg 1024w, https:\/\/pos.uel.br\/pecem\/wp-content\/uploads\/2024\/12\/WhatsApp-Image-2024-12-06-at-17.28.21-300x225.jpeg 300w, https:\/\/pos.uel.br\/pecem\/wp-content\/uploads\/2024\/12\/WhatsApp-Image-2024-12-06-at-17.28.21-768x576.jpeg 768w, https:\/\/pos.uel.br\/pecem\/wp-content\/uploads\/2024\/12\/WhatsApp-Image-2024-12-06-at-17.28.21.jpeg 1280w\" sizes=\"auto, (max-width: 1024px) 100vw, 1024px\" \/><\/figure>\n<\/figure>\n<\/div>\n\n\n\n<div class=\"wp-block-column is-layout-flow wp-block-column-is-layout-flow\">\n<figure class=\"wp-block-gallery has-nested-images columns-default is-cropped wp-block-gallery-2 is-layout-flex wp-block-gallery-is-layout-flex\">\n<figure class=\"wp-block-image size-large\"><img loading=\"lazy\" decoding=\"async\" width=\"1024\" height=\"682\" data-id=\"2832\" src=\"https:\/\/pos.uel.br\/pecem\/wp-content\/uploads\/2024\/12\/WhatsApp-Image-2024-12-06-at-17.28.59-1024x682.jpeg\" alt=\"\" class=\"wp-image-2832\" srcset=\"https:\/\/pos.uel.br\/pecem\/wp-content\/uploads\/2024\/12\/WhatsApp-Image-2024-12-06-at-17.28.59-1024x682.jpeg 1024w, https:\/\/pos.uel.br\/pecem\/wp-content\/uploads\/2024\/12\/WhatsApp-Image-2024-12-06-at-17.28.59-300x200.jpeg 300w, https:\/\/pos.uel.br\/pecem\/wp-content\/uploads\/2024\/12\/WhatsApp-Image-2024-12-06-at-17.28.59-768x511.jpeg 768w, https:\/\/pos.uel.br\/pecem\/wp-content\/uploads\/2024\/12\/WhatsApp-Image-2024-12-06-at-17.28.59.jpeg 1280w\" sizes=\"auto, (max-width: 1024px) 100vw, 1024px\" \/><\/figure>\n<\/figure>\n<\/div>\n<\/div>\n\n\n\n<div class=\"wp-block-columns is-layout-flex wp-container-core-columns-is-layout-9d6595d7 wp-block-columns-is-layout-flex\">\n<div class=\"wp-block-column is-layout-flow wp-block-column-is-layout-flow\">\n<figure class=\"wp-block-gallery has-nested-images columns-default is-cropped wp-block-gallery-3 is-layout-flex wp-block-gallery-is-layout-flex\">\n<figure class=\"wp-block-image size-large\"><img loading=\"lazy\" decoding=\"async\" width=\"1024\" height=\"682\" data-id=\"2841\" src=\"https:\/\/pos.uel.br\/pecem\/wp-content\/uploads\/2024\/12\/WhatsApp-Image-2024-12-06-at-17.22.05-1-1024x682.jpeg\" alt=\"\" class=\"wp-image-2841\" srcset=\"https:\/\/pos.uel.br\/pecem\/wp-content\/uploads\/2024\/12\/WhatsApp-Image-2024-12-06-at-17.22.05-1-1024x682.jpeg 1024w, https:\/\/pos.uel.br\/pecem\/wp-content\/uploads\/2024\/12\/WhatsApp-Image-2024-12-06-at-17.22.05-1-300x200.jpeg 300w, https:\/\/pos.uel.br\/pecem\/wp-content\/uploads\/2024\/12\/WhatsApp-Image-2024-12-06-at-17.22.05-1-768x512.jpeg 768w, https:\/\/pos.uel.br\/pecem\/wp-content\/uploads\/2024\/12\/WhatsApp-Image-2024-12-06-at-17.22.05-1-1536x1023.jpeg 1536w, https:\/\/pos.uel.br\/pecem\/wp-content\/uploads\/2024\/12\/WhatsApp-Image-2024-12-06-at-17.22.05-1.jpeg 1600w\" sizes=\"auto, (max-width: 1024px) 100vw, 1024px\" \/><\/figure>\n<\/figure>\n<\/div>\n\n\n\n<div class=\"wp-block-column is-layout-flow wp-block-column-is-layout-flow\">\n<figure class=\"wp-block-gallery has-nested-images columns-default is-cropped wp-block-gallery-4 is-layout-flex wp-block-gallery-is-layout-flex\">\n<figure class=\"wp-block-image size-large\"><img loading=\"lazy\" decoding=\"async\" width=\"1024\" height=\"576\" data-id=\"2843\" src=\"https:\/\/pos.uel.br\/pecem\/wp-content\/uploads\/2024\/12\/WhatsApp-Image-2024-12-08-at-22.25.22-1024x576.jpeg\" alt=\"\" class=\"wp-image-2843\" srcset=\"https:\/\/pos.uel.br\/pecem\/wp-content\/uploads\/2024\/12\/WhatsApp-Image-2024-12-08-at-22.25.22-1024x576.jpeg 1024w, https:\/\/pos.uel.br\/pecem\/wp-content\/uploads\/2024\/12\/WhatsApp-Image-2024-12-08-at-22.25.22-300x169.jpeg 300w, https:\/\/pos.uel.br\/pecem\/wp-content\/uploads\/2024\/12\/WhatsApp-Image-2024-12-08-at-22.25.22-768x432.jpeg 768w, https:\/\/pos.uel.br\/pecem\/wp-content\/uploads\/2024\/12\/WhatsApp-Image-2024-12-08-at-22.25.22-1536x864.jpeg 1536w, https:\/\/pos.uel.br\/pecem\/wp-content\/uploads\/2024\/12\/WhatsApp-Image-2024-12-08-at-22.25.22.jpeg 1600w\" sizes=\"auto, (max-width: 1024px) 100vw, 1024px\" \/><\/figure>\n<\/figure>\n<\/div>\n<\/div>\n\n\n\n<p>Reportagem \u2013&nbsp;<a href=\"https:\/\/operobal.uel.br\/ultimas\/2024\/12\/10\/evento-reune-egressos-e-estudantes-do-programa-de-pos-graduacao-em-ensino-de-ciencias-e-educacao-matematica\/\" target=\"_blank\" rel=\"noreferrer noopener\">Ag\u00eancia de Not\u00edcias UEL<\/a><\/p>\n","protected":false},"excerpt":{"rendered":"<p>Dispon\u00edvel no endere\u00e7o: https:\/\/sites.google.com\/uel.br\/iiiepecem Organiza\u00e7\u00e3o: Iniciativa dos estudantes do PECEM com o apoio dos docentes do Programa. Objetivo: Reunir estudantes, egressos e docentes para discutir temas relacionados ao panorama atual da \u00e1rea de ensino, com foco em temas como a atua\u00e7\u00e3o de egressos do&nbsp;Programa de P\u00f3s-Gradua\u00e7\u00e3o em Ensino de Ci\u00eancias e Educa\u00e7\u00e3o Matem\u00e1tica (PECEM), experi\u00eancias [&hellip;]<\/p>\n","protected":false},"author":8,"featured_media":0,"parent":0,"menu_order":0,"comment_status":"closed","ping_status":"closed","template":"","meta":{"_acf_changed":false,"footnotes":""},"class_list":["post-2562","page","type-page","status-publish","hentry"],"acf":[],"_links":{"self":[{"href":"https:\/\/pos.uel.br\/pecem\/wp-json\/wp\/v2\/pages\/2562","targetHints":{"allow":["GET"]}}],"collection":[{"href":"https:\/\/pos.uel.br\/pecem\/wp-json\/wp\/v2\/pages"}],"about":[{"href":"https:\/\/pos.uel.br\/pecem\/wp-json\/wp\/v2\/types\/page"}],"author":[{"embeddable":true,"href":"https:\/\/pos.uel.br\/pecem\/wp-json\/wp\/v2\/users\/8"}],"replies":[{"embeddable":true,"href":"https:\/\/pos.uel.br\/pecem\/wp-json\/wp\/v2\/comments?post=2562"}],"version-history":[{"count":15,"href":"https:\/\/pos.uel.br\/pecem\/wp-json\/wp\/v2\/pages\/2562\/revisions"}],"predecessor-version":[{"id":3263,"href":"https:\/\/pos.uel.br\/pecem\/wp-json\/wp\/v2\/pages\/2562\/revisions\/3263"}],"wp:attachment":[{"href":"https:\/\/pos.uel.br\/pecem\/wp-json\/wp\/v2\/media?parent=2562"}],"curies":[{"name":"wp","href":"https:\/\/api.w.org\/{rel}","templated":true}]}}

<p>Disponível no endereço: <a href="https://sites.google.com/uel.br/iiiepecem">https://sites.google.com/uel.br/iiiepecem</a></p>


<div class="wp-block-image">
<figure class="aligncenter size-large is-resized"><img loading="lazy" decoding="async" width="1024" height="483" src="https://pos.uel.br/pecem/wp-content/uploads/2024/09/image-1024x483.png" alt="" class="wp-image-2652" style="width:912px;height:auto" srcset="https://pos.uel.br/pecem/wp-content/uploads/2024/09/image-1024x483.png 1024w, https://pos.uel.br/pecem/wp-content/uploads/2024/09/image-300x141.png 300w, https://pos.uel.br/pecem/wp-content/uploads/2024/09/image-768x362.png 768w, https://pos.uel.br/pecem/wp-content/uploads/2024/09/image.png 1228w" sizes="auto, (max-width: 1024px) 100vw, 1024px" /></figure>
</div>


<p><strong>Organização: </strong>Iniciativa dos estudantes do PECEM com o apoio dos docentes do Programa.</p>



<p><strong>Objetivo: </strong>Reunir estudantes, egressos e docentes para discutir temas relacionados ao panorama atual da área de ensino, com foco em temas como a atuação de egressos do&nbsp;<a href="https://pos.uel.br/pecem/" target="_blank" rel="noreferrer noopener">Programa de Pós-Graduação em Ensino de Ciências e Educação Matemática (PECEM)</a>, experiências do doutorado sanduíche no exterior, e estratégias e resultados da autoavaliação do programa. O evento visa promover um espaço de troca de experiências e autoavaliação, contribuindo para o desempenho contínuo do Programa e para a formação e atuação dos profissionais da área.</p>



<p><strong>Período de realização:&nbsp;</strong>05 dezembro de 2024 (evento presencial).</p>



<p><strong>Resultados: </strong>Por meio da colaboração entre docentes, discentes e egressos foi organizado o III EPECEM. &nbsp;Nesta terceira edição, visando fortalecer ações e ampliar horizontes na pesquisa, discutiu-se sobre o panorama atual da área de ensino (Palestra de abertura realizada pela Profa. Dra. Ivanise Maria Rizzatti &#8211; Coordenadora da Área de Ensino na CAPES, gestão 2022-2026). Na sequência foram apresentadas a atuação dos egressos, a partir de uma mesa redonda. No período da tarde foram apresentados os relatos e as experiências de estudantes que participaram no programa de doutorado sanduíche no exterior (PDSE) e discutida as estratégias e os resultados da autoavaliação do PECEM.</p>



<p><strong>Discentes do PECEM que participam da comissão organizadora do evento:</strong></p>



<ul class="wp-block-list">
<li>Isadora Polvani Barbosa (representante discente do PECEM)</li>



<li>Ana Carolina Hyrycena</li>



<li>Caio Juvanelli</li>



<li>Eloisa Antunes Maciel</li>



<li>Marllon Moreti de Souza Rosa</li>



<li>William Hitoshy Ogasawara</li>
</ul>



<p><strong>Egressos do PECEM que participam da comissão organizadora do evento:</strong></p>



<ul class="wp-block-list">
<li>Prof. Dr.&nbsp;Gabriel dos Santos e Silva&nbsp;(Prof.&nbsp;Dr. da Universidade Federal do Paraná (UFPR)</li>



<li>Prof. Dr.&nbsp;Paulo Henrique Rodrigues&nbsp;(Prof. Dr. da&nbsp;Universidade Estadual do Paraná (UNESPAR – campus Paranavaí)</li>



<li>Profa. Dra. Viviane Arrigo&nbsp;(Profa. Dra. da Universidade&nbsp;Federal da Fronteira Sul&nbsp;(UFFS&nbsp;– campus&nbsp;Realeza)</li>
</ul>



<p><strong>Docentes que participaram da comissão organizadora do evento:</strong></p>



<ul class="wp-block-list">
<li>Profa. Dra.&nbsp;Fabiele Cristiane Dias Broietti (Docente PECEM &#8211; UEL)</li>



<li>Profa. Dra.&nbsp;Mariana Aparecida Bologna Soares de Andrade&nbsp;(Docente PECEM &#8211; UEL)</li>



<li>Profa. Dra.&nbsp;Pamela Emanueli Alves Ferreira (coordenadora do evento)&nbsp;(Docente PECEM &#8211; UEL)</li>
</ul>



<div style="height:45px" aria-hidden="true" class="wp-block-spacer"></div>



<div class="wp-block-columns is-layout-flex wp-container-core-columns-is-layout-9d6595d7 wp-block-columns-is-layout-flex">
<div class="wp-block-column is-layout-flow wp-block-column-is-layout-flow">
<figure class="wp-block-gallery has-nested-images columns-default is-cropped wp-block-gallery-1 is-layout-flex wp-block-gallery-is-layout-flex">
<figure class="wp-block-image size-large"><img loading="lazy" decoding="async" width="1024" height="768" data-id="2830" src="https://pos.uel.br/pecem/wp-content/uploads/2024/12/WhatsApp-Image-2024-12-06-at-17.28.21-1024x768.jpeg" alt="" class="wp-image-2830" srcset="https://pos.uel.br/pecem/wp-content/uploads/2024/12/WhatsApp-Image-2024-12-06-at-17.28.21-1024x768.jpeg 1024w, https://pos.uel.br/pecem/wp-content/uploads/2024/12/WhatsApp-Image-2024-12-06-at-17.28.21-300x225.jpeg 300w, https://pos.uel.br/pecem/wp-content/uploads/2024/12/WhatsApp-Image-2024-12-06-at-17.28.21-768x576.jpeg 768w, https://pos.uel.br/pecem/wp-content/uploads/2024/12/WhatsApp-Image-2024-12-06-at-17.28.21.jpeg 1280w" sizes="auto, (max-width: 1024px) 100vw, 1024px" /></figure>
</figure>
</div>



<div class="wp-block-column is-layout-flow wp-block-column-is-layout-flow">
<figure class="wp-block-gallery has-nested-images columns-default is-cropped wp-block-gallery-2 is-layout-flex wp-block-gallery-is-layout-flex">
<figure class="wp-block-image size-large"><img loading="lazy" decoding="async" width="1024" height="682" data-id="2832" src="https://pos.uel.br/pecem/wp-content/uploads/2024/12/WhatsApp-Image-2024-12-06-at-17.28.59-1024x682.jpeg" alt="" class="wp-image-2832" srcset="https://pos.uel.br/pecem/wp-content/uploads/2024/12/WhatsApp-Image-2024-12-06-at-17.28.59-1024x682.jpeg 1024w, https://pos.uel.br/pecem/wp-content/uploads/2024/12/WhatsApp-Image-2024-12-06-at-17.28.59-300x200.jpeg 300w, https://pos.uel.br/pecem/wp-content/uploads/2024/12/WhatsApp-Image-2024-12-06-at-17.28.59-768x511.jpeg 768w, https://pos.uel.br/pecem/wp-content/uploads/2024/12/WhatsApp-Image-2024-12-06-at-17.28.59.jpeg 1280w" sizes="auto, (max-width: 1024px) 100vw, 1024px" /></figure>
</figure>
</div>
</div>



<div class="wp-block-columns is-layout-flex wp-container-core-columns-is-layout-9d6595d7 wp-block-columns-is-layout-flex">
<div class="wp-block-column is-layout-flow wp-block-column-is-layout-flow">
<figure class="wp-block-gallery has-nested-images columns-default is-cropped wp-block-gallery-3 is-layout-flex wp-block-gallery-is-layout-flex">
<figure class="wp-block-image size-large"><img loading="lazy" decoding="async" width="1024" height="682" data-id="2841" src="https://pos.uel.br/pecem/wp-content/uploads/2024/12/WhatsApp-Image-2024-12-06-at-17.22.05-1-1024x682.jpeg" alt="" class="wp-image-2841" srcset="https://pos.uel.br/pecem/wp-content/uploads/2024/12/WhatsApp-Image-2024-12-06-at-17.22.05-1-1024x682.jpeg 1024w, https://pos.uel.br/pecem/wp-content/uploads/2024/12/WhatsApp-Image-2024-12-06-at-17.22.05-1-300x200.jpeg 300w, https://pos.uel.br/pecem/wp-content/uploads/2024/12/WhatsApp-Image-2024-12-06-at-17.22.05-1-768x512.jpeg 768w, https://pos.uel.br/pecem/wp-content/uploads/2024/12/WhatsApp-Image-2024-12-06-at-17.22.05-1-1536x1023.jpeg 1536w, https://pos.uel.br/pecem/wp-content/uploads/2024/12/WhatsApp-Image-2024-12-06-at-17.22.05-1.jpeg 1600w" sizes="auto, (max-width: 1024px) 100vw, 1024px" /></figure>
</figure>
</div>



<div class="wp-block-column is-layout-flow wp-block-column-is-layout-flow">
<figure class="wp-block-gallery has-nested-images columns-default is-cropped wp-block-gallery-4 is-layout-flex wp-block-gallery-is-layout-flex">
<figure class="wp-block-image size-large"><img loading="lazy" decoding="async" width="1024" height="576" data-id="2843" src="https://pos.uel.br/pecem/wp-content/uploads/2024/12/WhatsApp-Image-2024-12-08-at-22.25.22-1024x576.jpeg" alt="" class="wp-image-2843" srcset="https://pos.uel.br/pecem/wp-content/uploads/2024/12/WhatsApp-Image-2024-12-08-at-22.25.22-1024x576.jpeg 1024w, https://pos.uel.br/pecem/wp-content/uploads/2024/12/WhatsApp-Image-2024-12-08-at-22.25.22-300x169.jpeg 300w, https://pos.uel.br/pecem/wp-content/uploads/2024/12/WhatsApp-Image-2024-12-08-at-22.25.22-768x432.jpeg 768w, https://pos.uel.br/pecem/wp-content/uploads/2024/12/WhatsApp-Image-2024-12-08-at-22.25.22-1536x864.jpeg 1536w, https://pos.uel.br/pecem/wp-content/uploads/2024/12/WhatsApp-Image-2024-12-08-at-22.25.22.jpeg 1600w" sizes="auto, (max-width: 1024px) 100vw, 1024px" /></figure>
</figure>
</div>
</div>



<p>Reportagem –&nbsp;<a href="https://operobal.uel.br/ultimas/2024/12/10/evento-reune-egressos-e-estudantes-do-programa-de-pos-graduacao-em-ensino-de-ciencias-e-educacao-matematica/" target="_blank" rel="noreferrer noopener">Agência de Notícias UEL</a></p>

<p>Disponível no endereço: https://sites.google.com/uel.br/iiiepecem Organização: Iniciativa dos estudantes do PECEM com o apoio dos docentes do Programa. Objetivo: Reunir estudantes, egressos e docentes para discutir temas relacionados ao panorama atual da área de ensino, com foco em temas como a atuação de egressos do&nbsp;Programa de Pós-Graduação em Ensino de Ciências e Educação Matemática (PECEM), experiências [&hellip;]</p>
