{"id":2462,"date":"2024-07-25T01:44:18","date_gmt":"2024-07-25T04:44:18","guid":{"rendered":"https:\/\/pos.uel.br\/pecem\/?page_id=2462"},"modified":"2025-04-28T18:59:09","modified_gmt":"2025-04-28T21:59:09","slug":"i-epecem","status":"publish","type":"page","link":"https:\/\/pos.uel.br\/pecem\/i-epecem\/","title":{"rendered":"I EPECEM"},"content":{"rendered":"\n<h2 class=\"wp-block-heading\"><strong>I Encontro de Estudantes e Egressos do Programa de P\u00f3s-Gradua\u00e7\u00e3o em Ensino de Ci\u00eancias e Educa\u00e7\u00e3o Matem\u00e1tica \u2013 \u201cDiminuindo dist\u00e2ncias, estabelecendo rela\u00e7\u00f5es\u201d<\/strong><\/h2>\n\n\n<div class=\"wp-block-image\">\n<figure class=\"aligncenter size-full is-resized\"><img loading=\"lazy\" decoding=\"async\" width=\"444\" height=\"339\" src=\"https:\/\/pos.uel.br\/pecem\/wp-content\/uploads\/2023\/04\/i-epecem.png\" alt=\"\" class=\"wp-image-1840\" style=\"width:575px;height:auto\" srcset=\"https:\/\/pos.uel.br\/pecem\/wp-content\/uploads\/2023\/04\/i-epecem.png 444w, https:\/\/pos.uel.br\/pecem\/wp-content\/uploads\/2023\/04\/i-epecem-300x229.png 300w\" sizes=\"auto, (max-width: 444px) 100vw, 444px\" \/><\/figure>\n<\/div>\n\n\n<p><strong>Organiza\u00e7\u00e3o<\/strong>: Iniciativa dos estudantes do PECEM com o apoio dos docentes do Programa.<\/p>\n\n\n\n<p><strong>Objetivo<\/strong>: Aproximar os estudantes da p\u00f3s-gradua\u00e7\u00e3o, possibilitar um (re)encontro com os egressos do curso, com estudantes, docentes e pesquisadores de outras institui\u00e7\u00f5es nacionais e internacionais, discutir temas e desafios da pesquisa na \u00e1rea de Ensino de Ci\u00eancias e Educa\u00e7\u00e3o Matem\u00e1tica, principalmente no cen\u00e1rio da pandemia.<\/p>\n\n\n\n<p><strong>Per\u00edodo de Realiza\u00e7\u00e3o<\/strong>: 21, 22 e 23 de outubro de 2020 (evento remoto).<\/p>\n\n\n\n<p><strong>Resultados<\/strong>: Por meio da colabora\u00e7\u00e3o entre docentes, discentes e egressos foi organizado o I EPECEM. Foram 3 dias de muita intera\u00e7\u00e3o e debates sobre temas importantes que envolveram a pesquisa e a atua\u00e7\u00e3o profissional no campo da doc\u00eancia. Foram discutidos temas que destacam as origens do programa e o desenvolvimento da \u00e1rea de Ensino.&nbsp;Contamos com a apresenta\u00e7\u00e3o da palestra da profa. Neus Sanmart\u00ed (Universidade Aut\u00f4noma de Barcelona\/Espanha), que explorou o tema avalia\u00e7\u00e3o a partir da perspectiva de aprendizagem; Momentos de troca de experi\u00eancias e relevantes di\u00e1logos com representantes egressos que ocupam distintas atua\u00e7\u00f5es profissionais, seja no ambiente da Educa\u00e7\u00e3o B\u00e1sica ou nos espa\u00e7os universit\u00e1rios.<\/p>\n\n\n\n<p><strong>Participaram do I EPECEM os egressos:<\/strong><\/p>\n\n\n\n<ul class=\"wp-block-list\">\n<li>Rodolfo Eduardo Vertuan (UTFPR- Campus Toledo);<\/li>\n\n\n\n<li>Gustavo Pricinotto (UTFPR \u2013 Campus Campo Mour\u00e3o);<\/li>\n\n\n\n<li>Maria L\u00facia Correa (Professora da SEED\/PR);<\/li>\n\n\n\n<li>Adriana Quiment\u00e3o Passos (Professora da SEED\/PR);<\/li>\n<\/ul>\n\n\n\n<p><strong>Participaram dessa atividade os discentes:<\/strong><\/p>\n\n\n\n<ul class=\"wp-block-list\">\n<li>Amanda Mikos; Fernanda Garcia de Almeida;<\/li>\n\n\n\n<li>Geraldo Aparecido Polegatti;<\/li>\n\n\n\n<li>Fernanda Frasson.<\/li>\n<\/ul>\n\n\n\n<p><strong>Discentes que participaram da comiss\u00e3o organizadora do evento:<\/strong><\/p>\n\n\n\n<ul class=\"wp-block-list\">\n<li>Amanda Mikos;<\/li>\n\n\n\n<li>Daniela Rejan;<\/li>\n\n\n\n<li>Gabriela Cher;<\/li>\n\n\n\n<li>Giovana Castilho;<\/li>\n\n\n\n<li>Luana Pires Leal;<\/li>\n\n\n\n<li>Lucyana Silva;<\/li>\n<\/ul>\n\n\n\n<p><strong>Docentes que participaram da comiss\u00e3o organizadora do evento:<\/strong><\/p>\n\n\n\n<ul class=\"wp-block-list\">\n<li>Andreia Zompero;<\/li>\n\n\n\n<li>Fabiele Dias Broietti;<\/li>\n\n\n\n<li>Mariana Andrade;<\/li>\n\n\n\n<li>Paulo Camargo Filho;<\/li>\n<\/ul>\n\n\n\n<p><strong>Palestras e mesas-redondas encontram-se dispon\u00edveis no canal do YouTube do Programa, no link:<\/strong><\/p>\n\n\n\n<p><em><a href=\"https:\/\/www.youtube.com\/@pecem-uel4586\/streams\" target=\"_blank\" rel=\"noreferrer noopener\">https:\/\/www.youtube.com\/@pecem-uel4586\/streams<\/a><\/em><\/p>\n","protected":false},"excerpt":{"rendered":"<p>I Encontro de Estudantes e Egressos do Programa de P\u00f3s-Gradua\u00e7\u00e3o em Ensino de Ci\u00eancias e Educa\u00e7\u00e3o Matem\u00e1tica \u2013 \u201cDiminuindo dist\u00e2ncias, estabelecendo rela\u00e7\u00f5es\u201d Organiza\u00e7\u00e3o: Iniciativa dos estudantes do PECEM com o apoio dos docentes do Programa. Objetivo: Aproximar os estudantes da p\u00f3s-gradua\u00e7\u00e3o, possibilitar um (re)encontro com os egressos do curso, com estudantes, docentes e pesquisadores de [&hellip;]<\/p>\n","protected":false},"author":8,"featured_media":0,"parent":0,"menu_order":0,"comment_status":"closed","ping_status":"closed","template":"","meta":{"_acf_changed":false,"footnotes":""},"class_list":["post-2462","page","type-page","status-publish","hentry"],"acf":[],"_links":{"self":[{"href":"https:\/\/pos.uel.br\/pecem\/wp-json\/wp\/v2\/pages\/2462","targetHints":{"allow":["GET"]}}],"collection":[{"href":"https:\/\/pos.uel.br\/pecem\/wp-json\/wp\/v2\/pages"}],"about":[{"href":"https:\/\/pos.uel.br\/pecem\/wp-json\/wp\/v2\/types\/page"}],"author":[{"embeddable":true,"href":"https:\/\/pos.uel.br\/pecem\/wp-json\/wp\/v2\/users\/8"}],"replies":[{"embeddable":true,"href":"https:\/\/pos.uel.br\/pecem\/wp-json\/wp\/v2\/comments?post=2462"}],"version-history":[{"count":3,"href":"https:\/\/pos.uel.br\/pecem\/wp-json\/wp\/v2\/pages\/2462\/revisions"}],"predecessor-version":[{"id":3271,"href":"https:\/\/pos.uel.br\/pecem\/wp-json\/wp\/v2\/pages\/2462\/revisions\/3271"}],"wp:attachment":[{"href":"https:\/\/pos.uel.br\/pecem\/wp-json\/wp\/v2\/media?parent=2462"}],"curies":[{"name":"wp","href":"https:\/\/api.w.org\/{rel}","templated":true}]}}

<h2 class="wp-block-heading"><strong>I Encontro de Estudantes e Egressos do Programa de Pós-Graduação em Ensino de Ciências e Educação Matemática – “Diminuindo distâncias, estabelecendo relações”</strong></h2>


<div class="wp-block-image">
<figure class="aligncenter size-full is-resized"><img loading="lazy" decoding="async" width="444" height="339" src="https://pos.uel.br/pecem/wp-content/uploads/2023/04/i-epecem.png" alt="" class="wp-image-1840" style="width:575px;height:auto" srcset="https://pos.uel.br/pecem/wp-content/uploads/2023/04/i-epecem.png 444w, https://pos.uel.br/pecem/wp-content/uploads/2023/04/i-epecem-300x229.png 300w" sizes="auto, (max-width: 444px) 100vw, 444px" /></figure>
</div>


<p><strong>Organização</strong>: Iniciativa dos estudantes do PECEM com o apoio dos docentes do Programa.</p>



<p><strong>Objetivo</strong>: Aproximar os estudantes da pós-graduação, possibilitar um (re)encontro com os egressos do curso, com estudantes, docentes e pesquisadores de outras instituições nacionais e internacionais, discutir temas e desafios da pesquisa na área de Ensino de Ciências e Educação Matemática, principalmente no cenário da pandemia.</p>



<p><strong>Período de Realização</strong>: 21, 22 e 23 de outubro de 2020 (evento remoto).</p>



<p><strong>Resultados</strong>: Por meio da colaboração entre docentes, discentes e egressos foi organizado o I EPECEM. Foram 3 dias de muita interação e debates sobre temas importantes que envolveram a pesquisa e a atuação profissional no campo da docência. Foram discutidos temas que destacam as origens do programa e o desenvolvimento da área de Ensino.&nbsp;Contamos com a apresentação da palestra da profa. Neus Sanmartí (Universidade Autônoma de Barcelona/Espanha), que explorou o tema avaliação a partir da perspectiva de aprendizagem; Momentos de troca de experiências e relevantes diálogos com representantes egressos que ocupam distintas atuações profissionais, seja no ambiente da Educação Básica ou nos espaços universitários.</p>



<p><strong>Participaram do I EPECEM os egressos:</strong></p>



<ul class="wp-block-list">
<li>Rodolfo Eduardo Vertuan (UTFPR- Campus Toledo);</li>



<li>Gustavo Pricinotto (UTFPR – Campus Campo Mourão);</li>



<li>Maria Lúcia Correa (Professora da SEED/PR);</li>



<li>Adriana Quimentão Passos (Professora da SEED/PR);</li>
</ul>



<p><strong>Participaram dessa atividade os discentes:</strong></p>



<ul class="wp-block-list">
<li>Amanda Mikos; Fernanda Garcia de Almeida;</li>



<li>Geraldo Aparecido Polegatti;</li>



<li>Fernanda Frasson.</li>
</ul>



<p><strong>Discentes que participaram da comissão organizadora do evento:</strong></p>



<ul class="wp-block-list">
<li>Amanda Mikos;</li>



<li>Daniela Rejan;</li>



<li>Gabriela Cher;</li>



<li>Giovana Castilho;</li>



<li>Luana Pires Leal;</li>



<li>Lucyana Silva;</li>
</ul>



<p><strong>Docentes que participaram da comissão organizadora do evento:</strong></p>



<ul class="wp-block-list">
<li>Andreia Zompero;</li>



<li>Fabiele Dias Broietti;</li>



<li>Mariana Andrade;</li>



<li>Paulo Camargo Filho;</li>
</ul>



<p><strong>Palestras e mesas-redondas encontram-se disponíveis no canal do YouTube do Programa, no link:</strong></p>



<p><em><a href="https://www.youtube.com/@pecem-uel4586/streams" target="_blank" rel="noreferrer noopener">https://www.youtube.com/@pecem-uel4586/streams</a></em></p>

<p>I Encontro de Estudantes e Egressos do Programa de Pós-Graduação em Ensino de Ciências e Educação Matemática – “Diminuindo distâncias, estabelecendo relações” Organização: Iniciativa dos estudantes do PECEM com o apoio dos docentes do Programa. Objetivo: Aproximar os estudantes da pós-graduação, possibilitar um (re)encontro com os egressos do curso, com estudantes, docentes e pesquisadores de [&hellip;]</p>
