{"id":2440,"date":"2024-07-25T00:58:50","date_gmt":"2024-07-25T03:58:50","guid":{"rendered":"https:\/\/pos.uel.br\/pecem\/?page_id=2440"},"modified":"2025-01-23T20:07:01","modified_gmt":"2025-01-23T23:07:01","slug":"autoavaliacao-e-planejamento-estrategico","status":"publish","type":"page","link":"https:\/\/pos.uel.br\/pecem\/autoavaliacao-e-planejamento-estrategico\/","title":{"rendered":"Autoavalia\u00e7\u00e3o e Planejamento Estrat\u00e9gico"},"content":{"rendered":"\n<p>A Universidade Estadual de Londrina (UEL), por meio da Pr\u00f3-Reitoria de Pesquisa e P\u00f3s-Gradua\u00e7\u00e3o (PROPPG), desde o ano de 2019, tem atuado junto aos seus Programas de P\u00f3s-Gradua\u00e7\u00e3o Stricto Sensu com o objetivo de sistematizar as a\u00e7\u00f5es de autoavalia\u00e7\u00e3o.<\/p>\n\n\n\n<p>Neste contexto, foi institu\u00edda a <a href=\"https:\/\/sites.uel.br\/ciapg\/\" data-type=\"link\" data-id=\"https:\/\/sites.uel.br\/ciapg\/\" target=\"_blank\" rel=\"noreferrer noopener\"><strong>Comiss\u00e3o Institucional de Avalia\u00e7\u00e3o da P\u00f3s-Gradua\u00e7\u00e3o (CIAPG)<\/strong><\/a>, sendo composta pela Diretora de P\u00f3s-Gradua\u00e7\u00e3o, pelos coordenadores representando os nove Centros de Estudos da Institui\u00e7\u00e3o e por um coordenador do Mestrado Profissional.\u00a0 Neste per\u00edodo, cada Programa instituiu internamente uma comiss\u00e3o de autoavalia\u00e7\u00e3o (CAA), respons\u00e1vel pelas a\u00e7\u00f5es de autoavalia\u00e7\u00e3o dentro do \u00e2mbito de cada Programa.<\/p>\n\n\n\n<p>A <strong>CAA\/PECEM\/UEL<\/strong> atual \u00e9 constitu\u00edda:<\/p>\n\n\n\n<p><strong>Docentes:<\/strong><\/p>\n\n\n\n<p>PROFA. DRA. LOURDES MARIA WERLE DE ALMEIDA<\/p>\n\n\n\n<p>PROFA. DRA. ANDREIA DE FREITAS ZOMPERO<\/p>\n\n\n\n<p>PROFA. DRA. EDILAINE REGINA DOS SANTOS<\/p>\n\n\n\n<p><strong>Estudantes:<\/strong><\/p>\n\n\n\n<p>SARAH GIOVANA GIOLO FERNANDES DIAS \u2013 estudante do mestrado<\/p>\n\n\n\n<p>CAIO JUVANELLI \u2013 estudante do doutorado<\/p>\n\n\n\n<p><strong>Egresso:<\/strong><\/p>\n\n\n\n<p>JEFERSON TAKEO PADOAN SEKI<\/p>\n\n\n\n<p>A Comiss\u00e3o Institucional de Avalia\u00e7\u00e3o da P\u00f3s-Gradua\u00e7\u00e3o (CIAPG) prop\u00f4s os quesitos m\u00ednimos obrigat\u00f3rios para as fichas de avalia\u00e7\u00e3o discente, egresso, docente e relat\u00f3rio de autoavalia\u00e7\u00e3o do Programa, recomendando-se que a CAA acrescentasse os quesitos que elencasse necess\u00e1rios devido \u00e0s especificidades da \u00e1rea, nos seus instrumentos de avalia\u00e7\u00e3o.<\/p>\n\n\n\n<p><\/p>\n\n\n\n<p><strong>Relat\u00f3rio de Autoavalia\u00e7\u00e3o Institucional dos Programas de P\u00f3s-Gradua\u00e7\u00e3o da UEL 2021 a 2024<\/strong><\/p>\n\n\n\n<p>Link de acesso: <a href=\"https:\/\/pos.uel.br\/pecem\/wp-content\/uploads\/2025\/01\/Relatorio-de-autoavaliacao-PPG_UEL_-2021_24.pdf\" target=\"_blank\" rel=\"noreferrer noopener\">https:\/\/pos.uel.br\/pecem\/wp-content\/uploads\/2025\/01\/Relatorio-de-autoavaliacao-PPG_UEL_-2021_24.pdf<\/a><\/p>\n\n\n\n<p><strong>Planejamento de Autoavalia\u00e7\u00e3o dos Programas de P\u00f3s-Gradua\u00e7\u00e3o da Universidade Estadual de Londrina Gest\u00e3o 2022-2026<\/strong><\/p>\n\n\n\n<p>Link de acesso: <a href=\"https:\/\/sites.uel.br\/ciapg\/wp-content\/uploads\/2024\/08\/Planejamento-de-Autoavaliacao-dos-PPG_UEL-_Gestao-2022-2026.pdf\" data-type=\"link\" data-id=\"https:\/\/sites.uel.br\/ciapg\/wp-content\/uploads\/2024\/08\/Planejamento-de-Autoavaliacao-dos-PPG_UEL-_Gestao-2022-2026.pdf\" target=\"_blank\" rel=\"noreferrer noopener\">https:\/\/sites.uel.br\/ciapg\/wp-content\/uploads\/2024\/08\/Planejamento-de-Autoavaliacao-dos-PPG_UEL-_Gestao-2022-2026.pdf<\/a><\/p>\n\n\n\n<p><strong>Planejamento de Autoavalia\u00e7\u00e3o dos Programas de P\u00f3s-Gradua\u00e7\u00e3o da Universidade Estadual de Londrina Gest\u00e3o 2019-2021<\/strong><\/p>\n\n\n\n<p>Link de acesso: <a href=\"https:\/\/sites.uel.br\/ciapg\/wp-content\/uploads\/2022\/09\/Planejamento-de-Autoavaliacao-dos-PPG_UEL-_Gestao-2019-2021.pdf\" target=\"_blank\" rel=\"noreferrer noopener\">https:\/\/sites.uel.br\/ciapg\/wp-content\/uploads\/2022\/09\/Planejamento-de-Autoavaliacao-dos-PPG_UEL-_Gestao-2019-2021.pdf<\/a><\/p>\n\n\n\n<p><strong>Apresenta\u00e7\u00e3o do Relat\u00f3rio de Autoavalia\u00e7\u00e3o do PECEM \u2013 2020 a 2022<\/strong><\/p>\n\n\n\n<p>Link de acesso: <a href=\"https:\/\/pos.uel.br\/pecem\/wp-content\/uploads\/2024\/07\/Autoavaliacao_PECEM_2020-e-2022.pdf\" target=\"_blank\" rel=\"noreferrer noopener\">https:\/\/pos.uel.br\/pecem\/wp-content\/uploads\/2024\/07\/Autoavaliacao_PECEM_2020-e-2022.pdf<\/a><\/p>\n\n\n\n<p><strong>Apresenta\u00e7\u00e3o do Relat\u00f3rio de Autoavalia\u00e7\u00e3o do PECEM \u2013 2023 a 2024<\/strong><\/p>\n\n\n\n<p>Link de acesso: <a href=\"https:\/\/pos.uel.br\/pecem\/wp-content\/uploads\/2025\/01\/Autoavaliacao-PECEM-2023-e-2024.pdf\" target=\"_blank\" rel=\"noreferrer noopener\">https:\/\/pos.uel.br\/pecem\/wp-content\/uploads\/2025\/01\/Autoavaliacao-PECEM-2023-e-2024.pdf<\/a><\/p>\n","protected":false},"excerpt":{"rendered":"<p>A Universidade Estadual de Londrina (UEL), por meio da Pr\u00f3-Reitoria de Pesquisa e P\u00f3s-Gradua\u00e7\u00e3o (PROPPG), desde o ano de 2019, tem atuado junto aos seus Programas de P\u00f3s-Gradua\u00e7\u00e3o Stricto Sensu com o objetivo de sistematizar as a\u00e7\u00f5es de autoavalia\u00e7\u00e3o. Neste contexto, foi institu\u00edda a Comiss\u00e3o Institucional de Avalia\u00e7\u00e3o da P\u00f3s-Gradua\u00e7\u00e3o (CIAPG), sendo composta pela Diretora [&hellip;]<\/p>\n","protected":false},"author":8,"featured_media":0,"parent":0,"menu_order":0,"comment_status":"closed","ping_status":"closed","template":"","meta":{"_acf_changed":false,"footnotes":""},"class_list":["post-2440","page","type-page","status-publish","hentry"],"acf":[],"_links":{"self":[{"href":"https:\/\/pos.uel.br\/pecem\/wp-json\/wp\/v2\/pages\/2440","targetHints":{"allow":["GET"]}}],"collection":[{"href":"https:\/\/pos.uel.br\/pecem\/wp-json\/wp\/v2\/pages"}],"about":[{"href":"https:\/\/pos.uel.br\/pecem\/wp-json\/wp\/v2\/types\/page"}],"author":[{"embeddable":true,"href":"https:\/\/pos.uel.br\/pecem\/wp-json\/wp\/v2\/users\/8"}],"replies":[{"embeddable":true,"href":"https:\/\/pos.uel.br\/pecem\/wp-json\/wp\/v2\/comments?post=2440"}],"version-history":[{"count":11,"href":"https:\/\/pos.uel.br\/pecem\/wp-json\/wp\/v2\/pages\/2440\/revisions"}],"predecessor-version":[{"id":2892,"href":"https:\/\/pos.uel.br\/pecem\/wp-json\/wp\/v2\/pages\/2440\/revisions\/2892"}],"wp:attachment":[{"href":"https:\/\/pos.uel.br\/pecem\/wp-json\/wp\/v2\/media?parent=2440"}],"curies":[{"name":"wp","href":"https:\/\/api.w.org\/{rel}","templated":true}]}}

Autoavaliação e Planejamento Estratégico

<p>A Universidade Estadual de Londrina (UEL), por meio da Pró-Reitoria de Pesquisa e Pós-Graduação (PROPPG), desde o ano de 2019, tem atuado junto aos seus Programas de Pós-Graduação Stricto Sensu com o objetivo de sistematizar as ações de autoavaliação.</p>



<p>Neste contexto, foi instituída a <a href="https://sites.uel.br/ciapg/" data-type="link" data-id="https://sites.uel.br/ciapg/" target="_blank" rel="noreferrer noopener"><strong>Comissão Institucional de Avaliação da Pós-Graduação (CIAPG)</strong></a>, sendo composta pela Diretora de Pós-Graduação, pelos coordenadores representando os nove Centros de Estudos da Instituição e por um coordenador do Mestrado Profissional.  Neste período, cada Programa instituiu internamente uma comissão de autoavaliação (CAA), responsável pelas ações de autoavaliação dentro do âmbito de cada Programa.</p>



<p>A <strong>CAA/PECEM/UEL</strong> atual é constituída:</p>



<p><strong>Docentes:</strong></p>



<p>PROFA. DRA. LOURDES MARIA WERLE DE ALMEIDA</p>



<p>PROFA. DRA. ANDREIA DE FREITAS ZOMPERO</p>



<p>PROFA. DRA. EDILAINE REGINA DOS SANTOS</p>



<p><strong>Estudantes:</strong></p>



<p>SARAH GIOVANA GIOLO FERNANDES DIAS – estudante do mestrado</p>



<p>CAIO JUVANELLI – estudante do doutorado</p>



<p><strong>Egresso:</strong></p>



<p>JEFERSON TAKEO PADOAN SEKI</p>



<p>A Comissão Institucional de Avaliação da Pós-Graduação (CIAPG) propôs os quesitos mínimos obrigatórios para as fichas de avaliação discente, egresso, docente e relatório de autoavaliação do Programa, recomendando-se que a CAA acrescentasse os quesitos que elencasse necessários devido às especificidades da área, nos seus instrumentos de avaliação.</p>



<p></p>



<p><strong>Relatório de Autoavaliação Institucional dos Programas de Pós-Graduação da UEL 2021 a 2024</strong></p>



<p>Link de acesso: <a href="https://pos.uel.br/pecem/wp-content/uploads/2025/01/Relatorio-de-autoavaliacao-PPG_UEL_-2021_24.pdf" target="_blank" rel="noreferrer noopener">https://pos.uel.br/pecem/wp-content/uploads/2025/01/Relatorio-de-autoavaliacao-PPG_UEL_-2021_24.pdf</a></p>



<p><strong>Planejamento de Autoavaliação dos Programas de Pós-Graduação da Universidade Estadual de Londrina Gestão 2022-2026</strong></p>



<p>Link de acesso: <a href="https://sites.uel.br/ciapg/wp-content/uploads/2024/08/Planejamento-de-Autoavaliacao-dos-PPG_UEL-_Gestao-2022-2026.pdf" data-type="link" data-id="https://sites.uel.br/ciapg/wp-content/uploads/2024/08/Planejamento-de-Autoavaliacao-dos-PPG_UEL-_Gestao-2022-2026.pdf" target="_blank" rel="noreferrer noopener">https://sites.uel.br/ciapg/wp-content/uploads/2024/08/Planejamento-de-Autoavaliacao-dos-PPG_UEL-_Gestao-2022-2026.pdf</a></p>



<p><strong>Planejamento de Autoavaliação dos Programas de Pós-Graduação da Universidade Estadual de Londrina Gestão 2019-2021</strong></p>



<p>Link de acesso: <a href="https://sites.uel.br/ciapg/wp-content/uploads/2022/09/Planejamento-de-Autoavaliacao-dos-PPG_UEL-_Gestao-2019-2021.pdf" target="_blank" rel="noreferrer noopener">https://sites.uel.br/ciapg/wp-content/uploads/2022/09/Planejamento-de-Autoavaliacao-dos-PPG_UEL-_Gestao-2019-2021.pdf</a></p>



<p><strong>Apresentação do Relatório de Autoavaliação do PECEM – 2020 a 2022</strong></p>



<p>Link de acesso: <a href="https://pos.uel.br/pecem/wp-content/uploads/2024/07/Autoavaliacao_PECEM_2020-e-2022.pdf" target="_blank" rel="noreferrer noopener">https://pos.uel.br/pecem/wp-content/uploads/2024/07/Autoavaliacao_PECEM_2020-e-2022.pdf</a></p>



<p><strong>Apresentação do Relatório de Autoavaliação do PECEM – 2023 a 2024</strong></p>



<p>Link de acesso: <a href="https://pos.uel.br/pecem/wp-content/uploads/2025/01/Autoavaliacao-PECEM-2023-e-2024.pdf" target="_blank" rel="noreferrer noopener">https://pos.uel.br/pecem/wp-content/uploads/2025/01/Autoavaliacao-PECEM-2023-e-2024.pdf</a></p>

<p>A Universidade Estadual de Londrina (UEL), por meio da Pró-Reitoria de Pesquisa e Pós-Graduação (PROPPG), desde o ano de 2019, tem atuado junto aos seus Programas de Pós-Graduação Stricto Sensu com o objetivo de sistematizar as ações de autoavaliação. Neste contexto, foi instituída a Comissão Institucional de Avaliação da Pós-Graduação (CIAPG), sendo composta pela Diretora [&hellip;]</p>
