{"id":2393,"date":"2024-07-17T16:33:20","date_gmt":"2024-07-17T19:33:20","guid":{"rendered":"https:\/\/pos.uel.br\/pecem\/?page_id=2393"},"modified":"2026-01-06T13:14:29","modified_gmt":"2026-01-06T16:14:29","slug":"pdse","status":"publish","type":"page","link":"https:\/\/pos.uel.br\/pecem\/pdse\/","title":{"rendered":"PDSE"},"content":{"rendered":"\n<p>A internacionaliza\u00e7\u00e3o \u00e9 um desafio recorrente nos programas de p\u00f3s-gradua\u00e7\u00e3o no Brasil, se configurando como uma estrat\u00e9gia para o avan\u00e7o cient\u00edfico e tecnol\u00f3gico, bem como para gerar oportunidades de aperfei\u00e7oamento profissional.<\/p>\n\n\n\n<p>Como uma das a\u00e7\u00f5es de internacionaliza\u00e7\u00e3o do PECEM, temos incentivado a participa\u00e7\u00e3o de alunos no <strong>Programa de Doutorado Sandu\u00edche no Exterior (PDSE)<\/strong>. &nbsp;<\/p>\n\n\n\n<p>\u00daltimos editais publicados e estudantes selecionados:<\/p>\n\n\n\n<p><a href=\"https:\/\/pos.uel.br\/pecem\/wp-content\/uploads\/2025\/08\/Edital_06-2025_PECEM_-_PDSE_Final-primeira_chamada_assinado.pdf\" target=\"_blank\" rel=\"noreferrer noopener\"><strong>EDITAL PECEM n\u00ba 06\/2025 \u02d7 Estabelece Normas e Procedimentos de Sele\u00e7\u00e3o Interna de candidatos(as) ao Programa de Doutorado Sandu\u00edche no Exterior<\/strong><\/a><\/p>\n\n\n\n<p>Estudante selecionada:<\/p>\n\n\n\n<p><strong>1.<\/strong> <strong>Ana Carolina Hyrycena<\/strong> (Orientador: Prof. Dr. Mois\u00e9s Alves de Oliveira)<\/p>\n\n\n\n<p>Institui\u00e7\u00e3o de destino: Instituto de Filosofia do Consejo Superior de Investigaciones Cient\u00edficas \u2013 CSIC, em Madrid, na Espanha.<br>Coorientadora: Profa. Dra. Maria Eulalia P\u00e9rez Sede\u00f1o<\/p>\n\n\n\n<p>Per\u00edodo no exterior: fevereiro de 2026 a maio de 2026 (4 meses)<\/p>\n\n\n\n<p><a href=\"https:\/\/pos.uel.br\/pecem\/wp-content\/uploads\/2024\/11\/Edital_PECEM_PDSE_n._12_2024_com_anexos_assinado.pdf\" target=\"_blank\" rel=\"noreferrer noopener\"><strong>EDITAL PECEM n\u00ba 12\/2024 \u02d7 Estabelece Normas e Procedimentos de Sele\u00e7\u00e3o Interna de candidatos(as) ao Programa de Doutorado Sandu\u00edche no Exterior<\/strong><\/a><\/p>\n\n\n\n<p>Estudante selecionado:<\/p>\n\n\n\n<p><strong>1.<\/strong> <strong>Marllon Moreti de Souza Rosa<\/strong> (Orientadora: Profa. Dra. Mariana Aparecida Bologna Soares de Andrade)<\/p>\n\n\n\n<p>Institui\u00e7\u00e3o de destino: Europa-Universit\u00e4t Flensburg (Flensburg, Alemanha), Institut f\u00fcr Physik und ihre Geschichte.<br>Coorientador: Prof. Dr. Peter Heering<\/p>\n\n\n\n<p>Per\u00edodo no exterior: setembro de 2025 a maio de 2026 (9 meses)<\/p>\n\n\n\n<p><a href=\"https:\/\/pos.uel.br\/pecem\/wp-content\/uploads\/2024\/04\/Edital_04_2024_PECEM_PDSE_com_anexos_assinado-2.pdf\" target=\"_blank\" rel=\"noreferrer noopener\"><strong>EDITAL PECEM n\u00ba 04\/2024 \u2013 Estabelece Normas e Procedimentos de Sele\u00e7\u00e3o Interna de candidatos ao Programa de Doutorado Sandu\u00edche no Exterior<\/strong><\/a><\/p>\n\n\n\n<p>Estudantes selecionados: <\/p>\n\n\n\n<p>1. <strong>Fernanda Boa Sorte Rocha<\/strong> (Orientadora: Profa. Dra. Regina Corio de Buriasco)<\/p>\n\n\n\n<p>Institui\u00e7\u00e3o de destino: Sapienza Universit\u00e0 di Roma &#8211; It\u00e1lia<\/p>\n\n\n\n<p>Coorientadora no exterior: Profa. Dra. Annalisa Cusi <\/p>\n\n\n\n<p>Per\u00edodo no exterior: setembro de 2024 a fevereiro de 2025 (6 meses)<\/p>\n\n\n\n<p>2. <strong>Felipe Tsuzuki <\/strong>(Orientador: Prof. Dr. Mois\u00e9s Alves de Oliveira)<\/p>\n\n\n\n<p>Institui\u00e7\u00e3o de destino: Departamento de Historia de la Ciencia del Instituto de<br>Historia en el Centro de Ciencia Humanas y Sociales del Consejo Superior de Investigaciones<br>Cient\u00edficas (CSIC) &#8211; Madrid\/Espanha<\/p>\n\n\n\n<p>Coorientadora no exterior: Prof. Dr. Antonio Lafuente<\/p>\n\n\n\n<p>Per\u00edodo no exterior: outubro de 2024 a abril de 2025 (7 meses)<\/p>\n\n\n\n<p><a href=\"https:\/\/pos.uel.br\/pecem\/wp-content\/uploads\/2023\/11\/Edital-13_2023_PECEM_PDSE-2023-com-anexos.pdf\" target=\"_blank\" rel=\"noreferrer noopener\"><strong>EDITAL PECEM n\u00ba 13\/2023 \u2013 Normas e Procedimentos de Sele\u00e7\u00e3o Interna de candidatos ao Programa de Doutorado Sandu\u00edche no Exterior<\/strong><\/a><\/p>\n\n\n\n<p>Estudante selecionado:<\/p>\n\n\n\n<p>1. <strong>Valter Cardoso da Silva<\/strong> (Orientador: Prof. Dr. Mois\u00e9s Alves de Oliveira)<\/p>\n\n\n\n<p>Institui\u00e7\u00e3o de destino: Departamento de Historia de la Ciencia del Instituto de<br>Historia en el Centro de Ciencia Humanas y Sociales del Consejo Superior de Investigaciones<br>Cient\u00edficas (CSIC) &#8211; Madrid\/Espanha<\/p>\n\n\n\n<p>Coorientadora no exterior: Prof. Dr. Antonio Lafuente<\/p>\n\n\n\n<p>Per\u00edodo no exterior: abril de 2024 a agosto de 2024 (5 meses)<\/p>\n\n\n\n<p><a href=\"https:\/\/pos.uel.br\/pecem\/wp-content\/uploads\/2023\/01\/Edital_PECEM_PDSE_001_2023_-Anexo-I.pdf\" target=\"_blank\" rel=\"noreferrer noopener\"><strong>EDITAL PECEM n\u00ba 001\/2023 \u2013 Normas e Procedimentos de Sele\u00e7\u00e3o Interna de candidatos ao Programa de Doutorado Sandu\u00edche no Exterior<\/strong><\/a><\/p>\n\n\n\n<p>Estudantes selecionados:<\/p>\n\n\n\n<p>1. <strong>Fernanda Caroline Cybulski<\/strong> (Orientadora: Profa. Dra. M\u00e1rcia Cristina de Costa Trindade Cyrino)<\/p>\n\n\n\n<p>Institui\u00e7\u00e3o de destino: Universidade de Lisboa &#8211; Portugal<\/p>\n\n\n\n<p>Coorientadora no exterior: Profa. Dra. H\u00e9lia Oliveira<\/p>\n\n\n\n<p>Per\u00edodo no exterior: setembro de 2023 a junho de 2024 (10 meses)<\/p>\n\n\n\n<p>2.&nbsp;<strong>Pedro Leonardo Guarilha Colli <\/strong>(Orientadora: Profa. Dra. Mariana Ap. B. Soares de Andrade)<\/p>\n\n\n\n<p>Institui\u00e7\u00e3o de destino: University of Antwerp &#8211; B\u00e9lgica<\/p>\n\n\n\n<p>Coorientadora no exterior: Profa. Dra. Annie (Rianne) Pinxten<\/p>\n\n\n\n<p>Per\u00edodo no exterior: novembro de 2023 a agosto de 2024 (10 meses)<br><\/p>\n","protected":false},"excerpt":{"rendered":"<p>A internacionaliza\u00e7\u00e3o \u00e9 um desafio recorrente nos programas de p\u00f3s-gradua\u00e7\u00e3o no Brasil, se configurando como uma estrat\u00e9gia para o avan\u00e7o cient\u00edfico e tecnol\u00f3gico, bem como para gerar oportunidades de aperfei\u00e7oamento profissional. Como uma das a\u00e7\u00f5es de internacionaliza\u00e7\u00e3o do PECEM, temos incentivado a participa\u00e7\u00e3o de alunos no Programa de Doutorado Sandu\u00edche no Exterior (PDSE). &nbsp; \u00daltimos [&hellip;]<\/p>\n","protected":false},"author":8,"featured_media":0,"parent":0,"menu_order":0,"comment_status":"closed","ping_status":"closed","template":"","meta":{"_acf_changed":false,"footnotes":""},"class_list":["post-2393","page","type-page","status-publish","hentry"],"acf":[],"_links":{"self":[{"href":"https:\/\/pos.uel.br\/pecem\/wp-json\/wp\/v2\/pages\/2393","targetHints":{"allow":["GET"]}}],"collection":[{"href":"https:\/\/pos.uel.br\/pecem\/wp-json\/wp\/v2\/pages"}],"about":[{"href":"https:\/\/pos.uel.br\/pecem\/wp-json\/wp\/v2\/types\/page"}],"author":[{"embeddable":true,"href":"https:\/\/pos.uel.br\/pecem\/wp-json\/wp\/v2\/users\/8"}],"replies":[{"embeddable":true,"href":"https:\/\/pos.uel.br\/pecem\/wp-json\/wp\/v2\/comments?post=2393"}],"version-history":[{"count":9,"href":"https:\/\/pos.uel.br\/pecem\/wp-json\/wp\/v2\/pages\/2393\/revisions"}],"predecessor-version":[{"id":3650,"href":"https:\/\/pos.uel.br\/pecem\/wp-json\/wp\/v2\/pages\/2393\/revisions\/3650"}],"wp:attachment":[{"href":"https:\/\/pos.uel.br\/pecem\/wp-json\/wp\/v2\/media?parent=2393"}],"curies":[{"name":"wp","href":"https:\/\/api.w.org\/{rel}","templated":true}]}}

<p>A internacionalização é um desafio recorrente nos programas de pós-graduação no Brasil, se configurando como uma estratégia para o avanço científico e tecnológico, bem como para gerar oportunidades de aperfeiçoamento profissional.</p>



<p>Como uma das ações de internacionalização do PECEM, temos incentivado a participação de alunos no <strong>Programa de Doutorado Sanduíche no Exterior (PDSE)</strong>. &nbsp;</p>



<p>Últimos editais publicados e estudantes selecionados:</p>



<p><a href="https://pos.uel.br/pecem/wp-content/uploads/2025/08/Edital_06-2025_PECEM_-_PDSE_Final-primeira_chamada_assinado.pdf" target="_blank" rel="noreferrer noopener"><strong>EDITAL PECEM nº 06/2025 ˗ Estabelece Normas e Procedimentos de Seleção Interna de candidatos(as) ao Programa de Doutorado Sanduíche no Exterior</strong></a></p>



<p>Estudante selecionada:</p>



<p><strong>1.</strong> <strong>Ana Carolina Hyrycena</strong> (Orientador: Prof. Dr. Moisés Alves de Oliveira)</p>



<p>Instituição de destino: Instituto de Filosofia do Consejo Superior de Investigaciones Científicas – CSIC, em Madrid, na Espanha.<br>Coorientadora: Profa. Dra. Maria Eulalia Pérez Sedeño</p>



<p>Período no exterior: fevereiro de 2026 a maio de 2026 (4 meses)</p>



<p><a href="https://pos.uel.br/pecem/wp-content/uploads/2024/11/Edital_PECEM_PDSE_n._12_2024_com_anexos_assinado.pdf" target="_blank" rel="noreferrer noopener"><strong>EDITAL PECEM nº 12/2024 ˗ Estabelece Normas e Procedimentos de Seleção Interna de candidatos(as) ao Programa de Doutorado Sanduíche no Exterior</strong></a></p>



<p>Estudante selecionado:</p>



<p><strong>1.</strong> <strong>Marllon Moreti de Souza Rosa</strong> (Orientadora: Profa. Dra. Mariana Aparecida Bologna Soares de Andrade)</p>



<p>Instituição de destino: Europa-Universität Flensburg (Flensburg, Alemanha), Institut für Physik und ihre Geschichte.<br>Coorientador: Prof. Dr. Peter Heering</p>



<p>Período no exterior: setembro de 2025 a maio de 2026 (9 meses)</p>



<p><a href="https://pos.uel.br/pecem/wp-content/uploads/2024/04/Edital_04_2024_PECEM_PDSE_com_anexos_assinado-2.pdf" target="_blank" rel="noreferrer noopener"><strong>EDITAL PECEM nº 04/2024 – Estabelece Normas e Procedimentos de Seleção Interna de candidatos ao Programa de Doutorado Sanduíche no Exterior</strong></a></p>



<p>Estudantes selecionados: </p>



<p>1. <strong>Fernanda Boa Sorte Rocha</strong> (Orientadora: Profa. Dra. Regina Corio de Buriasco)</p>



<p>Instituição de destino: Sapienza Università di Roma &#8211; Itália</p>



<p>Coorientadora no exterior: Profa. Dra. Annalisa Cusi </p>



<p>Período no exterior: setembro de 2024 a fevereiro de 2025 (6 meses)</p>



<p>2. <strong>Felipe Tsuzuki </strong>(Orientador: Prof. Dr. Moisés Alves de Oliveira)</p>



<p>Instituição de destino: Departamento de Historia de la Ciencia del Instituto de<br>Historia en el Centro de Ciencia Humanas y Sociales del Consejo Superior de Investigaciones<br>Científicas (CSIC) &#8211; Madrid/Espanha</p>



<p>Coorientadora no exterior: Prof. Dr. Antonio Lafuente</p>



<p>Período no exterior: outubro de 2024 a abril de 2025 (7 meses)</p>



<p><a href="https://pos.uel.br/pecem/wp-content/uploads/2023/11/Edital-13_2023_PECEM_PDSE-2023-com-anexos.pdf" target="_blank" rel="noreferrer noopener"><strong>EDITAL PECEM nº 13/2023 – Normas e Procedimentos de Seleção Interna de candidatos ao Programa de Doutorado Sanduíche no Exterior</strong></a></p>



<p>Estudante selecionado:</p>



<p>1. <strong>Valter Cardoso da Silva</strong> (Orientador: Prof. Dr. Moisés Alves de Oliveira)</p>



<p>Instituição de destino: Departamento de Historia de la Ciencia del Instituto de<br>Historia en el Centro de Ciencia Humanas y Sociales del Consejo Superior de Investigaciones<br>Científicas (CSIC) &#8211; Madrid/Espanha</p>



<p>Coorientadora no exterior: Prof. Dr. Antonio Lafuente</p>



<p>Período no exterior: abril de 2024 a agosto de 2024 (5 meses)</p>



<p><a href="https://pos.uel.br/pecem/wp-content/uploads/2023/01/Edital_PECEM_PDSE_001_2023_-Anexo-I.pdf" target="_blank" rel="noreferrer noopener"><strong>EDITAL PECEM nº 001/2023 – Normas e Procedimentos de Seleção Interna de candidatos ao Programa de Doutorado Sanduíche no Exterior</strong></a></p>



<p>Estudantes selecionados:</p>



<p>1. <strong>Fernanda Caroline Cybulski</strong> (Orientadora: Profa. Dra. Márcia Cristina de Costa Trindade Cyrino)</p>



<p>Instituição de destino: Universidade de Lisboa &#8211; Portugal</p>



<p>Coorientadora no exterior: Profa. Dra. Hélia Oliveira</p>



<p>Período no exterior: setembro de 2023 a junho de 2024 (10 meses)</p>



<p>2.&nbsp;<strong>Pedro Leonardo Guarilha Colli </strong>(Orientadora: Profa. Dra. Mariana Ap. B. Soares de Andrade)</p>



<p>Instituição de destino: University of Antwerp &#8211; Bélgica</p>



<p>Coorientadora no exterior: Profa. Dra. Annie (Rianne) Pinxten</p>



<p>Período no exterior: novembro de 2023 a agosto de 2024 (10 meses)<br></p>

<p>A internacionalização é um desafio recorrente nos programas de pós-graduação no Brasil, se configurando como uma estratégia para o avanço científico e tecnológico, bem como para gerar oportunidades de aperfeiçoamento profissional. Como uma das ações de internacionalização do PECEM, temos incentivado a participação de alunos no Programa de Doutorado Sanduíche no Exterior (PDSE). &nbsp; Últimos [&hellip;]</p>
