{"id":1974,"date":"2023-06-28T19:45:37","date_gmt":"2023-06-28T22:45:37","guid":{"rendered":"https:\/\/pos.uel.br\/pecem\/?page_id=1974"},"modified":"2025-04-28T00:36:25","modified_gmt":"2025-04-28T03:36:25","slug":"egressos","status":"publish","type":"page","link":"https:\/\/pos.uel.br\/pecem\/egressos\/","title":{"rendered":"Egressos"},"content":{"rendered":"\n<p>O PECEM iniciou suas atividades oficialmente no ano de 2002. &nbsp;No Paran\u00e1, foi o primeiro Programa de Mestrado em Ensino de Ci\u00eancias e Educa\u00e7\u00e3o Matem\u00e1tica, contribuindo para a forma\u00e7\u00e3o de novos pesquisadores.<\/p>\n\n\n\n<p>Ao longo dos 22 anos o PECEM teve mais de&nbsp;<strong>300 disserta\u00e7\u00f5es<\/strong>&nbsp;e mais de&nbsp;<strong>200 teses&nbsp;<\/strong>defendidas, como aponta o gr\u00e1fico a seguir:<\/p>\n\n\n\n<figure class=\"wp-block-image size-full is-resized\"><img loading=\"lazy\" decoding=\"async\" width=\"834\" height=\"675\" src=\"https:\/\/pos.uel.br\/pecem\/wp-content\/uploads\/2025\/02\/image.png\" alt=\"\" class=\"wp-image-2923\" style=\"width:522px;height:auto\" srcset=\"https:\/\/pos.uel.br\/pecem\/wp-content\/uploads\/2025\/02\/image.png 834w, https:\/\/pos.uel.br\/pecem\/wp-content\/uploads\/2025\/02\/image-300x243.png 300w, https:\/\/pos.uel.br\/pecem\/wp-content\/uploads\/2025\/02\/image-768x622.png 768w\" sizes=\"auto, (max-width: 834px) 100vw, 834px\" \/><\/figure>\n\n\n\n<p>Dados atualizados em fevereiro de 2025.<\/p>\n\n\n\n<p>Os egressos do PECEM t\u00eam atuado como:<\/p>\n\n\n\n<ul class=\"wp-block-list\">\n<li>professores da Educa\u00e7\u00e3o B\u00e1sica;<\/li>\n\n\n\n<li>professores do Ensino Superior;<\/li>\n\n\n\n<li>coordenadores de programas de forma\u00e7\u00e3o de professores;<\/li>\n\n\n\n<li>nucleadores, professores e coordenadores de programas de p\u00f3s-gradua\u00e7\u00e3o;<\/li>\n\n\n\n<li>coordenadores de \u00e1rea nos N\u00facleos Regionais de Ensino;<\/li>\n\n\n\n<li>cargos de gest\u00e3o em diferentes institui\u00e7\u00f5es (p\u00fablicas e privadas) em v\u00e1rios estados no Brasil e em outros pa\u00edses;<\/li>\n<\/ul>\n\n\n\n<figure class=\"wp-block-image size-full is-resized\"><img loading=\"lazy\" decoding=\"async\" width=\"945\" height=\"445\" src=\"https:\/\/pos.uel.br\/pecem\/wp-content\/uploads\/2025\/02\/image-5.png\" alt=\"\" class=\"wp-image-2951\" style=\"width:769px;height:auto\" srcset=\"https:\/\/pos.uel.br\/pecem\/wp-content\/uploads\/2025\/02\/image-5.png 945w, https:\/\/pos.uel.br\/pecem\/wp-content\/uploads\/2025\/02\/image-5-300x141.png 300w, https:\/\/pos.uel.br\/pecem\/wp-content\/uploads\/2025\/02\/image-5-768x362.png 768w\" sizes=\"auto, (max-width: 945px) 100vw, 945px\" \/><\/figure>\n\n\n\n<p>Dados atualizados em fevereiro de 2025.<\/p>\n\n\n\n<figure class=\"wp-block-image size-full is-resized\"><img loading=\"lazy\" decoding=\"async\" width=\"945\" height=\"466\" src=\"https:\/\/pos.uel.br\/pecem\/wp-content\/uploads\/2025\/02\/image-6.png\" alt=\"\" class=\"wp-image-2952\" style=\"width:771px;height:auto\" srcset=\"https:\/\/pos.uel.br\/pecem\/wp-content\/uploads\/2025\/02\/image-6.png 945w, https:\/\/pos.uel.br\/pecem\/wp-content\/uploads\/2025\/02\/image-6-300x148.png 300w, https:\/\/pos.uel.br\/pecem\/wp-content\/uploads\/2025\/02\/image-6-768x379.png 768w\" sizes=\"auto, (max-width: 945px) 100vw, 945px\" \/><\/figure>\n\n\n\n<p>Dados atualizados em fevereiro de 2025.<\/p>\n\n\n\n<figure class=\"wp-block-image size-full is-resized\"><img loading=\"lazy\" decoding=\"async\" width=\"945\" height=\"469\" src=\"https:\/\/pos.uel.br\/pecem\/wp-content\/uploads\/2025\/02\/image-7.png\" alt=\"\" class=\"wp-image-2953\" style=\"width:770px;height:auto\" srcset=\"https:\/\/pos.uel.br\/pecem\/wp-content\/uploads\/2025\/02\/image-7.png 945w, https:\/\/pos.uel.br\/pecem\/wp-content\/uploads\/2025\/02\/image-7-300x149.png 300w, https:\/\/pos.uel.br\/pecem\/wp-content\/uploads\/2025\/02\/image-7-768x381.png 768w\" sizes=\"auto, (max-width: 945px) 100vw, 945px\" \/><\/figure>\n\n\n\n<p>Dados atualizados em fevereiro de 2025<\/p>\n","protected":false},"excerpt":{"rendered":"<p>O PECEM iniciou suas atividades oficialmente no ano de 2002. &nbsp;No Paran\u00e1, foi o primeiro Programa de Mestrado em Ensino de Ci\u00eancias e Educa\u00e7\u00e3o Matem\u00e1tica, contribuindo para a forma\u00e7\u00e3o de novos pesquisadores. Ao longo dos 22 anos o PECEM teve mais de&nbsp;300 disserta\u00e7\u00f5es&nbsp;e mais de&nbsp;200 teses&nbsp;defendidas, como aponta o gr\u00e1fico a seguir: Dados atualizados em [&hellip;]<\/p>\n","protected":false},"author":8,"featured_media":0,"parent":0,"menu_order":0,"comment_status":"closed","ping_status":"closed","template":"","meta":{"_acf_changed":false,"footnotes":""},"class_list":["post-1974","page","type-page","status-publish","hentry"],"acf":[],"_links":{"self":[{"href":"https:\/\/pos.uel.br\/pecem\/wp-json\/wp\/v2\/pages\/1974","targetHints":{"allow":["GET"]}}],"collection":[{"href":"https:\/\/pos.uel.br\/pecem\/wp-json\/wp\/v2\/pages"}],"about":[{"href":"https:\/\/pos.uel.br\/pecem\/wp-json\/wp\/v2\/types\/page"}],"author":[{"embeddable":true,"href":"https:\/\/pos.uel.br\/pecem\/wp-json\/wp\/v2\/users\/8"}],"replies":[{"embeddable":true,"href":"https:\/\/pos.uel.br\/pecem\/wp-json\/wp\/v2\/comments?post=1974"}],"version-history":[{"count":8,"href":"https:\/\/pos.uel.br\/pecem\/wp-json\/wp\/v2\/pages\/1974\/revisions"}],"predecessor-version":[{"id":3201,"href":"https:\/\/pos.uel.br\/pecem\/wp-json\/wp\/v2\/pages\/1974\/revisions\/3201"}],"wp:attachment":[{"href":"https:\/\/pos.uel.br\/pecem\/wp-json\/wp\/v2\/media?parent=1974"}],"curies":[{"name":"wp","href":"https:\/\/api.w.org\/{rel}","templated":true}]}}

<p>O PECEM iniciou suas atividades oficialmente no ano de 2002. &nbsp;No Paraná, foi o primeiro Programa de Mestrado em Ensino de Ciências e Educação Matemática, contribuindo para a formação de novos pesquisadores.</p>



<p>Ao longo dos 22 anos o PECEM teve mais de&nbsp;<strong>300 dissertações</strong>&nbsp;e mais de&nbsp;<strong>200 teses&nbsp;</strong>defendidas, como aponta o gráfico a seguir:</p>



<figure class="wp-block-image size-full is-resized"><img loading="lazy" decoding="async" width="834" height="675" src="https://pos.uel.br/pecem/wp-content/uploads/2025/02/image.png" alt="" class="wp-image-2923" style="width:522px;height:auto" srcset="https://pos.uel.br/pecem/wp-content/uploads/2025/02/image.png 834w, https://pos.uel.br/pecem/wp-content/uploads/2025/02/image-300x243.png 300w, https://pos.uel.br/pecem/wp-content/uploads/2025/02/image-768x622.png 768w" sizes="auto, (max-width: 834px) 100vw, 834px" /></figure>



<p>Dados atualizados em fevereiro de 2025.</p>



<p>Os egressos do PECEM têm atuado como:</p>



<ul class="wp-block-list">
<li>professores da Educação Básica;</li>



<li>professores do Ensino Superior;</li>



<li>coordenadores de programas de formação de professores;</li>



<li>nucleadores, professores e coordenadores de programas de pós-graduação;</li>



<li>coordenadores de área nos Núcleos Regionais de Ensino;</li>



<li>cargos de gestão em diferentes instituições (públicas e privadas) em vários estados no Brasil e em outros países;</li>
</ul>



<figure class="wp-block-image size-full is-resized"><img loading="lazy" decoding="async" width="945" height="445" src="https://pos.uel.br/pecem/wp-content/uploads/2025/02/image-5.png" alt="" class="wp-image-2951" style="width:769px;height:auto" srcset="https://pos.uel.br/pecem/wp-content/uploads/2025/02/image-5.png 945w, https://pos.uel.br/pecem/wp-content/uploads/2025/02/image-5-300x141.png 300w, https://pos.uel.br/pecem/wp-content/uploads/2025/02/image-5-768x362.png 768w" sizes="auto, (max-width: 945px) 100vw, 945px" /></figure>



<p>Dados atualizados em fevereiro de 2025.</p>



<figure class="wp-block-image size-full is-resized"><img loading="lazy" decoding="async" width="945" height="466" src="https://pos.uel.br/pecem/wp-content/uploads/2025/02/image-6.png" alt="" class="wp-image-2952" style="width:771px;height:auto" srcset="https://pos.uel.br/pecem/wp-content/uploads/2025/02/image-6.png 945w, https://pos.uel.br/pecem/wp-content/uploads/2025/02/image-6-300x148.png 300w, https://pos.uel.br/pecem/wp-content/uploads/2025/02/image-6-768x379.png 768w" sizes="auto, (max-width: 945px) 100vw, 945px" /></figure>



<p>Dados atualizados em fevereiro de 2025.</p>



<figure class="wp-block-image size-full is-resized"><img loading="lazy" decoding="async" width="945" height="469" src="https://pos.uel.br/pecem/wp-content/uploads/2025/02/image-7.png" alt="" class="wp-image-2953" style="width:770px;height:auto" srcset="https://pos.uel.br/pecem/wp-content/uploads/2025/02/image-7.png 945w, https://pos.uel.br/pecem/wp-content/uploads/2025/02/image-7-300x149.png 300w, https://pos.uel.br/pecem/wp-content/uploads/2025/02/image-7-768x381.png 768w" sizes="auto, (max-width: 945px) 100vw, 945px" /></figure>



<p>Dados atualizados em fevereiro de 2025</p>

<p>O PECEM iniciou suas atividades oficialmente no ano de 2002. &nbsp;No Paraná, foi o primeiro Programa de Mestrado em Ensino de Ciências e Educação Matemática, contribuindo para a formação de novos pesquisadores. Ao longo dos 22 anos o PECEM teve mais de&nbsp;300 dissertações&nbsp;e mais de&nbsp;200 teses&nbsp;defendidas, como aponta o gráfico a seguir: Dados atualizados em [&hellip;]</p>
