{"id":172,"date":"2021-07-21T12:31:13","date_gmt":"2021-07-21T15:31:13","guid":{"rendered":"https:\/\/pos.uel.br\/pecem\/?page_id=172"},"modified":"2025-03-13T20:26:01","modified_gmt":"2025-03-13T23:26:01","slug":"apresentacao-e-objetivos","status":"publish","type":"page","link":"https:\/\/pos.uel.br\/pecem\/apresentacao-e-objetivos\/","title":{"rendered":"Apresenta\u00e7\u00e3o e objetivos"},"content":{"rendered":"\n<p class=\"has-text-align-left\">O Programa de P\u00f3s-Gradua\u00e7\u00e3o em Ensino de Ci\u00eancias e Educa\u00e7\u00e3o Matem\u00e1tica \u2013 PECEM, da Universidade Estadual de Londrina \u2013 UEL, foi aprovado em 2001 pela CAPES, em n\u00edvel de Mestrado Acad\u00eamico para atender a uma demanda de forma\u00e7\u00e3o de professores\/pesquisadores (<em>Stricto-Sensu<\/em>) na \u00e1rea de Ensino de Ci\u00eancias e Educa\u00e7\u00e3o Matem\u00e1tica para atuarem nos diferentes n\u00edveis de ensino. A equipe que constituiu a proposta inicial era constitu\u00edda por docentes de diferentes departamentos UEL (F\u00edsica, Matem\u00e1tica, Biologia, Hist\u00f3ria e Filosofia) que j\u00e1 atuavam com forma\u00e7\u00e3o de professores\/pesquisadores por meio da p\u00f3s-gradua\u00e7\u00e3o <em>Lato-Sensu<\/em>, e de diferentes programas de forma\u00e7\u00e3o continuada que nuclearam esse programa, nomeadamente Rede de Dissemina\u00e7\u00e3o Cient\u00edfica do Norte do Paran\u00e1 \u2013 RENOP, Pr\u00f3-matem\u00e1tica (conv\u00eanio Brasil-Fran\u00e7a), dentre outros, que permitiram a produ\u00e7\u00e3o conjunta e a infraestrutura necess\u00e1ria para o desenvolvimento de suas investiga\u00e7\u00f5es.<\/p>\n\n\n\n<p class=\"has-text-align-left\">A modalidade Mestrado Acad\u00eamico constituiu na \u00e9poca uma iniciativa inovadora no estado do Paran\u00e1\u0301 e se fortaleceu como um polo gerador de conhecimento e passou, no decorrer dos anos, a exercer forte influ\u00eancia na forma\u00e7\u00e3o de profissionais do Paran\u00e1\u0301, dos outros estados do sul do Brasil, do noroeste do estado de S\u00e3o Paulo e do sul do Mato Grosso do Sul. Desse modo, a partir do impacto do curso de mestrado na \u00e1rea de Ensino de Ci\u00eancias e Educa\u00e7\u00e3o Matem\u00e1tica, em 2007 foi proposto e aprovado o curso de doutorado como uma consequ\u00eancia necess\u00e1ria para a consolida\u00e7\u00e3o das investiga\u00e7\u00f5es nessas \u00e1reas e para constitui\u00e7\u00e3o de novas pr\u00e1ticas e m\u00e9todos visando a produ\u00e7\u00e3o de conhecimentos e a forma\u00e7\u00e3o de professores\/pesquisadores.<\/p>\n\n\n\n<p class=\"has-text-align-left\">Nos \u00faltimos anos o PECEM tem contribu\u00eddo para a constru\u00e7\u00e3o de conhecimentos e para forma\u00e7\u00e3o de docentes universit\u00e1rios e da Educa\u00e7\u00e3o B\u00e1sica; de pesquisadores brasileiros e de outros pa\u00edses, muitos deles com forte atua\u00e7\u00e3o na nuclea\u00e7\u00e3o e na coordena\u00e7\u00e3o de outros programas de p\u00f3s-gradua\u00e7\u00e3o, e na produ\u00e7\u00e3o de conhecimento na \u00e1rea. Na avalia\u00e7\u00e3o quadrienal da CAPES (2017-2020), o programa manteve a <strong>Nota 7 (sete) &#8211; que \u00e9 a nota m\u00e1xima.<\/strong><\/p>\n\n\n\n<p class=\"has-text-align-left\"><strong>Objetivo Geral<\/strong><br>Formar pesquisadores\/docentes na \u00e1rea de Ensino de Ci\u00eancias e Educa\u00e7\u00e3o Matem\u00e1tica para atuarem em todos os n\u00edveis de ensino e desenvolverem pesquisas que levem a uma maior compreens\u00e3o sobre a elabora\u00e7\u00e3o\/constru\u00e7\u00e3o dos saberes docentes\/discentes nos processos de ensino e de aprendizagem nas \u00e1reas de conhecimento pertinentes ao programa.<\/p>\n\n\n\n<p class=\"has-text-align-left\"><strong>Objetivos Espec\u00edficos<\/strong><br>1. Desenvolver reflex\u00f5es sobre os processos de ensino e aprendizado em Ci\u00eancias e Matem\u00e1tica, investigando as formas, modelos, estrat\u00e9gias, metodologias e enfoques que possibilitam a apropria\u00e7\u00e3o do conhecimento cient\u00edfico e matem\u00e1tico.<br>2. Contribuir para o ensino e aprendizado de Ci\u00eancias e Matem\u00e1tica com investiga\u00e7\u00f5es e reflex\u00f5es acerca dos fundamentos epistemol\u00f3gicos, sociais e culturais do saber escolar e do conhecimento cient\u00edfico e matem\u00e1tico.<br>3. Investigar a utiliza\u00e7\u00e3o de materiais did\u00e1ticos diversos (textos, equipamentos, experimentos, jogos, v\u00eddeos e softwares), bem como as chamadas novas tecnologias (micro-computadores, internet) na constru\u00e7\u00e3o de saberes escolares no ensino\/aprendizagem de Ci\u00eancias e Matem\u00e1tica.<br>4. Investigar como os diferentes espa\u00e7os (salas de aula, laborat\u00f3rios, centros e museus de ci\u00eancia) influenciam na elabora\u00e7\u00e3o dos saberes escolares.<br>5. Procurar construir solu\u00e7\u00f5es efetivas para quest\u00f5es suscitadas pela pr\u00e1tica docente, mediante a investiga\u00e7\u00e3o de quest\u00f5es reais de sala de aula, em todos os n\u00edveis de ensino, e a reflex\u00e3o integrada e interdisciplinar entre as \u00e1reas envolvidas.<\/p>\n\n\n\n<p><strong>Miss\u00e3o<\/strong><\/p>\n\n\n\n<p>A miss\u00e3o do PECEM \u00e9 formar pesquisadores na \u00e1rea de Ensino de Ci\u00eancias e Educa\u00e7\u00e3o Matem\u00e1tica com alto n\u00edvel de produ\u00e7\u00e3o intelectual, com capacidade cr\u00edtica e inovadora e com comprometimento social para atuar nos diferentes n\u00edveis e modalidades de ensino, da Educa\u00e7\u00e3o B\u00e1sica ao Ensino Superior. Fundamentado em uma abordagem interdisciplinar e cr\u00edtica, o Programa buscar articular teoria e pr\u00e1tica, promovendo investiga\u00e7\u00f5es que contribuem para o avan\u00e7o da pesquisa no \u00e2mbito cient\u00edfico e educacional, fomentando, assim, a forma\u00e7\u00e3o de profissionais qualificados que atuam nessa perspectiva.\u00a0Dessa forma, reafirma seu compromisso com a constru\u00e7\u00e3o de uma educa\u00e7\u00e3o de excel\u00eancia, fundamentada em princ\u00edpios de inclus\u00e3o, inova\u00e7\u00e3o e impacto social, contribuindo para a transforma\u00e7\u00e3o educacional e o desenvolvimento cient\u00edfico.<\/p>\n","protected":false},"excerpt":{"rendered":"<p>O Programa de P\u00f3s-Gradua\u00e7\u00e3o em Ensino de Ci\u00eancias e Educa\u00e7\u00e3o Matem\u00e1tica \u2013 PECEM, da Universidade Estadual de Londrina \u2013 UEL, foi aprovado em 2001 pela CAPES, em n\u00edvel de Mestrado Acad\u00eamico para atender a uma demanda de forma\u00e7\u00e3o de professores\/pesquisadores (Stricto-Sensu) na \u00e1rea de Ensino de Ci\u00eancias e Educa\u00e7\u00e3o Matem\u00e1tica para atuarem nos diferentes n\u00edveis [&hellip;]<\/p>\n","protected":false},"author":8,"featured_media":0,"parent":0,"menu_order":0,"comment_status":"closed","ping_status":"closed","template":"","meta":{"_acf_changed":false,"footnotes":""},"class_list":["post-172","page","type-page","status-publish","hentry"],"acf":[],"_links":{"self":[{"href":"https:\/\/pos.uel.br\/pecem\/wp-json\/wp\/v2\/pages\/172","targetHints":{"allow":["GET"]}}],"collection":[{"href":"https:\/\/pos.uel.br\/pecem\/wp-json\/wp\/v2\/pages"}],"about":[{"href":"https:\/\/pos.uel.br\/pecem\/wp-json\/wp\/v2\/types\/page"}],"author":[{"embeddable":true,"href":"https:\/\/pos.uel.br\/pecem\/wp-json\/wp\/v2\/users\/8"}],"replies":[{"embeddable":true,"href":"https:\/\/pos.uel.br\/pecem\/wp-json\/wp\/v2\/comments?post=172"}],"version-history":[{"count":5,"href":"https:\/\/pos.uel.br\/pecem\/wp-json\/wp\/v2\/pages\/172\/revisions"}],"predecessor-version":[{"id":2967,"href":"https:\/\/pos.uel.br\/pecem\/wp-json\/wp\/v2\/pages\/172\/revisions\/2967"}],"wp:attachment":[{"href":"https:\/\/pos.uel.br\/pecem\/wp-json\/wp\/v2\/media?parent=172"}],"curies":[{"name":"wp","href":"https:\/\/api.w.org\/{rel}","templated":true}]}}

Apresentação e objetivos

<p class="has-text-align-left">O Programa de Pós-Graduação em Ensino de Ciências e Educação Matemática – PECEM, da Universidade Estadual de Londrina – UEL, foi aprovado em 2001 pela CAPES, em nível de Mestrado Acadêmico para atender a uma demanda de formação de professores/pesquisadores (<em>Stricto-Sensu</em>) na área de Ensino de Ciências e Educação Matemática para atuarem nos diferentes níveis de ensino. A equipe que constituiu a proposta inicial era constituída por docentes de diferentes departamentos UEL (Física, Matemática, Biologia, História e Filosofia) que já atuavam com formação de professores/pesquisadores por meio da pós-graduação <em>Lato-Sensu</em>, e de diferentes programas de formação continuada que nuclearam esse programa, nomeadamente Rede de Disseminação Científica do Norte do Paraná – RENOP, Pró-matemática (convênio Brasil-França), dentre outros, que permitiram a produção conjunta e a infraestrutura necessária para o desenvolvimento de suas investigações.</p>



<p class="has-text-align-left">A modalidade Mestrado Acadêmico constituiu na época uma iniciativa inovadora no estado do Paraná́ e se fortaleceu como um polo gerador de conhecimento e passou, no decorrer dos anos, a exercer forte influência na formação de profissionais do Paraná́, dos outros estados do sul do Brasil, do noroeste do estado de São Paulo e do sul do Mato Grosso do Sul. Desse modo, a partir do impacto do curso de mestrado na área de Ensino de Ciências e Educação Matemática, em 2007 foi proposto e aprovado o curso de doutorado como uma consequência necessária para a consolidação das investigações nessas áreas e para constituição de novas práticas e métodos visando a produção de conhecimentos e a formação de professores/pesquisadores.</p>



<p class="has-text-align-left">Nos últimos anos o PECEM tem contribuído para a construção de conhecimentos e para formação de docentes universitários e da Educação Básica; de pesquisadores brasileiros e de outros países, muitos deles com forte atuação na nucleação e na coordenação de outros programas de pós-graduação, e na produção de conhecimento na área. Na avaliação quadrienal da CAPES (2017-2020), o programa manteve a <strong>Nota 7 (sete) &#8211; que é a nota máxima.</strong></p>



<p class="has-text-align-left"><strong>Objetivo Geral</strong><br>Formar pesquisadores/docentes na área de Ensino de Ciências e Educação Matemática para atuarem em todos os níveis de ensino e desenvolverem pesquisas que levem a uma maior compreensão sobre a elaboração/construção dos saberes docentes/discentes nos processos de ensino e de aprendizagem nas áreas de conhecimento pertinentes ao programa.</p>



<p class="has-text-align-left"><strong>Objetivos Específicos</strong><br>1. Desenvolver reflexões sobre os processos de ensino e aprendizado em Ciências e Matemática, investigando as formas, modelos, estratégias, metodologias e enfoques que possibilitam a apropriação do conhecimento científico e matemático.<br>2. Contribuir para o ensino e aprendizado de Ciências e Matemática com investigações e reflexões acerca dos fundamentos epistemológicos, sociais e culturais do saber escolar e do conhecimento científico e matemático.<br>3. Investigar a utilização de materiais didáticos diversos (textos, equipamentos, experimentos, jogos, vídeos e softwares), bem como as chamadas novas tecnologias (micro-computadores, internet) na construção de saberes escolares no ensino/aprendizagem de Ciências e Matemática.<br>4. Investigar como os diferentes espaços (salas de aula, laboratórios, centros e museus de ciência) influenciam na elaboração dos saberes escolares.<br>5. Procurar construir soluções efetivas para questões suscitadas pela prática docente, mediante a investigação de questões reais de sala de aula, em todos os níveis de ensino, e a reflexão integrada e interdisciplinar entre as áreas envolvidas.</p>



<p><strong>Missão</strong></p>



<p>A missão do PECEM é formar pesquisadores na área de Ensino de Ciências e Educação Matemática com alto nível de produção intelectual, com capacidade crítica e inovadora e com comprometimento social para atuar nos diferentes níveis e modalidades de ensino, da Educação Básica ao Ensino Superior. Fundamentado em uma abordagem interdisciplinar e crítica, o Programa buscar articular teoria e prática, promovendo investigações que contribuem para o avanço da pesquisa no âmbito científico e educacional, fomentando, assim, a formação de profissionais qualificados que atuam nessa perspectiva. Dessa forma, reafirma seu compromisso com a construção de uma educação de excelência, fundamentada em princípios de inclusão, inovação e impacto social, contribuindo para a transformação educacional e o desenvolvimento científico.</p>

<p>O Programa de Pós-Graduação em Ensino de Ciências e Educação Matemática – PECEM, da Universidade Estadual de Londrina – UEL, foi aprovado em 2001 pela CAPES, em nível de Mestrado Acadêmico para atender a uma demanda de formação de professores/pesquisadores (Stricto-Sensu) na área de Ensino de Ciências e Educação Matemática para atuarem nos diferentes níveis [&hellip;]</p>
