{"id":12,"date":"2021-04-29T12:28:59","date_gmt":"2021-04-29T15:28:59","guid":{"rendered":"https:\/\/pos.uel.br\/pecem\/?page_id=12"},"modified":"2024-07-31T23:04:48","modified_gmt":"2024-08-01T02:04:48","slug":"estrutura-curricular","status":"publish","type":"page","link":"https:\/\/pos.uel.br\/pecem\/estrutura-curricular\/","title":{"rendered":"Estrutura curricular"},"content":{"rendered":"\n<div class=\"wp-block-buttons is-layout-flex wp-block-buttons-is-layout-flex\">\n<div class=\"wp-block-button\"><a class=\"wp-block-button__link has-extra-1-background-color has-background wp-element-button\" href=\"https:\/\/pos.uel.br\/pecem\/wp-content\/uploads\/2024\/02\/DELIBERACAO-%E2%80%93-Colegiado-PPG-Stricto-sensu-No-11_2023.pdf\" target=\"_blank\" rel=\"noreferrer noopener\">Delibera\u00e7\u00e3o \u2013 Colegiado PPG Stricto sensu N\u00ba 11\/2023<\/a><\/div>\n<\/div>\n\n\n\n<div style=\"height:20px\" aria-hidden=\"true\" class=\"wp-block-spacer\"><\/div>\n\n\n\n<div class=\"wp-block-buttons is-layout-flex wp-block-buttons-is-layout-flex\">\n<div class=\"wp-block-button\"><a class=\"wp-block-button__link has-extra-1-background-color has-background wp-element-button\" href=\"https:\/\/pos.uel.br\/pecem\/wp-content\/uploads\/2021\/08\/Deliberacao31_2015.pdf\" target=\"_blank\" rel=\"noreferrer noopener\">Delibera\u00e7\u00e3o &#8211; C\u00e2mara de p\u00f3s-gradua\u00e7\u00e3o N\u00b0 31\/2015<\/a><\/div>\n<\/div>\n\n\n\n<div style=\"height:20px\" aria-hidden=\"true\" class=\"wp-block-spacer\"><\/div>\n\n\n\n<div class=\"wp-block-buttons is-layout-flex wp-block-buttons-is-layout-flex\">\n<div class=\"wp-block-button\"><a class=\"wp-block-button__link has-extra-1-background-color has-background wp-element-button\" href=\"https:\/\/pos.uel.br\/pecem\/wp-content\/uploads\/2021\/08\/Deliberacao23_2013.pdf\" target=\"_blank\" rel=\"noreferrer noopener\">Delibera\u00e7\u00e3o &#8211; C\u00e2mara de p\u00f3s-gradua\u00e7\u00e3o N\u00b0 23\/2013<\/a><\/div>\n<\/div>\n\n\n\n<div style=\"height:20px\" aria-hidden=\"true\" class=\"wp-block-spacer\"><\/div>\n\n\n\n<div class=\"wp-block-buttons is-layout-flex wp-block-buttons-is-layout-flex\">\n<div class=\"wp-block-button\"><a class=\"wp-block-button__link has-extra-1-background-color has-background wp-element-button\" href=\"https:\/\/pos.uel.br\/pecem\/wp-content\/uploads\/2021\/08\/Deliberacao28_2012.pdf\" target=\"_blank\" rel=\"noreferrer noopener\">Delibera\u00e7\u00e3o &#8211; C\u00e2mara de p\u00f3s-gradua\u00e7\u00e3o N\u00b0 28\/2012<\/a><\/div>\n<\/div>\n\n\n\n<div style=\"height:20px\" aria-hidden=\"true\" class=\"wp-block-spacer\"><\/div>\n\n\n\n<div class=\"wp-block-buttons is-layout-flex wp-block-buttons-is-layout-flex\">\n<div class=\"wp-block-button\"><a class=\"wp-block-button__link has-extra-1-background-color has-background wp-element-button\" href=\"https:\/\/pos.uel.br\/pecem\/wp-content\/uploads\/2021\/08\/Deliberacao16_2011.pdf\" target=\"_blank\" rel=\"noreferrer noopener\">Delibera\u00e7\u00e3o &#8211; C\u00e2mara de p\u00f3s-gradua\u00e7\u00e3o N\u00b0 16\/2011<\/a><\/div>\n<\/div>\n","protected":false},"excerpt":{"rendered":"","protected":false},"author":8,"featured_media":0,"parent":0,"menu_order":0,"comment_status":"closed","ping_status":"closed","template":"","meta":{"_acf_changed":false,"footnotes":""},"class_list":["post-12","page","type-page","status-publish","hentry"],"acf":[],"_links":{"self":[{"href":"https:\/\/pos.uel.br\/pecem\/wp-json\/wp\/v2\/pages\/12","targetHints":{"allow":["GET"]}}],"collection":[{"href":"https:\/\/pos.uel.br\/pecem\/wp-json\/wp\/v2\/pages"}],"about":[{"href":"https:\/\/pos.uel.br\/pecem\/wp-json\/wp\/v2\/types\/page"}],"author":[{"embeddable":true,"href":"https:\/\/pos.uel.br\/pecem\/wp-json\/wp\/v2\/users\/8"}],"replies":[{"embeddable":true,"href":"https:\/\/pos.uel.br\/pecem\/wp-json\/wp\/v2\/comments?post=12"}],"version-history":[{"count":15,"href":"https:\/\/pos.uel.br\/pecem\/wp-json\/wp\/v2\/pages\/12\/revisions"}],"predecessor-version":[{"id":2565,"href":"https:\/\/pos.uel.br\/pecem\/wp-json\/wp\/v2\/pages\/12\/revisions\/2565"}],"wp:attachment":[{"href":"https:\/\/pos.uel.br\/pecem\/wp-json\/wp\/v2\/media?parent=12"}],"curies":[{"name":"wp","href":"https:\/\/api.w.org\/{rel}","templated":true}]}}

<div class="wp-block-buttons is-layout-flex wp-block-buttons-is-layout-flex">
<div class="wp-block-button"><a class="wp-block-button__link has-extra-1-background-color has-background wp-element-button" href="https://pos.uel.br/pecem/wp-content/uploads/2024/02/DELIBERACAO-%E2%80%93-Colegiado-PPG-Stricto-sensu-No-11_2023.pdf" target="_blank" rel="noreferrer noopener">Deliberação – Colegiado PPG Stricto sensu Nº 11/2023</a></div>
</div>



<div style="height:20px" aria-hidden="true" class="wp-block-spacer"></div>



<div class="wp-block-buttons is-layout-flex wp-block-buttons-is-layout-flex">
<div class="wp-block-button"><a class="wp-block-button__link has-extra-1-background-color has-background wp-element-button" href="https://pos.uel.br/pecem/wp-content/uploads/2021/08/Deliberacao31_2015.pdf" target="_blank" rel="noreferrer noopener">Deliberação &#8211; Câmara de pós-graduação N° 31/2015</a></div>
</div>



<div style="height:20px" aria-hidden="true" class="wp-block-spacer"></div>



<div class="wp-block-buttons is-layout-flex wp-block-buttons-is-layout-flex">
<div class="wp-block-button"><a class="wp-block-button__link has-extra-1-background-color has-background wp-element-button" href="https://pos.uel.br/pecem/wp-content/uploads/2021/08/Deliberacao23_2013.pdf" target="_blank" rel="noreferrer noopener">Deliberação &#8211; Câmara de pós-graduação N° 23/2013</a></div>
</div>



<div style="height:20px" aria-hidden="true" class="wp-block-spacer"></div>



<div class="wp-block-buttons is-layout-flex wp-block-buttons-is-layout-flex">
<div class="wp-block-button"><a class="wp-block-button__link has-extra-1-background-color has-background wp-element-button" href="https://pos.uel.br/pecem/wp-content/uploads/2021/08/Deliberacao28_2012.pdf" target="_blank" rel="noreferrer noopener">Deliberação &#8211; Câmara de pós-graduação N° 28/2012</a></div>
</div>



<div style="height:20px" aria-hidden="true" class="wp-block-spacer"></div>



<div class="wp-block-buttons is-layout-flex wp-block-buttons-is-layout-flex">
<div class="wp-block-button"><a class="wp-block-button__link has-extra-1-background-color has-background wp-element-button" href="https://pos.uel.br/pecem/wp-content/uploads/2021/08/Deliberacao16_2011.pdf" target="_blank" rel="noreferrer noopener">Deliberação &#8211; Câmara de pós-graduação N° 16/2011</a></div>
</div>
