{"id":10,"date":"2021-04-29T12:28:59","date_gmt":"2021-04-29T15:28:59","guid":{"rendered":"https:\/\/pos.uel.br\/pecem\/?page_id=10"},"modified":"2021-12-20T17:37:47","modified_gmt":"2021-12-20T20:37:47","slug":"linhas-de-pesquisa","status":"publish","type":"page","link":"https:\/\/pos.uel.br\/pecem\/linhas-de-pesquisa\/","title":{"rendered":"Linhas de pesquisa"},"content":{"rendered":"\n<div class=\"wp-block-columns is-layout-flex wp-container-core-columns-is-layout-9d6595d7 wp-block-columns-is-layout-flex\">\n<div class=\"wp-block-column is-layout-flow wp-block-column-is-layout-flow\">\n<p><strong>A constru\u00e7\u00e3o do conhecimento em Ci\u00eancias e Matem\u00e1tica.<br><\/strong>Investiga\u00e7\u00e3o dos fundamentos e do processo de constru\u00e7\u00e3o do conhecimento\u00a0discente na aprendizagem de Ci\u00eancias e Matem\u00e1tica. <\/p>\n<\/div>\n\n\n\n<div class=\"wp-block-column is-layout-flow wp-block-column-is-layout-flow\">\n<p><strong>A forma\u00e7\u00e3o de professores em Ci\u00eancias e Matem\u00e1tica.<br><\/strong>Investiga\u00e7\u00e3o dos fundamentos e do processo de constru\u00e7\u00e3o\/elabora\u00e7\u00e3o dos saberes docentes no ensino de Ci\u00eancias e Matem\u00e1tica. <\/p>\n<\/div>\n\n\n\n<div class=\"wp-block-column is-layout-flow wp-block-column-is-layout-flow\">\n<p><strong>Hist\u00f3ria e Filosofia da Ci\u00eancia e da Matem\u00e1tica.<br><\/strong>Contribui\u00e7\u00f5es da Hist\u00f3ria e da Filosofia das Ci\u00eancias e da Matem\u00e1tica com vistas \u00e0 compreens\u00e3o das rela\u00e7\u00f5es entre saberes cient\u00edficos e escolares e da constitui\u00e7\u00e3o hist\u00f3rico-cultural das Ci\u00eancias e da Matem\u00e1tica. <\/p>\n<\/div>\n<\/div>\n","protected":false},"excerpt":{"rendered":"<p>A constru\u00e7\u00e3o do conhecimento em Ci\u00eancias e Matem\u00e1tica.Investiga\u00e7\u00e3o dos fundamentos e do processo de constru\u00e7\u00e3o do conhecimento\u00a0discente na aprendizagem de Ci\u00eancias e Matem\u00e1tica. A forma\u00e7\u00e3o de professores em Ci\u00eancias e Matem\u00e1tica.Investiga\u00e7\u00e3o dos fundamentos e do processo de constru\u00e7\u00e3o\/elabora\u00e7\u00e3o dos saberes docentes no ensino de Ci\u00eancias e Matem\u00e1tica. Hist\u00f3ria e Filosofia da Ci\u00eancia e da Matem\u00e1tica.Contribui\u00e7\u00f5es [&hellip;]<\/p>\n","protected":false},"author":8,"featured_media":0,"parent":0,"menu_order":0,"comment_status":"closed","ping_status":"closed","template":"","meta":{"_acf_changed":false,"footnotes":""},"class_list":["post-10","page","type-page","status-publish","hentry"],"acf":[],"_links":{"self":[{"href":"https:\/\/pos.uel.br\/pecem\/wp-json\/wp\/v2\/pages\/10","targetHints":{"allow":["GET"]}}],"collection":[{"href":"https:\/\/pos.uel.br\/pecem\/wp-json\/wp\/v2\/pages"}],"about":[{"href":"https:\/\/pos.uel.br\/pecem\/wp-json\/wp\/v2\/types\/page"}],"author":[{"embeddable":true,"href":"https:\/\/pos.uel.br\/pecem\/wp-json\/wp\/v2\/users\/8"}],"replies":[{"embeddable":true,"href":"https:\/\/pos.uel.br\/pecem\/wp-json\/wp\/v2\/comments?post=10"}],"version-history":[{"count":5,"href":"https:\/\/pos.uel.br\/pecem\/wp-json\/wp\/v2\/pages\/10\/revisions"}],"predecessor-version":[{"id":1431,"href":"https:\/\/pos.uel.br\/pecem\/wp-json\/wp\/v2\/pages\/10\/revisions\/1431"}],"wp:attachment":[{"href":"https:\/\/pos.uel.br\/pecem\/wp-json\/wp\/v2\/media?parent=10"}],"curies":[{"name":"wp","href":"https:\/\/api.w.org\/{rel}","templated":true}]}}

<div class="wp-block-columns is-layout-flex wp-container-core-columns-is-layout-9d6595d7 wp-block-columns-is-layout-flex">
<div class="wp-block-column is-layout-flow wp-block-column-is-layout-flow">
<p><strong>A construção do conhecimento em Ciências e Matemática.<br></strong>Investigação dos fundamentos e do processo de construção do conhecimento discente na aprendizagem de Ciências e Matemática. </p>
</div>



<div class="wp-block-column is-layout-flow wp-block-column-is-layout-flow">
<p><strong>A formação de professores em Ciências e Matemática.<br></strong>Investigação dos fundamentos e do processo de construção/elaboração dos saberes docentes no ensino de Ciências e Matemática. </p>
</div>



<div class="wp-block-column is-layout-flow wp-block-column-is-layout-flow">
<p><strong>História e Filosofia da Ciência e da Matemática.<br></strong>Contribuições da História e da Filosofia das Ciências e da Matemática com vistas à compreensão das relações entre saberes científicos e escolares e da constituição histórico-cultural das Ciências e da Matemática. </p>
</div>
</div>

<p>A construção do conhecimento em Ciências e Matemática.Investigação dos fundamentos e do processo de construção do conhecimento discente na aprendizagem de Ciências e Matemática. A formação de professores em Ciências e Matemática.Investigação dos fundamentos e do processo de construção/elaboração dos saberes docentes no ensino de Ciências e Matemática. História e Filosofia da Ciência e da Matemática.Contribuições [&hellip;]</p>
