{"id":755,"date":"2023-08-04T19:51:47","date_gmt":"2023-08-04T22:51:47","guid":{"rendered":"https:\/\/pos.uel.br\/patologiaexperimental\/?page_id=755"},"modified":"2023-08-04T19:51:47","modified_gmt":"2023-08-04T22:51:47","slug":"lista-de-equipamentos-multiusuario","status":"publish","type":"page","link":"https:\/\/pos.uel.br\/patologiaexperimental\/lista-de-equipamentos-multiusuario\/","title":{"rendered":"Lista de Equipamentos Multiusu\u00e1rio"},"content":{"rendered":"\n<h2 class=\"wp-block-heading\">Atualmente no Laborat\u00f3rio da Profa. Karen<\/h2>\n\n\n\n<p><strong>1- Espectrofot\u00f4metro com luz vis\u00edvel e U.V. Cubetas de quartzo. Software SWIFT II. <em>(EDITAL PR\u00d3-EQUIPAMENTOS N0 01\/2007)<\/em><\/strong><br>Justificativa: Quantifica\u00e7\u00e3o de prote\u00ednas, e \u00e1cidos nucleicos em solu\u00e7\u00f5es de volume pequeno. Ser\u00e1 utilizado em todos os projetos em desenvolvimento.<\/p>\n\n\n\n<hr class=\"wp-block-separator has-alpha-channel-opacity\"\/>\n\n\n\n<h2 class=\"wp-block-heading\">Atualmente no Laborat\u00f3rio da Profa. Eiko<\/h2>\n\n\n\n<p><strong>1- Equipamento para documenta\u00e7\u00e3o de gel <em>(EDITAL PR\u00d3-EQUIPAMENTOS N0 01\/2007)<\/em><\/strong><br>Justificativa: Captura imagens de alta qualidade direto para o computador. Zoom, foco e posicionamento do gel em tempo real. Filtros opcionais: verde, amarelo e laranja. Aplica\u00e7\u00f5esem geis corados com EtBr, corantes SYBR, SDS Page. Ser\u00e1 utilizado em todos os projetos em desenvolvimento.<br><br><strong>2- Gerador <em>(EDITAL N0 11\/2009 PR\u00d3-EQUIPAMENTOS INSTITUCIONAL)<\/em><\/strong> Equipado com motor de 10HP, s\u00e9rie FA partida manual e partida el\u00e9trica, monof\u00e1sico, Pot\u00eancia M\u00e1xima de 6,0 KVA e Pot\u00eancia Nominal de 5,5 KVA, Bivolt, equipado com tanque de 15 litros que proporciona aproximadamente 12 horas de autonomia, vers\u00e3o TD 7000CXE-ATS \u00e9 equipada com painel de automa\u00e7\u00e3o, que ligada ao quadro el\u00e9trico da resid\u00eancia, comercial ou ind\u00fastria \u00e9 acionado automaticamente em caso de queda de energia.<br>Justificativa: Manuten\u00e7\u00e3o de freezers -70oC, onde s\u00e3o armazenados amostras de prote\u00ednas e \u00e1cidos nucleicos<\/p>\n\n\n\n<hr class=\"wp-block-separator has-alpha-channel-opacity\"\/>\n\n\n\n<h2 class=\"wp-block-heading\">Atualmente no Laborat\u00f3rio do Prof. Emerson<\/h2>\n\n\n\n<p><strong>1- Termociclador para PCR . Para microtubos, 24 amostras <em>(EDITAL PR\u00d3-EQUIPAMENTOS N0 01\/2007)<\/em><\/strong><br>Justificativa: Amplifica\u00e7\u00e3o de fragmentos de DNA ou DNA complementar. Diagn\u00f3stico molecular de doen\u00e7as infecciosas e an\u00e1lises de polimorfismo gen\u00e9tico. Ser\u00e1 utilizado em todos os projetos em desenvolvimento.<br><br><strong>2- Aparelho de osmose reversa 10 litros\/hora <em>(EDITAL N0 11\/2009 PR\u00d3-EQUIPAMENTOS INSTITUCIONAL)<\/em><\/strong><br>Justificativa: purifica\u00e7\u00e3o de \u00e1gua por processo de osmose reversa que consiste em colocar uma membrana do tipo composta de poliamida ou acetato de celulose entre um sistema de alta press\u00e3o e um sistema de baixa press\u00e3o, para os ensaios microbiol\u00f3gicos de moleculares dos Projetos do Programa.<\/p>\n\n\n\n<hr class=\"wp-block-separator has-alpha-channel-opacity\"\/>\n\n\n\n<h2 class=\"wp-block-heading\">Atualmente no Laborat\u00f3rio do Prof. M\u00e1rio S. Mantovani<\/h2>\n\n\n\n<p><strong>1- Estufa de CO2 para cultura <em>(EDITAL PR\u00d3-EQUIPAMENTOS N0 01\/2007)<\/em><\/strong><br>Justificativa: cultura de c\u00e9lulas humana sensibilizadas com agentes mutag\u00eanicos ou ativadores imunol\u00f3gicos. Manuten\u00e7\u00e3o de linhagens celulares. Ser\u00e1 utilizado em todos os projetos em desenvolvimento.<\/p>\n\n\n\n<hr class=\"wp-block-separator has-alpha-channel-opacity\"\/>\n\n\n\n<h2 class=\"wp-block-heading\">Atualmente no Laborat\u00f3rio do Prof. M\u00e1rio Ono<\/h2>\n\n\n\n<p><strong>1- Microsc\u00f3pio Biol\u00f3gico Binocular Nikon E 200 <em>(EDITAL N0 11\/2009 PR\u00d3-EQUIPAMENTOS INSTITUCIONAL)<\/em><\/strong> E200 otica infinita, Estativa composta de base e coluna de design moderno e ergom\u00e9trico, Revolver invertido para 04 (quatro) objetivas cfi 60 planacromaticas de 4x, 10 x, 40x e 100x imers\u00e3o e retr\u00e1til. (\u00f3tica infinita), platina de 78 x 54 mm com trava de seguran\u00e7a que evita a quebra de l\u00e2minas, movimento cruzado em x e y com charriot e curso de 216 mm x 150mm, platina com sistema de re-focagem autom\u00e1tica . Charriot que permite a leitura de 02 (duas) laminas simultaneamente.<br>Justificativa: An\u00e1lises citol\u00f3gicas e histol\u00f3gicas dos projetos relacionados ao Programa.<\/p>\n\n\n\n<hr class=\"wp-block-separator has-alpha-channel-opacity\"\/>\n\n\n\n<h2 class=\"wp-block-heading\">Atualmente no Laborat\u00f3rio da Profa. Ionice<\/h2>\n\n\n\n<p><strong>1- Banho Maria <em>(EDITAL N0 11\/2009 PR\u00d3-EQUIPAMENTOS INSTITUCIONAL)<\/em><\/strong><br>Justificativa: para extra\u00e7\u00e3o de \u00e1cidos nucl\u00e9icos e preparo de solu\u00e7\u00f5es.<br><br><strong>2- Thermo Plate, Leitora de microplacas <em>(TP reader)<\/em> (Ver EDITAL com o Mario Ono)<\/strong><br>Justificativa:<\/p>\n\n\n\n<hr class=\"wp-block-separator has-alpha-channel-opacity\"\/>\n\n\n\n<h2 class=\"wp-block-heading\">Atualmente no Laborat\u00f3rio da Professora Ivete<\/h2>\n\n\n\n<p><strong>1- Estufa BOD temperatura est\u00e1vel <em>(EDITAL N0 11\/2009 PR\u00d3-EQUIPAMENTOS INSTITUCIONAL)<\/em><\/strong><br>Justificativa: manuten\u00e7\u00e3o de protozo\u00e1rios dos Projetos na \u00e1rea de parasitologia.<\/p>\n\n\n\n<hr class=\"wp-block-separator has-alpha-channel-opacity\"\/>\n\n\n\n<h2 class=\"wp-block-heading\">Atualmente no Laborat\u00f3rio da Profa. Maria Angelica<\/h2>\n\n\n\n<p><strong>1- Fonte de eletroforese 110V\/220V <em>(EDITAL N0 11\/2009 PR\u00d3-EQUIPAMENTOS INSTITUCIONAL)<\/em><\/strong> 10A com corrida para 100V equipado com mini cuba de eletroforese vertical.<br>Justificativa: An\u00e1lise de \u00e1cidos nucl\u00e9icos e prote\u00ednas para os projetos do Programa envolvendo Prote\u00f4mica e an\u00e1lises de polimorfismos gen\u00e9ticos.<\/p>\n\n\n\n<hr class=\"wp-block-separator has-alpha-channel-opacity\"\/>\n\n\n\n<h2 class=\"wp-block-heading\">Atualmente no Laborat\u00f3rio do Prof. Rubens<\/h2>\n\n\n\n<p><strong>1- Espectrofot\u00f4metro UVvis <em>(EDITAL N0 11\/2009 PR\u00d3-EQUIPAMENTOS INSTITUCIONAL)<\/em><\/strong> Velocidade de varredura variando de m\u00ednima entre 24 a 200 nm a m\u00e1xima entre 1400 a 2200 nm\/min. Detector de Fotodiodo de sil\u00edcio ou Fotodiodo dual silicone. Banda passante 5 nm. Fonte de Xen\u00f4nio ou halog\u00eanio + deut\u00e9rio intercambi\u00e1vel autom\u00e1ticamente. Software. Faixa fotom\u00e9trica -0,1 a 3.0 nm. Software para absorb\u00e2ncia, transmit\u00e2ncia, cin\u00e9tica.<br>Justificativa: An\u00e1lise de prote\u00ednas, acido nucl\u00e9icos e lip\u00eddios relacionado a todos os projetos do programa.<\/p>\n\n\n\n<hr class=\"wp-block-separator has-alpha-channel-opacity\"\/>\n\n\n\n<h2 class=\"wp-block-heading\">Atualmente no Laborat\u00f3rio do Prof. Waldiceu<\/h2>\n\n\n\n<p><strong>Centrifuga refrigerada <\/strong><em><strong>(EDITAL N0 11\/2009 PR\u00d3-EQUIPAMENTOS INSTITUCIONAL)<\/strong><\/em> Velocidade: 16.400 rpm \u2013 25.000xg, Temperatura: -9\u00baC a +40\u00baC, Timer: 99 minutos, modo cont\u00ednuo, Rotor de \u00e2ngulo fixo, modelo F45-30-11, velocidade m\u00e1xima de 14.000 rpm, for\u00e7a centr\u00edfuga, de 20.800 xg, completo com tampa de alum\u00ednio e capacidade para 30 tubos de 1,5-2,0 ml.<br>Justificativa: Extra\u00e7\u00e3o de \u00e1cidos nucleicos, obten\u00e7\u00e3o de prote\u00ednas, decanta\u00e7\u00e3o de c\u00e9lulas, sedimenta\u00e7\u00e3o de amostras. Ser\u00e1 utilizado em todos os projetos em desenvolvimento.<\/p>\n\n\n\n<hr class=\"wp-block-separator has-alpha-channel-opacity\"\/>\n\n\n\n<h2 class=\"wp-block-heading\">Atualmente no Laborat\u00f3rio da Profa. Flavia A. Guarnier<\/h2>\n\n\n\n<p><strong>1- Fotomicrosc\u00f3pio Olympus BX 43 (microscopia de luz e fluoresc\u00eancia &#8211; cubo UV e fluoresc\u00eancia em vermelho) <em>(Edital pr\u00f3-equipamentos 2011)<\/em><\/strong><br>Descri\u00e7\u00e3o: Microsc\u00f3pio trinocular, com l\u00e2mpada de halog\u00eanio, ocular de 10x e objetivas de 10x, 20x e 40x. Iluminador universal para fluoresc\u00eancia e luz refletida; cubo de excita\u00e7\u00e3o UV banda larga (340-390); cubo de excita\u00e7\u00e3o verde banda larga (530-550). M\u00f3dulo com capacidade de inser\u00e7\u00e3o de novos cubos. C\u00e2mera de v\u00eddeo 3.3Mp. Computador e software de captura inclusos.<br>Justificativa: An\u00e1lises qualitativas e morfom\u00e9tricas de marca\u00e7\u00f5es (tecido e c\u00e9lulas) em microscopia de luz e fuoresc\u00eancia.<br><br><strong>2-Micr\u00f3tomo automatizado Slee <em>(Edital pr\u00f3-equipamentos 2012)<\/em><\/strong><br>Descri\u00e7\u00e3o: Micr\u00f3tomo totalmente motorizado e de alta performance, marca SLEE, modelo CUT 6062, para cortes seq\u00fcenciais e precisos de materiais inclusos em parafina, aplica\u00e7\u00f5es industriais, pl\u00e1sticos e pesquisas. Para navalhas de perfil alto.<br>Justificativa: Confec\u00e7\u00e3o de l\u00e2minas de tecidos inclu\u00eddos em parafina ou outras resinas.<br><br><strong>3-Espectrofot\u00f4metro para baixos volumes Nano Vue (GE) <em>(Edital pr\u00f3-equipamentos 2012)<\/em><\/strong> Descri\u00e7\u00e3o: Espectrofot\u00f4metro para baixos volumes Capacidade de medida de 0,5 a 5uL, diretamente sobre o feixe \u00f3ptico (sem necessidade de uso de cubeta ou chip); Leitura em UV\/Vis; M\u00e9todos pr\u00e9-definidos de quantifica\u00e7\u00e3o: UV direto, Bradford, BCA, Biureto, Lowry; Capacidade para 27 padr\u00f5es; Incluso software de calibra\u00e7\u00e3o, cin\u00e9tica e medida de raz\u00f5es; Display touchscreen;<br>Justificativa: Leituras UV-VIS de amostras com quantidade limitada.<br><br><strong>4-Lavadora de microplacas <em>(Edital pr\u00f3-equipamentos 2013)<\/em><\/strong><br>Descri\u00e7\u00e3o: Lavadora de microplacas modelo ATLANTIS 2, marca BIOCHROM. Capacidade para placas de 96 po\u00e7os (chato, curvo ou c\u00f4nico).<br>Justificativa: Uso em t\u00e9cnicas que demandem utiliza\u00e7\u00e3o de microplacas e sucessivas lavagens (ELISA p.ex).<\/p>\n\n\n\n<hr class=\"wp-block-separator has-alpha-channel-opacity\"\/>\n\n\n\n<h2 class=\"wp-block-heading\">DOCENTES QUE N\u00c3O POSSUEM EQUIPAMENTOS VINCULADO A P\u00d3S<\/h2>\n\n\n\n<ul class=\"wp-block-list\">\n<li>Alessandra Cecchini<\/li>\n\n\n\n<li>Idess\u00e2nia N. Costa<\/li>\n\n\n\n<li>Marli Pinge<\/li>\n\n\n\n<li>Phileno Pinge Filho<\/li>\n\n\n\n<li>Andr\u00e9ia Name<\/li>\n\n\n\n<li>Eduardo J. de Alemeida Ara\u00fajo<\/li>\n\n\n\n<li>Glaura S. Fernandes<\/li>\n\n\n\n<li>Wander R. Pavanelli<\/li>\n\n\n\n<li>Isa\u00edas Dichi<\/li>\n\n\n\n<li>Rodrigo<\/li>\n\n\n\n<li>Rubens Cecchini<\/li>\n<\/ul>\n","protected":false},"excerpt":{"rendered":"<p>Atualmente no Laborat\u00f3rio da Profa. Karen 1- Espectrofot\u00f4metro com luz vis\u00edvel e U.V. Cubetas de quartzo. Software SWIFT II. (EDITAL PR\u00d3-EQUIPAMENTOS N0 01\/2007)Justificativa: Quantifica\u00e7\u00e3o de prote\u00ednas, e \u00e1cidos nucleicos em solu\u00e7\u00f5es de volume pequeno. Ser\u00e1 utilizado em todos os projetos em desenvolvimento. Atualmente no Laborat\u00f3rio da Profa. Eiko 1- Equipamento para documenta\u00e7\u00e3o de gel (EDITAL [&hellip;]<\/p>\n","protected":false},"author":10,"featured_media":0,"parent":0,"menu_order":0,"comment_status":"closed","ping_status":"closed","template":"","meta":{"footnotes":""},"class_list":["post-755","page","type-page","status-publish","hentry"],"_links":{"self":[{"href":"https:\/\/pos.uel.br\/patologiaexperimental\/wp-json\/wp\/v2\/pages\/755","targetHints":{"allow":["GET"]}}],"collection":[{"href":"https:\/\/pos.uel.br\/patologiaexperimental\/wp-json\/wp\/v2\/pages"}],"about":[{"href":"https:\/\/pos.uel.br\/patologiaexperimental\/wp-json\/wp\/v2\/types\/page"}],"author":[{"embeddable":true,"href":"https:\/\/pos.uel.br\/patologiaexperimental\/wp-json\/wp\/v2\/users\/10"}],"replies":[{"embeddable":true,"href":"https:\/\/pos.uel.br\/patologiaexperimental\/wp-json\/wp\/v2\/comments?post=755"}],"version-history":[{"count":1,"href":"https:\/\/pos.uel.br\/patologiaexperimental\/wp-json\/wp\/v2\/pages\/755\/revisions"}],"predecessor-version":[{"id":756,"href":"https:\/\/pos.uel.br\/patologiaexperimental\/wp-json\/wp\/v2\/pages\/755\/revisions\/756"}],"wp:attachment":[{"href":"https:\/\/pos.uel.br\/patologiaexperimental\/wp-json\/wp\/v2\/media?parent=755"}],"curies":[{"name":"wp","href":"https:\/\/api.w.org\/{rel}","templated":true}]}}

Lista de Equipamentos Multiusuário

<h2 class="wp-block-heading">Atualmente no Laboratório da Profa. Karen</h2>



<p><strong>1- Espectrofotômetro com luz visível e U.V. Cubetas de quartzo. Software SWIFT II. <em>(EDITAL PRÓ-EQUIPAMENTOS N0 01/2007)</em></strong><br>Justificativa: Quantificação de proteínas, e ácidos nucleicos em soluções de volume pequeno. Será utilizado em todos os projetos em desenvolvimento.</p>



<hr class="wp-block-separator has-alpha-channel-opacity"/>



<h2 class="wp-block-heading">Atualmente no Laboratório da Profa. Eiko</h2>



<p><strong>1- Equipamento para documentação de gel <em>(EDITAL PRÓ-EQUIPAMENTOS N0 01/2007)</em></strong><br>Justificativa: Captura imagens de alta qualidade direto para o computador. Zoom, foco e posicionamento do gel em tempo real. Filtros opcionais: verde, amarelo e laranja. Aplicaçõesem geis corados com EtBr, corantes SYBR, SDS Page. Será utilizado em todos os projetos em desenvolvimento.<br><br><strong>2- Gerador <em>(EDITAL N0 11/2009 PRÓ-EQUIPAMENTOS INSTITUCIONAL)</em></strong> Equipado com motor de 10HP, série FA partida manual e partida elétrica, monofásico, Potência Máxima de 6,0 KVA e Potência Nominal de 5,5 KVA, Bivolt, equipado com tanque de 15 litros que proporciona aproximadamente 12 horas de autonomia, versão TD 7000CXE-ATS é equipada com painel de automação, que ligada ao quadro elétrico da residência, comercial ou indústria é acionado automaticamente em caso de queda de energia.<br>Justificativa: Manutenção de freezers -70oC, onde são armazenados amostras de proteínas e ácidos nucleicos</p>



<hr class="wp-block-separator has-alpha-channel-opacity"/>



<h2 class="wp-block-heading">Atualmente no Laboratório do Prof. Emerson</h2>



<p><strong>1- Termociclador para PCR . Para microtubos, 24 amostras <em>(EDITAL PRÓ-EQUIPAMENTOS N0 01/2007)</em></strong><br>Justificativa: Amplificação de fragmentos de DNA ou DNA complementar. Diagnóstico molecular de doenças infecciosas e análises de polimorfismo genético. Será utilizado em todos os projetos em desenvolvimento.<br><br><strong>2- Aparelho de osmose reversa 10 litros/hora <em>(EDITAL N0 11/2009 PRÓ-EQUIPAMENTOS INSTITUCIONAL)</em></strong><br>Justificativa: purificação de água por processo de osmose reversa que consiste em colocar uma membrana do tipo composta de poliamida ou acetato de celulose entre um sistema de alta pressão e um sistema de baixa pressão, para os ensaios microbiológicos de moleculares dos Projetos do Programa.</p>



<hr class="wp-block-separator has-alpha-channel-opacity"/>



<h2 class="wp-block-heading">Atualmente no Laboratório do Prof. Mário S. Mantovani</h2>



<p><strong>1- Estufa de CO2 para cultura <em>(EDITAL PRÓ-EQUIPAMENTOS N0 01/2007)</em></strong><br>Justificativa: cultura de células humana sensibilizadas com agentes mutagênicos ou ativadores imunológicos. Manutenção de linhagens celulares. Será utilizado em todos os projetos em desenvolvimento.</p>



<hr class="wp-block-separator has-alpha-channel-opacity"/>



<h2 class="wp-block-heading">Atualmente no Laboratório do Prof. Mário Ono</h2>



<p><strong>1- Microscópio Biológico Binocular Nikon E 200 <em>(EDITAL N0 11/2009 PRÓ-EQUIPAMENTOS INSTITUCIONAL)</em></strong> E200 otica infinita, Estativa composta de base e coluna de design moderno e ergométrico, Revolver invertido para 04 (quatro) objetivas cfi 60 planacromaticas de 4x, 10 x, 40x e 100x imersão e retrátil. (ótica infinita), platina de 78 x 54 mm com trava de segurança que evita a quebra de lâminas, movimento cruzado em x e y com charriot e curso de 216 mm x 150mm, platina com sistema de re-focagem automática . Charriot que permite a leitura de 02 (duas) laminas simultaneamente.<br>Justificativa: Análises citológicas e histológicas dos projetos relacionados ao Programa.</p>



<hr class="wp-block-separator has-alpha-channel-opacity"/>



<h2 class="wp-block-heading">Atualmente no Laboratório da Profa. Ionice</h2>



<p><strong>1- Banho Maria <em>(EDITAL N0 11/2009 PRÓ-EQUIPAMENTOS INSTITUCIONAL)</em></strong><br>Justificativa: para extração de ácidos nucléicos e preparo de soluções.<br><br><strong>2- Thermo Plate, Leitora de microplacas <em>(TP reader)</em> (Ver EDITAL com o Mario Ono)</strong><br>Justificativa:</p>



<hr class="wp-block-separator has-alpha-channel-opacity"/>



<h2 class="wp-block-heading">Atualmente no Laboratório da Professora Ivete</h2>



<p><strong>1- Estufa BOD temperatura estável <em>(EDITAL N0 11/2009 PRÓ-EQUIPAMENTOS INSTITUCIONAL)</em></strong><br>Justificativa: manutenção de protozoários dos Projetos na área de parasitologia.</p>



<hr class="wp-block-separator has-alpha-channel-opacity"/>



<h2 class="wp-block-heading">Atualmente no Laboratório da Profa. Maria Angelica</h2>



<p><strong>1- Fonte de eletroforese 110V/220V <em>(EDITAL N0 11/2009 PRÓ-EQUIPAMENTOS INSTITUCIONAL)</em></strong> 10A com corrida para 100V equipado com mini cuba de eletroforese vertical.<br>Justificativa: Análise de ácidos nucléicos e proteínas para os projetos do Programa envolvendo Proteômica e análises de polimorfismos genéticos.</p>



<hr class="wp-block-separator has-alpha-channel-opacity"/>



<h2 class="wp-block-heading">Atualmente no Laboratório do Prof. Rubens</h2>



<p><strong>1- Espectrofotômetro UVvis <em>(EDITAL N0 11/2009 PRÓ-EQUIPAMENTOS INSTITUCIONAL)</em></strong> Velocidade de varredura variando de mínima entre 24 a 200 nm a máxima entre 1400 a 2200 nm/min. Detector de Fotodiodo de silício ou Fotodiodo dual silicone. Banda passante 5 nm. Fonte de Xenônio ou halogênio + deutério intercambiável automáticamente. Software. Faixa fotométrica -0,1 a 3.0 nm. Software para absorbância, transmitância, cinética.<br>Justificativa: Análise de proteínas, acido nucléicos e lipídios relacionado a todos os projetos do programa.</p>



<hr class="wp-block-separator has-alpha-channel-opacity"/>



<h2 class="wp-block-heading">Atualmente no Laboratório do Prof. Waldiceu</h2>



<p><strong>Centrifuga refrigerada </strong><em><strong>(EDITAL N0 11/2009 PRÓ-EQUIPAMENTOS INSTITUCIONAL)</strong></em> Velocidade: 16.400 rpm – 25.000xg, Temperatura: -9ºC a +40ºC, Timer: 99 minutos, modo contínuo, Rotor de ângulo fixo, modelo F45-30-11, velocidade máxima de 14.000 rpm, força centrífuga, de 20.800 xg, completo com tampa de alumínio e capacidade para 30 tubos de 1,5-2,0 ml.<br>Justificativa: Extração de ácidos nucleicos, obtenção de proteínas, decantação de células, sedimentação de amostras. Será utilizado em todos os projetos em desenvolvimento.</p>



<hr class="wp-block-separator has-alpha-channel-opacity"/>



<h2 class="wp-block-heading">Atualmente no Laboratório da Profa. Flavia A. Guarnier</h2>



<p><strong>1- Fotomicroscópio Olympus BX 43 (microscopia de luz e fluorescência &#8211; cubo UV e fluorescência em vermelho) <em>(Edital pró-equipamentos 2011)</em></strong><br>Descrição: Microscópio trinocular, com lâmpada de halogênio, ocular de 10x e objetivas de 10x, 20x e 40x. Iluminador universal para fluorescência e luz refletida; cubo de excitação UV banda larga (340-390); cubo de excitação verde banda larga (530-550). Módulo com capacidade de inserção de novos cubos. Câmera de vídeo 3.3Mp. Computador e software de captura inclusos.<br>Justificativa: Análises qualitativas e morfométricas de marcações (tecido e células) em microscopia de luz e fuorescência.<br><br><strong>2-Micrótomo automatizado Slee <em>(Edital pró-equipamentos 2012)</em></strong><br>Descrição: Micrótomo totalmente motorizado e de alta performance, marca SLEE, modelo CUT 6062, para cortes seqüenciais e precisos de materiais inclusos em parafina, aplicações industriais, plásticos e pesquisas. Para navalhas de perfil alto.<br>Justificativa: Confecção de lâminas de tecidos incluídos em parafina ou outras resinas.<br><br><strong>3-Espectrofotômetro para baixos volumes Nano Vue (GE) <em>(Edital pró-equipamentos 2012)</em></strong> Descrição: Espectrofotômetro para baixos volumes Capacidade de medida de 0,5 a 5uL, diretamente sobre o feixe óptico (sem necessidade de uso de cubeta ou chip); Leitura em UV/Vis; Métodos pré-definidos de quantificação: UV direto, Bradford, BCA, Biureto, Lowry; Capacidade para 27 padrões; Incluso software de calibração, cinética e medida de razões; Display touchscreen;<br>Justificativa: Leituras UV-VIS de amostras com quantidade limitada.<br><br><strong>4-Lavadora de microplacas <em>(Edital pró-equipamentos 2013)</em></strong><br>Descrição: Lavadora de microplacas modelo ATLANTIS 2, marca BIOCHROM. Capacidade para placas de 96 poços (chato, curvo ou cônico).<br>Justificativa: Uso em técnicas que demandem utilização de microplacas e sucessivas lavagens (ELISA p.ex).</p>



<hr class="wp-block-separator has-alpha-channel-opacity"/>



<h2 class="wp-block-heading">DOCENTES QUE NÃO POSSUEM EQUIPAMENTOS VINCULADO A PÓS</h2>



<ul class="wp-block-list">
<li>Alessandra Cecchini</li>



<li>Idessânia N. Costa</li>



<li>Marli Pinge</li>



<li>Phileno Pinge Filho</li>



<li>Andréia Name</li>



<li>Eduardo J. de Alemeida Araújo</li>



<li>Glaura S. Fernandes</li>



<li>Wander R. Pavanelli</li>



<li>Isaías Dichi</li>



<li>Rodrigo</li>



<li>Rubens Cecchini</li>
</ul>

<p>Atualmente no Laboratório da Profa. Karen 1- Espectrofotômetro com luz visível e U.V. Cubetas de quartzo. Software SWIFT II. (EDITAL PRÓ-EQUIPAMENTOS N0 01/2007)Justificativa: Quantificação de proteínas, e ácidos nucleicos em soluções de volume pequeno. Será utilizado em todos os projetos em desenvolvimento. Atualmente no Laboratório da Profa. Eiko 1- Equipamento para documentação de gel (EDITAL [&hellip;]</p>
