{"id":612,"date":"2022-11-24T15:25:17","date_gmt":"2022-11-24T18:25:17","guid":{"rendered":"https:\/\/pos.uel.br\/patologiaexperimental\/?page_id=612"},"modified":"2022-11-24T15:28:08","modified_gmt":"2022-11-24T18:28:08","slug":"cia-2022","status":"publish","type":"page","link":"https:\/\/pos.uel.br\/patologiaexperimental\/cia-2022\/","title":{"rendered":"CIA 2022"},"content":{"rendered":"\n<p>Este evento coordenado pelos professores Dr. Eiko N. Itano e Mario A. Ono, teve aprova\u00e7\u00e3o pelo Programa Institucional de Apoio para Organiza\u00e7\u00e3o de Eventos, Chamada P\u00fablica n\u00b0 13\/2021 da Funda\u00e7\u00e3o Arauc\u00e1ria\/SETI e pelo Edital PROEX 114\/2022. No entanto o apoio foi parcial n\u00e3o cobrindo totalmente as despesas com as passagens de palestrantes, necessitando, portanto, de cobran\u00e7a de taxa de inscri\u00e7\u00e3o.<\/p>\n\n\n\n<p>Os inscritos no congresso ter\u00e3o direito a palestras, mesas redondas, mostras de pain\u00e9is, coquetel de abertura, crach\u00e1, coffee break e certificado de participa\u00e7\u00e3o. Al\u00e9m disso, poder\u00e1 participar opcionalmente apresentando os seus de trabalhos de pesquisa (poster) e, com inscri\u00e7\u00e3o \u00e0 parte, participa\u00e7\u00e3o em mini-cursos te\u00f3ricos e ou pr\u00e1ticos.<\/p>\n\n\n\n<p>Segue abaixo a p\u00e1gina de informa\u00e7\u00f5es do evento:<\/p>\n\n\n\n<div class=\"wp-block-buttons is-layout-flex wp-block-buttons-is-layout-flex\">\n<div class=\"wp-block-button is-style-fill\"><a class=\"wp-block-button__link has-primary-accent-background-color has-background wp-element-button\" href=\"https:\/\/sites.google.com\/uel.br\/cia2022\/\" target=\"_blank\" rel=\"noreferrer noopener\"><strong>Mais Informa\u00e7\u00f5es<\/strong><\/a><\/div>\n<\/div>\n","protected":false},"excerpt":{"rendered":"<p>Este evento coordenado pelos professores Dr. Eiko N. Itano e Mario A. Ono, teve aprova\u00e7\u00e3o pelo Programa Institucional de Apoio para Organiza\u00e7\u00e3o de Eventos, Chamada P\u00fablica n\u00b0 13\/2021 da Funda\u00e7\u00e3o Arauc\u00e1ria\/SETI e pelo Edital PROEX 114\/2022. No entanto o apoio foi parcial n\u00e3o cobrindo totalmente as despesas com as passagens de palestrantes, necessitando, portanto, de [&hellip;]<\/p>\n","protected":false},"author":10,"featured_media":0,"parent":0,"menu_order":0,"comment_status":"closed","ping_status":"closed","template":"","meta":{"footnotes":""},"class_list":["post-612","page","type-page","status-publish","hentry"],"_links":{"self":[{"href":"https:\/\/pos.uel.br\/patologiaexperimental\/wp-json\/wp\/v2\/pages\/612","targetHints":{"allow":["GET"]}}],"collection":[{"href":"https:\/\/pos.uel.br\/patologiaexperimental\/wp-json\/wp\/v2\/pages"}],"about":[{"href":"https:\/\/pos.uel.br\/patologiaexperimental\/wp-json\/wp\/v2\/types\/page"}],"author":[{"embeddable":true,"href":"https:\/\/pos.uel.br\/patologiaexperimental\/wp-json\/wp\/v2\/users\/10"}],"replies":[{"embeddable":true,"href":"https:\/\/pos.uel.br\/patologiaexperimental\/wp-json\/wp\/v2\/comments?post=612"}],"version-history":[{"count":3,"href":"https:\/\/pos.uel.br\/patologiaexperimental\/wp-json\/wp\/v2\/pages\/612\/revisions"}],"predecessor-version":[{"id":620,"href":"https:\/\/pos.uel.br\/patologiaexperimental\/wp-json\/wp\/v2\/pages\/612\/revisions\/620"}],"wp:attachment":[{"href":"https:\/\/pos.uel.br\/patologiaexperimental\/wp-json\/wp\/v2\/media?parent=612"}],"curies":[{"name":"wp","href":"https:\/\/api.w.org\/{rel}","templated":true}]}}

<p>Este evento coordenado pelos professores Dr. Eiko N. Itano e Mario A. Ono, teve aprovação pelo Programa Institucional de Apoio para Organização de Eventos, Chamada Pública n° 13/2021 da Fundação Araucária/SETI e pelo Edital PROEX 114/2022. No entanto o apoio foi parcial não cobrindo totalmente as despesas com as passagens de palestrantes, necessitando, portanto, de cobrança de taxa de inscrição.</p>



<p>Os inscritos no congresso terão direito a palestras, mesas redondas, mostras de painéis, coquetel de abertura, crachá, coffee break e certificado de participação. Além disso, poderá participar opcionalmente apresentando os seus de trabalhos de pesquisa (poster) e, com inscrição à parte, participação em mini-cursos teóricos e ou práticos.</p>



<p>Segue abaixo a página de informações do evento:</p>



<div class="wp-block-buttons is-layout-flex wp-block-buttons-is-layout-flex">
<div class="wp-block-button is-style-fill"><a class="wp-block-button__link has-primary-accent-background-color has-background wp-element-button" href="https://sites.google.com/uel.br/cia2022/" target="_blank" rel="noreferrer noopener"><strong>Mais Informações</strong></a></div>
</div>

<p>Este evento coordenado pelos professores Dr. Eiko N. Itano e Mario A. Ono, teve aprovação pelo Programa Institucional de Apoio para Organização de Eventos, Chamada Pública n° 13/2021 da Fundação Araucária/SETI e pelo Edital PROEX 114/2022. No entanto o apoio foi parcial não cobrindo totalmente as despesas com as passagens de palestrantes, necessitando, portanto, de [&hellip;]</p>
