{"id":397,"date":"2022-09-06T20:46:04","date_gmt":"2022-09-06T23:46:04","guid":{"rendered":"https:\/\/pos.uel.br\/patologiaexperimental\/?page_id=397"},"modified":"2026-01-05T19:09:04","modified_gmt":"2026-01-05T22:09:04","slug":"programa-de-doutorado-sanduiche-no-exterior","status":"publish","type":"page","link":"https:\/\/pos.uel.br\/patologiaexperimental\/programa-de-doutorado-sanduiche-no-exterior\/","title":{"rendered":"Programa de Doutorado Sandu\u00edche no Exterior"},"content":{"rendered":"\n<div class=\"wp-block-cover alignfull wp-duotone-grayscale\"><img loading=\"lazy\" decoding=\"async\" width=\"1024\" height=\"355\" class=\"wp-block-cover__image-background wp-image-1104\" alt=\"\" src=\"https:\/\/pos.uel.br\/patologiaexperimental\/wp-content\/uploads\/2025\/09\/Univ-1024x355.png\" data-object-fit=\"cover\" srcset=\"https:\/\/pos.uel.br\/patologiaexperimental\/wp-content\/uploads\/2025\/09\/Univ-1024x355.png 1024w, https:\/\/pos.uel.br\/patologiaexperimental\/wp-content\/uploads\/2025\/09\/Univ-300x104.png 300w, https:\/\/pos.uel.br\/patologiaexperimental\/wp-content\/uploads\/2025\/09\/Univ-768x266.png 768w, https:\/\/pos.uel.br\/patologiaexperimental\/wp-content\/uploads\/2025\/09\/Univ.png 1200w\" sizes=\"auto, (max-width: 1024px) 100vw, 1024px\" \/><span aria-hidden=\"true\" class=\"wp-block-cover__background has-background-dim-30 has-background-dim\"><\/span><div class=\"wp-block-cover__inner-container is-layout-flow wp-block-cover-is-layout-flow\">\n<p class=\"has-text-align-center has-large-font-size\">Programa de Doutorado Sandu\u00edche no Exterior<\/p>\n<\/div><\/div>\n\n\n\n<hr class=\"wp-block-separator has-alpha-channel-opacity\" \/>\n\n\n\n<p class=\"has-text-align-center has-text-color has-background has-link-color has-medium-font-size wp-elements-ac4ee2a054f5d40aca07f1217aa62787\" style=\"color:#ee9a5f;background:radial-gradient(rgb(238,238,238) 56%,rgb(169,184,195) 100%)\"><strong>Edital em andamento<\/strong><\/p>\n\n\n\n<p class=\"has-extra-1-color has-text-color has-link-color wp-elements-4412c9559ea51e1fb890a97135385557\"><img loading=\"lazy\" decoding=\"async\" width=\"397\" height=\"263\" class=\"wp-image-1035\" style=\"width: 150px\" src=\"https:\/\/pos.uel.br\/patologiaexperimental\/wp-content\/uploads\/2025\/09\/card-edital.jpeg\" alt=\"\" srcset=\"https:\/\/pos.uel.br\/patologiaexperimental\/wp-content\/uploads\/2025\/09\/card-edital.jpeg 397w, https:\/\/pos.uel.br\/patologiaexperimental\/wp-content\/uploads\/2025\/09\/card-edital-300x199.jpeg 300w\" sizes=\"auto, (max-width: 397px) 100vw, 397px\" \/><strong>EDITAL No. 001\/2026 &#8211; PPGPE &#8211; Programa de Doutorado Sandu\u00edche no Exterior <\/strong><\/p>\n\n\n\n<p class=\"has-primary-text-color has-text-color has-small-font-size\">Divulga edital interno para sele\u00e7\u00e3o de candidatos a bolsa para Doutorado Sandu\u00edche no Exterior <a href=\"https:\/\/drive.google.com\/file\/d\/124BkPPEf8k3_dRYDiFe-Q-NoynYh5rNy\/view?usp=sharing\">(clique aqui)<\/a><\/p>\n\n\n\n<p class=\"has-primary-text-color has-text-color has-small-font-size\"><strong>Edital CAPES no. 017\/2025:<\/strong> <a href=\"https:\/\/www.gov.br\/capes\/pt-br\/centrais-de-conteudo\/editais\/21082025_Edital_2662823_SEI_2661209_Edital_n__17_2025.pdf\">acesse aqui<\/a><\/p>\n\n\n\n<p class=\"has-primary-text-color has-text-color has-small-font-size\"><strong>Edital PROPPG no. 48\/2025:<\/strong> <a href=\"https:\/\/sites.uel.br\/proppg\/wp-content\/uploads\/2025\/08\/Edital-PROPPG_48_2025_PDSE_UEL.pdf\">acesse aqui<\/a><\/p>\n\n\n\n<p class=\"has-primary-text-color has-text-color has-small-font-size\"><strong>Anexos do Edital 001\/2026 &#8211; PPGPE:<\/strong><\/p>\n\n\n\n<p class=\"has-primary-text-color has-text-color has-small-font-size\"><strong>1. <\/strong>Anexo I \u2013 <a href=\"https:\/\/sites.uel.br\/proppg\/wp-content\/uploads\/2025\/08\/3.-Anexo_I___Termo_de_Outorga_.pdf\">Termo de Outorga e Aceite de Bolsa<\/a><\/p>\n\n\n\n<p class=\"has-primary-text-color has-text-color has-small-font-size\">2. Anexo II &#8211; <a href=\"https:\/\/sites.uel.br\/proppg\/wp-content\/uploads\/2025\/08\/4.-Anexo_II___Declaracao_Reconhecimento_da_Fluencia_Linguistica_do_cooorientador_no_exterior__1_.pdf\">Declara\u00e7\u00e3o de reconhecimento de flu\u00eancia lingu\u00edstica &#8211; coorientador no exterior<\/a><\/p>\n\n\n\n<p class=\"has-primary-text-color has-text-color has-small-font-size\">3.Anexo III &#8211; <a href=\"https:\/\/sites.uel.br\/proppg\/wp-content\/uploads\/2025\/08\/5.-Anexo_III_Declaracao-de-Reconhecimento-da-Fluencia-Linguistica_Orientador-no-Brasil.pdf\">Declara\u00e7\u00e3o de reconhecimento de flu\u00eancia lingu\u00edstica &#8211; orientador brasileiro<\/a><\/p>\n\n\n\n<p class=\"has-primary-text-color has-text-color has-small-font-size\">4. Anexo IV &#8211; <a href=\"https:\/\/sites.uel.br\/proppg\/wp-content\/uploads\/2025\/08\/6.-Anexo_IV__Requisitos-de-proficiencia-em-lingua-estrangeira-Alternativa-a-Declaracao.pdf\">Requisitos para apresenta\u00e7\u00e3o do teste de profici\u00eancia em l\u00edngua estrangeira<\/a><\/p>\n\n\n\n<p class=\"has-primary-text-color has-text-color has-small-font-size\">5. Anexo V &#8211; <a href=\"https:\/\/sites.uel.br\/proppg\/wp-content\/uploads\/2025\/08\/7.-Anexo_V___MODELO_DA_DECLARACAO_DO_COORIENTADOR_NO_EXTERIOR_.pdf\">Modelo de carta do coorientador no exterior<\/a><\/p>\n\n\n\n<p class=\"has-primary-text-color has-text-color has-small-font-size\">6. Ata de resultado da sele\u00e7\u00e3o interna &#8211; acesso em: <a href=\"https:\/\/sites.uel.br\/proppg\/edital-proppg-48-2025-pdse\/\">https:\/\/sites.uel.br\/proppg\/edital-proppg-48-2025-pdse\/<\/a><\/p>\n\n\n\n<p class=\"has-primary-text-color has-text-color has-small-font-size\">*Delibera\u00e7\u00e3o 001\/2025 &#8211; PPGPE &#8211; Normas e Procedimentos para elabora\u00e7\u00e3o do Plano de pesquisa PDSE\/CAPES + Tabela de pontua\u00e7\u00e3o &#8211; <a href=\"https:\/\/drive.google.com\/file\/d\/1gxkqL3OOFoNu3t0ORgYyv4LKMNHUV0Wd\/view?usp=sharing\">clique aqui<\/a><\/p>\n\n\n\n<p><\/p>\n\n\n\n<p class=\"has-text-align-center has-text-color has-background has-link-color has-medium-font-size wp-elements-dab312a32a33f5c630017f091d9adc06\" style=\"color:#ee9a5f;background:radial-gradient(rgb(238,238,238) 56%,rgb(169,184,195) 100%)\"><strong>Editais encerrados<\/strong><\/p>\n\n\n\n<p class=\"has-primary-text-color has-text-color\"><img loading=\"lazy\" decoding=\"async\" width=\"200\" height=\"198\" class=\"wp-image-1088\" style=\"width: 49px\" src=\"https:\/\/pos.uel.br\/patologiaexperimental\/wp-content\/uploads\/2025\/09\/icone-Encerrada.png\" alt=\"\" srcset=\"https:\/\/pos.uel.br\/patologiaexperimental\/wp-content\/uploads\/2025\/09\/icone-Encerrada.png 200w, https:\/\/pos.uel.br\/patologiaexperimental\/wp-content\/uploads\/2025\/09\/icone-Encerrada-150x150.png 150w\" sizes=\"auto, (max-width: 200px) 100vw, 200px\" \/>  <strong>EDITAL No. 021\/2025 \u2013 PPGPE \u2013 Programa de Doutorado Sandu\u00edche no Exterior\/CAPES<\/strong><\/p>\n\n\n\n<p class=\"has-small-font-size\">Divulga edital interno para sele\u00e7\u00e3o de candidatos a bolsa para Doutorado Sandu\u00edche no Exterior&nbsp;<a href=\"https:\/\/drive.google.com\/file\/d\/1_Yz7OssIkGHqxYJiqKQvoGMCY0_1uWFD\/view?usp=sharing\">(clique aqui)<\/a><\/p>\n\n\n\n<p class=\"has-small-font-size\"><strong>Edital CAPES no. 017\/2025:<\/strong>&nbsp;<a href=\"https:\/\/www.gov.br\/capes\/pt-br\/centrais-de-conteudo\/editais\/21082025_Edital_2662823_SEI_2661209_Edital_n__17_2025.pdf\">acesse aqui<\/a><\/p>\n\n\n\n<p class=\"has-small-font-size\"><strong>Edital PROPPG no. 48\/2025:<\/strong>&nbsp;<a href=\"https:\/\/sites.uel.br\/proppg\/wp-content\/uploads\/2025\/08\/Edital-PROPPG_48_2025_PDSE_UEL.pdf\">acesse aqui<\/a><\/p>\n\n\n\n<p class=\"has-small-font-size\"><strong>Anexos do Edital 021\/2025 \u2013 PPGPE:<\/strong><\/p>\n\n\n\n<p class=\"has-small-font-size\"><strong>1.&nbsp;<\/strong>Anexo I \u2013&nbsp;<a href=\"https:\/\/sites.uel.br\/proppg\/wp-content\/uploads\/2025\/08\/3.-Anexo_I___Termo_de_Outorga_.pdf\">Termo de Outorga e Aceite de Bolsa<\/a><\/p>\n\n\n\n<p class=\"has-small-font-size\">2. Anexo II \u2013&nbsp;<a href=\"https:\/\/sites.uel.br\/proppg\/wp-content\/uploads\/2025\/08\/4.-Anexo_II___Declaracao_Reconhecimento_da_Fluencia_Linguistica_do_cooorientador_no_exterior__1_.pdf\">Declara\u00e7\u00e3o de reconhecimento de flu\u00eancia lingu\u00edstica \u2013 coorientador no exterior<\/a><\/p>\n\n\n\n<p class=\"has-small-font-size\">3.Anexo III \u2013&nbsp;<a href=\"https:\/\/sites.uel.br\/proppg\/wp-content\/uploads\/2025\/08\/5.-Anexo_III_Declaracao-de-Reconhecimento-da-Fluencia-Linguistica_Orientador-no-Brasil.pdf\">Declara\u00e7\u00e3o de reconhecimento de flu\u00eancia lingu\u00edstica \u2013 orientador brasileiro<\/a><\/p>\n\n\n\n<p class=\"has-small-font-size\">4. Anexo IV \u2013&nbsp;<a href=\"https:\/\/sites.uel.br\/proppg\/wp-content\/uploads\/2025\/08\/6.-Anexo_IV__Requisitos-de-proficiencia-em-lingua-estrangeira-Alternativa-a-Declaracao.pdf\">Requisitos para apresenta\u00e7\u00e3o do teste de profici\u00eancia em l\u00edngua estrangeira<\/a><\/p>\n\n\n\n<p class=\"has-small-font-size\">5. Anexo V \u2013&nbsp;<a href=\"https:\/\/sites.uel.br\/proppg\/wp-content\/uploads\/2025\/08\/7.-Anexo_V___MODELO_DA_DECLARACAO_DO_COORIENTADOR_NO_EXTERIOR_.pdf\">Modelo de carta do coorientador no exterior<\/a><\/p>\n\n\n\n<p class=\"has-small-font-size\">6. Ata de resultado da sele\u00e7\u00e3o interna \u2013 acesso em:&nbsp;<a href=\"https:\/\/sites.uel.br\/proppg\/edital-proppg-48-2025-pdse\/\">https:\/\/sites.uel.br\/proppg\/edital-proppg-48-2025-pdse\/<\/a><\/p>\n\n\n\n<p class=\"has-primary-text-color has-text-color has-small-font-size\">*Delibera\u00e7\u00e3o 001\/2025 \u2013 PPGPE \u2013 Normas e Procedimentos para elabora\u00e7\u00e3o do Plano de pesquisa PDSE\/CAPES + Tabela de pontua\u00e7\u00e3o \u2013&nbsp;<a href=\"https:\/\/drive.google.com\/file\/d\/1gxkqL3OOFoNu3t0ORgYyv4LKMNHUV0Wd\/view?usp=sharing\">clique aqui<\/a><\/p>\n\n\n\n<p><\/p>\n\n\n\n<p class=\"has-extra-1-color has-text-color\"><strong>EDITAL No. 023\/2025 &#8211; PPGPE &#8211; Programa de Doutorado Sandu\u00edche no Exterior <\/strong><\/p>\n\n\n\n<p class=\"has-primary-text-color has-text-color has-small-font-size\">Divulga edital interno pasele\u00e7\u00e3o de candidatos a bolsa para Doutorado Sandu\u00edche no Exterior <a href=\"https:\/\/drive.google.com\/file\/d\/1m_Qlcv0O5-UjZMZfzFgkMZYF-Np0qAaI\/view?usp=sharing\">(clique aqui)<\/a><\/p>\n\n\n\n<p><\/p>\n\n\n\n<p class=\"has-primary-text-color has-text-color\"><img loading=\"lazy\" decoding=\"async\" width=\"200\" height=\"198\" class=\"wp-image-1088\" style=\"width: 49px\" src=\"https:\/\/pos.uel.br\/patologiaexperimental\/wp-content\/uploads\/2025\/09\/icone-Encerrada.png\" alt=\"\" srcset=\"https:\/\/pos.uel.br\/patologiaexperimental\/wp-content\/uploads\/2025\/09\/icone-Encerrada.png 200w, https:\/\/pos.uel.br\/patologiaexperimental\/wp-content\/uploads\/2025\/09\/icone-Encerrada-150x150.png 150w\" sizes=\"auto, (max-width: 200px) 100vw, 200px\" \/>. <strong>EDITAL No. 001\/2025 &#8211; PPGPE &#8211; Programa de Doutorado Sandu\u00edche no Exterior <\/strong><\/p>\n\n\n\n<p class=\"has-primary-text-color has-text-color has-small-font-size\">Divulga edital interno para sele\u00e7\u00e3o de candidatos a bolsa para Doutorado Sandu\u00edche no Exterior <a href=\"https:\/\/drive.google.com\/file\/d\/124SJpmAhDutcxWAf_rEerT7wAvKS9xVX\/view?usp=sharing\">(clique aqui)<\/a><\/p>\n\n\n\n<p class=\"has-primary-text-color has-text-color has-small-font-size\"><strong>Edital CAPES no. 026\/2024:<\/strong> <a href=\"https:\/\/drive.google.com\/file\/d\/1aSijHTHzT-BMm1dX-N3gM5OTZulqHs3g\/view?usp=sharing\">acesse aqui<\/a> &#8211; <strong>Edital de Retifica\u00e7\u00e3o<\/strong> &#8211; <a href=\"https:\/\/www.gov.br\/capes\/pt-br\/centrais-de-conteudo\/editais\/14102024_Edital_2477735_SEI_2477608_Edital_N__26_2024.pdf\">clique aqui<\/a><\/p>\n\n\n\n<p class=\"has-primary-text-color has-text-color has-small-font-size\"><strong>Edital PROPPG no. 58\/2024:<\/strong> <a href=\"https:\/\/sites.uel.br\/proppg\/wp-content\/uploads\/2024\/10\/Edital-PROPPG_58_PDSE_UEL-2024.pdf\">acesse aqui<\/a><\/p>\n\n\n\n<p class=\"has-primary-text-color has-text-color has-small-font-size\"><strong>Anexos do Edital 001\/2025 &#8211; PPGPE:<\/strong><\/p>\n\n\n\n<p class=\"has-primary-text-color has-text-color has-small-font-size\"><strong>1. <\/strong>Anexo I \u2013 <a href=\"https:\/\/sites.uel.br\/proppg\/wp-content\/uploads\/2024\/10\/Anexo_I___Termo_de_Outorga___1_.pdf\">Termo de Outorga e Aceite de Bolsa<\/a><\/p>\n\n\n\n<p class=\"has-primary-text-color has-text-color has-small-font-size\">2. Anexo II &#8211; <a href=\"https:\/\/sites.uel.br\/proppg\/wp-content\/uploads\/2024\/10\/Anexo_II___Declaracao_Reconhecimento_da_Fluencia_Linguistica_do_cooorientador_no_exterior__1_.pdf\">Declara\u00e7\u00e3o de reconhecimento de flu\u00eancia lingu\u00edstica &#8211; coorientador no exterior<\/a><\/p>\n\n\n\n<p class=\"has-primary-text-color has-text-color has-small-font-size\">3.Anexo III &#8211; <a href=\"https:\/\/sites.uel.br\/proppg\/wp-content\/uploads\/2024\/10\/Anexo_III___Declaracao_Reconhecimento_da_Fluencia___Orient_Brasileiro.pdf\">Declara\u00e7\u00e3o de reconhecimento de flu\u00eancia lingu\u00edstica &#8211; orientador brasileiro<\/a><\/p>\n\n\n\n<p class=\"has-primary-text-color has-text-color has-small-font-size\">4. Anexo IV &#8211; <a href=\"https:\/\/sites.uel.br\/proppg\/wp-content\/uploads\/2024\/11\/08102024_Edital_2391763_Anexo_IV__Proficiencia_2024.pdf\">Requisitos para apresenta\u00e7\u00e3o do teste de profici\u00eancia em l\u00edngua estrangeira<\/a> <\/p>\n\n\n\n<p class=\"has-primary-text-color has-text-color has-small-font-size\">5. Anexo V &#8211; <a href=\"https:\/\/sites.uel.br\/proppg\/wp-content\/uploads\/2024\/10\/Anexo_V___MODELO_DA_DECLARACAO_DO_COORIENTADOR_NO_EXTERIOR_.pdf\">Modelo de carta do coorientador no exterior<\/a><\/p>\n\n\n\n<p class=\"has-primary-text-color has-text-color has-small-font-size\">6. Ata de resultado da sele\u00e7\u00e3o interna &#8211; acesso em: <a href=\"https:\/\/sites.uel.br\/proppg\/edital-proppg-57-2024\/\">https:\/\/sites.uel.br\/proppg\/edital-proppg-57-2024\/<\/a><\/p>\n\n\n\n<p class=\"has-primary-text-color has-text-color has-small-font-size\">*Delibera\u00e7\u00e3o 001\/2025 &#8211; PPGPE &#8211; Normas e Procedimentos para elabora\u00e7\u00e3o do Plano de pesquisa PDSE\/CAPES + Tabela de pontua\u00e7\u00e3o &#8211; <a href=\"https:\/\/drive.google.com\/file\/d\/1gxkqL3OOFoNu3t0ORgYyv4LKMNHUV0Wd\/view?usp=sharing\">clique aqui<\/a><\/p>\n\n\n\n<p><\/p>\n\n\n\n<p class=\"has-primary-text-color has-text-color\"><strong>EDITAL No. 002\/2025 &#8211; PPGPE &#8211; Programa de Doutorado Sandu\u00edche no Exterior &#8211; Resultado final<\/strong><\/p>\n\n\n\n<p class=\"has-primary-text-color has-text-color has-small-font-size\">Divulga Resultado Final do processo de sele\u00e7\u00e3o interna &#8211; bolsa para Doutorado Sandu\u00edche no Exterior <a href=\"https:\/\/drive.google.com\/file\/d\/1vig06v3EqKV9MXFBLqB4BlYL-v-slQl1\/view?usp=sharing\">(clique aqui)<\/a><\/p>\n\n\n\n<p><\/p>\n\n\n\n<hr class=\"wp-block-separator has-text-color has-alpha-channel-opacity has-background is-style-wide\" style=\"background-color:#808080cc;color:#808080cc\" \/>\n\n\n\n<figure class=\"wp-block-image size-large is-resized is-style-default\"><img loading=\"lazy\" decoding=\"async\" width=\"1024\" height=\"247\" src=\"https:\/\/pos.uel.br\/patologiaexperimental\/wp-content\/uploads\/2025\/09\/Assinatura-de-e-mail-1024x247.jpg\" alt=\"\" class=\"wp-image-1042\" style=\"width:449px;height:auto\" srcset=\"https:\/\/pos.uel.br\/patologiaexperimental\/wp-content\/uploads\/2025\/09\/Assinatura-de-e-mail-1024x247.jpg 1024w, https:\/\/pos.uel.br\/patologiaexperimental\/wp-content\/uploads\/2025\/09\/Assinatura-de-e-mail-300x72.jpg 300w, https:\/\/pos.uel.br\/patologiaexperimental\/wp-content\/uploads\/2025\/09\/Assinatura-de-e-mail-768x185.jpg 768w, https:\/\/pos.uel.br\/patologiaexperimental\/wp-content\/uploads\/2025\/09\/Assinatura-de-e-mail-1536x371.jpg 1536w, https:\/\/pos.uel.br\/patologiaexperimental\/wp-content\/uploads\/2025\/09\/Assinatura-de-e-mail.jpg 1600w\" sizes=\"auto, (max-width: 1024px) 100vw, 1024px\" \/><\/figure>\n\n\n\n<p><\/p>\n","protected":false},"excerpt":{"rendered":"<p>Edital em andamento EDITAL No. 001\/2026 &#8211; PPGPE &#8211; Programa de Doutorado Sandu\u00edche no Exterior Divulga edital interno para sele\u00e7\u00e3o de candidatos a bolsa para Doutorado Sandu\u00edche no Exterior (clique aqui) Edital CAPES no. 017\/2025: acesse aqui Edital PROPPG no. 48\/2025: acesse aqui Anexos do Edital 001\/2026 &#8211; PPGPE: 1. Anexo I \u2013 Termo de [&hellip;]<\/p>\n","protected":false},"author":10,"featured_media":0,"parent":0,"menu_order":0,"comment_status":"closed","ping_status":"closed","template":"page-templates\/template-without-title.php","meta":{"footnotes":""},"class_list":["post-397","page","type-page","status-publish","hentry"],"_links":{"self":[{"href":"https:\/\/pos.uel.br\/patologiaexperimental\/wp-json\/wp\/v2\/pages\/397","targetHints":{"allow":["GET"]}}],"collection":[{"href":"https:\/\/pos.uel.br\/patologiaexperimental\/wp-json\/wp\/v2\/pages"}],"about":[{"href":"https:\/\/pos.uel.br\/patologiaexperimental\/wp-json\/wp\/v2\/types\/page"}],"author":[{"embeddable":true,"href":"https:\/\/pos.uel.br\/patologiaexperimental\/wp-json\/wp\/v2\/users\/10"}],"replies":[{"embeddable":true,"href":"https:\/\/pos.uel.br\/patologiaexperimental\/wp-json\/wp\/v2\/comments?post=397"}],"version-history":[{"count":32,"href":"https:\/\/pos.uel.br\/patologiaexperimental\/wp-json\/wp\/v2\/pages\/397\/revisions"}],"predecessor-version":[{"id":1162,"href":"https:\/\/pos.uel.br\/patologiaexperimental\/wp-json\/wp\/v2\/pages\/397\/revisions\/1162"}],"wp:attachment":[{"href":"https:\/\/pos.uel.br\/patologiaexperimental\/wp-json\/wp\/v2\/media?parent=397"}],"curies":[{"name":"wp","href":"https:\/\/api.w.org\/{rel}","templated":true}]}}