{"id":181,"date":"2022-05-06T16:21:01","date_gmt":"2022-05-06T19:21:01","guid":{"rendered":"https:\/\/pos.uel.br\/patologiaexperimental\/?page_id=181"},"modified":"2025-11-26T16:58:25","modified_gmt":"2025-11-26T19:58:25","slug":"disciplinas","status":"publish","type":"page","link":"https:\/\/pos.uel.br\/patologiaexperimental\/disciplinas\/","title":{"rendered":"Disciplinas"},"content":{"rendered":"\n<p class=\"has-primary-accent-color has-text-color has-medium-font-size\"><strong>Disciplinas Obrigat\u00f3rias<\/strong><\/p>\n\n\n\n<div class=\"wp-block-columns is-layout-flex wp-container-core-columns-is-layout-9d6595d7 wp-block-columns-is-layout-flex\">\n<div class=\"wp-block-column is-layout-flow wp-block-column-is-layout-flow\" style=\"flex-basis:66.66%\">\n<p class=\"has-small-font-size\">As disciplinas s\u00e3o ministradas no primeiro semestre de cada ano, nas Segundas, Quartas e Sextas-feiras das 8:00 as 12:00. A disciplina de Bioestat\u00edstica \u00e9 ministrada as ter\u00e7as das 14:00 as 18:00.<\/p>\n\n\n\n<p>2STA056 &#8211; BIOESTAT\u00cdSTICA (02cr 30h) (M\/D) Conceitos em estat\u00edstica e a infer\u00eancia estat\u00edstica. Coleta de dados. \u00cdndices e coeficientes. Correla\u00e7\u00e3o. An\u00e1lise de vari\u00e2ncia. Testes de signific\u00e2ncia (t student, Tukey, Bonferroni, Welch, etc.). Planejamento b\u00e1sico de experimentos. Experimentos fatoriais 2 n e fracionados com repeti\u00e7\u00e3o de planejamento 2 n. Modelagem estat\u00edstica. Aplica\u00e7\u00e3o do m\u00e9todo estat\u00edstico \u00e0s Ci\u00eancias Patol\u00f3gicas. (Profa. Vanderli Marino Melem)<br><\/p>\n\n\n\n<p>2PAT117 \u2013 IMUNOPATOLOGIA (03cr 45h) (M\/D) Estudos dos mecanismos de les\u00e3o de tecidos e c\u00e9lulas causados pelo sistema imune. Mecanismos pelos quais a resposta imunol\u00f3gica pode determinar agress\u00e3o tecidual. Agress\u00e3o por mecanismos ligados \u00e0 resposta imunit\u00e1ria do tipo humoral e celular. Principais afec\u00e7\u00f5es causadas pela libera\u00e7\u00e3o de mediadores qu\u00edmicos. (Profs. Maria Ang\u00e9lica E. Watanabe e Phileno Pinge Filho)<br><\/p>\n\n\n\n<p>2PAT118 &#8211; MECANISMOS CELULARES E MOLECULARES DA RESPOSTA IMUNE (04cr 60h) (M\/D) Estudo dos mecanismos imunol\u00f3gicos inespec\u00edficos e espec\u00edficos. Matura\u00e7\u00e3o dos linf\u00f3citos B e express\u00e3o dos genes das imunoglobulinas. Bases moleculares da ativa\u00e7\u00e3o dos linf\u00f3citos T e do reconhecimento antig\u00eanico. Mecanismos de toler\u00e2ncia imunol\u00f3gica e regula\u00e7\u00e3o da resposta imune. (Profs. Eiko N. Itano, Emerson J. Ven\u00e2ncio e Mario A. Ono)<br><\/p>\n\n\n\n<p>2PAT160 &#8211; PATOGENIA MICROBIANA (03cr 45h) (M\/D) Estrutura, fatores de virul\u00eancia e identifica\u00e7\u00e3o laboratorial de bact\u00e9rias, fungos e parasitos. (Profs. Ivete C. Costa, Idess\u00e2nia N. Costa, Karen B. Oliveira e Wander R. Pavanelli)<br><\/p>\n\n\n\n<p>2PAT225 \u2013 PATOLOGIA GERAL E MORFO FUNCIONAL (4cr 60h) (M\/D) Anatomia patol\u00f3gica, histopatologia, patogenia e mecanismos operativos de: les\u00f5es celulares revers\u00edveis e irrevers\u00edveis, necrose e apoptose. Aterosclerose, infarto, isquemia\/reperfusao, trombose\/embolia e edema. Fisiopatologia do processo inflamat\u00f3rio, inflama\u00e7\u00e3o aguda, cr\u00f4nica e granulomatosa, regeneracao e reparo. Hiperplasia, metaplasia e anaplasia, neoplasia benigna e maligna, tipos de c\u00e2ncer, etiopatogenia do c\u00e2ncer. M\u00e9todos de estudo em patologia. (Prof. Rodrigo C. Luiz, Rubens Cecchini, Waldiceu A. V. Junior, Alessandra L. C. Armani e Fl\u00e1via A. Guarnier)<br><\/p>\n\n\n\n<p>2PAT226 \u2013 MECANISMOS DE LES\u00d5ES CELULARES E MOLECULARES (1cr 15h) (M\/D) Estudos avan\u00e7ados do t\u00f3pico, atrav\u00e9s da realiza\u00e7\u00e3o de semin\u00e1rios de artigos cient\u00edficos relevantes e\/ou representativos do estado da arte de cada ano. (Prof. Rubens Cecchini)<br><\/p>\n\n\n\n<p>2PAT227 \u2013 MECANISMOS OPERATIVOS DAS ALTERA\u00c7\u00d5ES CIRCULAT\u00d3RIAS (1cr 15h) (M\/D) Estudos avan\u00e7ados do t\u00f3pico, atrav\u00e9s da realiza\u00e7\u00e3o de semin\u00e1rios de artigos cient\u00edficos relevantes e\/ou representativos do estado da arte de cada ano. (Profa. Fl\u00e1via Alessandra Guarnier)<br><\/p>\n\n\n\n<p>2PAT228 \u2013 MECANISMOS OPERATIVOS DOS PROCESSOS INFLAMAT\u00d3RIOS (2cr 30h) (M\/D) Estudos avan\u00e7ados do t\u00f3pico, atrav\u00e9s da realiza\u00e7\u00e3o de semin\u00e1rios de artigos cient\u00edficos relevantes e\/ou representativos do estado da arte de cada ano. (Prof. Waldiceu Aparecido Verri Junior)<br><\/p>\n\n\n\n<p>2PAT229 \u2013 NEOPLASIAS E MECANISMOS MOLECULARES DA CARCINOG\u00caNESE (2cr 30h) (M\/D) Estudos avan\u00e7ados do t\u00f3pico, atrav\u00e9s da realiza\u00e7\u00e3o de semin\u00e1rios de artigos cient\u00edficos relevantes e\/ou representativos do estado da arte de cada ano. (Prof. Rodrigo Cabral Luiz)<\/p>\n\n\n\n<hr class=\"wp-block-separator has-css-opacity is-style-default\" \/>\n\n\n\n<p class=\"has-primary-accent-color has-text-color has-medium-font-size\"><strong>Disciplinas Optativas<\/strong><\/p>\n\n\n\n<p class=\"has-small-font-size\">As disciplinas s\u00e3o ministradas no segundo semestre de cada ano, nas Segundas, Quartas e Sextas-feiras das 8:00 as 12:00.<\/p>\n\n\n\n<p>2PAT122 &#8211; ESTRESSE OXIDATIVO EM PATOLOGIA (02cr 30h) Conceitos de radicais livres. Mecanismos celulares de produ\u00e7\u00e3o de radicais livres. Mecanismos de les\u00f5es celulares por radicais livres. Mecanismos anti-oxidantes, radicais livres e doen\u00e7as. (Prof. Rubens Cecchini)<br><\/p>\n\n\n\n<p>2PAT123 &#8211; IMUNODIAGN\u00d3STICO DE MICOSES SIST\u00caMICAS (02cr 30h) Estudo do desenvolvimento e aplica\u00e7\u00e3o de m\u00e9todos sorol\u00f3gicos no diagn\u00f3stico das micoses sist\u00eamicas. (Prof. Mario Augusto Ono)<br><\/p>\n\n\n\n<p>2PAT124 &#8211; IMUNOLOGIA DAS DOEN\u00c7AS INFECCIOSAS (02cr 30h) Mecanismos de defesa e de evas\u00e3o do sistema imune em infec\u00e7\u00f5es bacterianas, virais e f\u00fangicas. Estrat\u00e9gias para a evas\u00e3o das defesas imunes. Conseq\u00fc\u00eancias imunopatol\u00f3gicas das infec\u00e7\u00f5es bacterianas, virais e f\u00fangicas. (Profs. Eiko Nakagawa Itano e Mario Augusto Ono)<br><\/p>\n\n\n\n<p>2PAT223 &#8211; IMUNOPATOLOGIA DAS DOEN\u00c7AS TROPICAIS (2cr 30h) Papel da imunidade inata e adaptativa na gera\u00e7\u00e3o de les\u00e3o celular em infec\u00e7\u00f5es por parasitas. Mecanismo fisiopatol\u00f3gico do dengue hemorr\u00e1gico. Patog\u00eanese das afec\u00e7\u00f5es por bact\u00e9rias nos tr\u00f3picos. Tripanossom\u00edase africana e anemia. Imunidade e patologia da doen\u00e7a de Chagas humana e experimental. Imunopatologia nas leishmanioses. Mal\u00e1ria cerebral. Imunopatologia da esquistossomose. Imunidade e patologia das parasitoses por nemat\u00f3ides de tr\u00f3picos. Doen\u00e7as tropicais e suas rela\u00e7\u00f5es com o desenvolvimento de c\u00e2ncer e doen\u00e7as imunol\u00f3gicas. (Prof. Phileno Pinge Filho)<br><\/p>\n\n\n\n<p>2PAT230 \u2013 T\u00d3PICOS EM IMUNOLOGIA (1cr 30h) Mecanismos de imunidade inatos e adaptativos, rela\u00e7\u00e3o parasito-hospedeiro. (Prof. Emerson Jos\u00e9 Ven\u00e2ncio)<br><\/p>\n\n\n\n<p>2PAT234 &#8211; DIAGN\u00d3STICO IMUNOL\u00d3GICO E MOLECULAR EM MEDICINA (03cr 45h) Avan\u00e7os em m\u00e9todos qualitativos e quantitativos de diagn\u00f3stico molecular e imunol\u00f3gico de doen\u00e7as infeciosas e cr\u00f4nicas. (Profs. Maria Ang\u00e9lica E. Watanabe, Karen Braj\u00e3o de Oliveira e Mario Augusto Ono)<br><\/p>\n\n\n\n<p>2PAT235 &#8211; MODELOS E T\u00c9CNICAS EM PATOLOGIA EXPERIMENTAL (03cr 45h) Modelos e t\u00e9cnicas de experimenta\u00e7\u00e3o in vitro e in vivo utilizados nos estudos de adapta\u00e7\u00e3o celular, carcinog\u00eanese qu\u00edmica, inflama\u00e7\u00e3o (aguda e cr\u00f4nica). Identifica\u00e7\u00e3o de modelos in vitro, morte celular por apoptose e necrose, aut\u00f3lise e autofagia. Reconhecimento de t\u00e9cnicas utilizadas em modelos experimentais na identifica\u00e7\u00e3o do estresse oxidativo sist\u00eamico e localizado. (Profa. Alessandra Louren\u00e7o Cecchini Armani, Fl\u00e1via Alessandra Guarnier e Rodrigo Cabral Luiz)<br><br><br>2PAT236 &#8211; T\u00d3PICOS EM BIOLOGIA MOLECULAR (02cr 30h) Estrutura do DNA: replica\u00e7\u00e3o, transcri\u00e7\u00e3o, tradu\u00e7\u00e3o. \u00c1cidos nucleicos e suas aplica\u00e7\u00f5es no diagn\u00f3stico, an terap\u00eautica e preven\u00e7\u00e3o de doen\u00e7as. (Profs. Emerson Jos\u00e9 Ven\u00e2ncio e Maria Ang\u00e9lica Ehara Watanabe)<br><br><br>2PAT237 &#8211; AVAN\u00c7OS RECENTES EM MOL\u00c9CULAS DE RECONHECIMENTO DE PADR\u00d5ES NAS INFEC\u00c7\u00d5ES (02cr 30h) Receptores de reconhecimento padr\u00e3o da imunidade inata: receptores de manose, lectina ligadora de manose, prote\u00edna C-reativa, receptores de N-formilmetionil peptideo, receptores Toll, receptores semekhantes \u00e0 NOD e RIG. forma\u00e7\u00e3o do inflassoma. Fam\u00edlia de receptores Toll e reconhecimento microbiano Ativa\u00e7\u00e3o dos receptores Toll e produ\u00e7\u00e3o de ditocinas e quimiocinas pro-inflamat\u00f3rias Quimiotaxia de c\u00e9lulas inflamat\u00f3rias. Mecanismos de defesa do hospedeiro induzidos por glicoprote\u00ednas e lipoprote\u00ednas microbianas.<br><\/p>\n\n\n\n<p>2PAT238 \u2013 T\u00d3PICOS EM FISIOPATOLOGIA DA INFLAMA\u00c7\u00c3O (02cr 30h) Mecanismos e import\u00e2ncia da inflama\u00e7\u00e3o na fisiopatologia de doen\u00e7as. (Prof. Waldiceu Aparecido Verri Junior)<br><\/p>\n\n\n\n<p>2PAT239 &#8211; ALTERA\u00c7\u00d5ES METAB\u00d3LICAS DA FUN\u00c7\u00c3O ENDOTELIAL E DO ESTADO REDOX NAS DOEN\u00c7AS INFLAMAT\u00d3RIAS CR\u00d4NICAS (02cr 30h) Fisiopatologia das altera\u00e7\u00f5es&nbsp; metab\u00f3licas, da fun\u00e7\u00e3o endotelial e do estado redox nas doen\u00e7as inflamat\u00f3rias cr\u00f4nicas. Disfun\u00e7\u00e3o do tecido adiposo e da resposta imunol\u00f3gica na fisiopatologia das doen\u00e7as infecciosas e autoimunes. (Profs. Andr\u00e9a Name Colado Sim\u00e3o e Isa\u00edas Dichi)<br><\/p>\n\n\n\n<p>2PAT240 &#8211; ATUALIZA\u00c7\u00c3O EM DOEN\u00c7AS NEGLICENCIADS &#8211; ADN (03cr 45h) Estudo da Rela\u00e7\u00e3o Parasita\/Hospedeiro; Caracteriza\u00e7\u00e3o dos aspectos imunopatol\u00f3gicos; Emprego dos diferentes M\u00e9todos de diagn\u00f3stico laboratorial; Estudo dos M\u00e9todos de Isolamento e Manuten\u00e7\u00e3o de cepas. (Profs. Ivete Conchon Costa, Idess\u00e2nia Nazareth Costa e Wander R. Pavanelli)<br><\/p>\n\n\n\n<p>2PAT241 &#8211; BIOLOGIA CELULAR APLICADA \u00c0 PATOLOGIA EXPERIMENTAL (02cr 30h) Estudar a c\u00e9lula animal com rela\u00e7\u00e3o a sua composi\u00e7\u00e3o, ultraestrutura e funcionamento dando \u00eanfase \u00e0s organelas citoplasm\u00e1ticas e \u00e0s patologias nas quais elas est\u00e3o associadas. (Profa. Glaura Scantamburlo Alves Fernandes)<br><\/p>\n\n\n\n<p>2PAT242 &#8211; FUNDAMENTOS DE HISTOQU\u00cdMICA (02cr 30h) Fundamenta\u00e7\u00e3o te\u00f3rico-pr\u00e1tica de t\u00e9cnicas histoqu\u00edmicas. Apresenta\u00e7\u00e3o e discuss\u00e3o das diferentes t\u00e9cnicas histoqu\u00edmicas para a detec\u00e7\u00e3o de biomol\u00e9culas em preparados histopatol\u00f3gicos. (Profa. Fl\u00e1via Alessandra Guarnier)<br><\/p>\n\n\n\n<p>2PAT243 &#8211; FUNDAMENTOS DE IMUNOHISTOQU\u00cdMICA (02cr 30h) Fundamenta\u00e7\u00e3o te\u00f3rico-pr\u00e1tica de t\u00e9cnicas imunohistoqu\u00edmicas. Apresenta\u00e7\u00e3o e discuss\u00e3o das diferentes t\u00e9cnicas imunohistoqu\u00edmicas para a detec\u00e7\u00e3o da express\u00e3o prot\u00e9ica em preparados histopatol\u00f3gicos. (Prof. Eduardo Jos\u00e9 de Almeida Ara\u00fajo)<br><\/p>\n\n\n\n<p>2PAT244 &#8211; IMUNOLOGIA CELULAR E MOLECULAR (03cr 45h) C\u00e9lulas do sistema imune. Anatomia do sistema imune (\u00d3rg\u00e3os linf\u00f3ides, sistema linf\u00e1tico, sistema linf\u00f3ide cut\u00e2neo e das mucosas). Imunoglobulinas e ant\u00edgenos. Mecanismos efetores da imunidade inata. Complexo de Histocompatibilidade Principal e apresenta\u00e7\u00e3o de ant\u00edgenos. Mecanismos efetores da imunidade adaptativa. Toler\u00e2ncia imunol\u00f3gica. (Profs. F\u00e1bio Henrique Kwasniewski e Phileno Pinge Filho)<br><\/p>\n\n\n\n<p>2PAT250 &#8211; \u00c9TICA EM PESQUISA CIENT\u00cdFICA (02cr 30h) \u00c9tica. \u00c9tica na pesquisa cient\u00edfica. M\u00e9todo cient\u00edfico. (Profs. Alessandra L. C. Armani, Glaura S. A. Fernandes e Karen B. Oliveira)<br><\/p>\n\n\n\n<p>2PAT251 &#8211; CELL DEATH MECANISM (MECANISMO DE MORTE CELULAR) (02cr 30h) (Essa disciplina \u00e9 ofertada somente para os estudantes a partir do segundo ano).&nbsp; Morte celular por: Necrose; Apoptose; Necroptose; Autofagia; Piroptose; Eritroptose. (Profa. Alessandra Louren\u00e7o Cecchini Armani)<br><\/p>\n\n\n\n<p>2PAT252 &#8211; ORGANIZA\u00c7\u00c3O E GEST\u00c3O DE EVENTOS CIENT\u00cdFICOS EM PATOLOGIA EXPERIMENTAL (04cr 60h) Comunica\u00e7\u00e3o entre pares. Fluxo da produ\u00e7\u00e3o e da comunica\u00e7\u00e3o do conhecimento cient\u00edfico. Conceitua\u00e7\u00e3o e compreens\u00e3o de eventos cient\u00edficos. M\u00e9todos de organiza\u00e7\u00e3o, controle e execu\u00e7\u00e3o de eventos. Recep\u00e7\u00e3o e treinamento de equipe na organiza\u00e7\u00e3o de eventos acad\u00eamicos. (Profs. Alessandra L. C. Armani e Eduardo J. A. Ara\u00fajo)<br><\/p>\n\n\n\n<p>2LAC103 &#8211; BIOEST\u00cdTICA APLICADA \u00c0 MEDICINA (03cr 45h) (Essa disciplina \u00e9 oferecida para os estudantes a partir do segundo ano) Discuss\u00e3o de m\u00e9todos de coleta de dados e n\u00edveis de mensura\u00e7\u00e3o. Emprego de t\u00e9cnicas estat\u00edsticas para testar a hip\u00f3tese da pesquisa cient\u00edfica em medicina. Interpreta\u00e7\u00e3o e discuss\u00e3o de resultados estat\u00edsticos obtidos em artigos cient\u00edficos.&nbsp;(Profa. Andr\u00e9a Name Colado Sim\u00e3o)<br><\/p>\n\n\n\n<p>2HIT086 &#8211; PRINCIPLES OF IMUNOHISTOCHEMISTRY (PRINC\u00cdPIOS DE IMUNOHISTOQU\u00cdMICA) (02cr 30h) Theoretical and practical basic knowledge imunohistochemical techniques. Discussion of different imunohistochemical techniques for localization of specific proteins in animal and human tissue.&nbsp;Conhecimento te\u00f3rico e pr\u00e1tico b\u00e1sicos sobre t\u00e9cnicas imunohistoqu\u00edmicas. Discussao de diferentes t\u00e9cnicas imunohistoqu\u00edmicas para localiza\u00e7\u00e3o de prote\u00ednas espec\u00edficas em tecidos animal e humanos. (Profs. Eduardo J. A. Ara\u00fajo e Fl\u00e1via A. Guarnier)<br><\/p>\n\n\n\n<p>2BIO388 &#8211; ASPECTOS BIOL\u00d3GICOS E PATOL\u00d3GICOS DA REPRODU\u00c7\u00c3O MASCULINA &#8211; (02 cr&nbsp; 30hs) Biologia da reprodu\u00e7\u00e3o masculina e altera\u00e7\u00f5es associadas, com \u00eanfase no papel do sistema imune e do estresse oxidativo em condi\u00e7\u00f5es normais e patol\u00f3gicas do sistema genital masculino. (Profa. Glaura Scantamburlo A. Fernandes)<\/p>\n\n\n\n<hr class=\"wp-block-separator has-css-opacity\" \/>\n\n\n\n<p class=\"has-primary-accent-color has-text-color has-medium-font-size\"><strong>Est\u00e1gio em Doc\u00eancia na Gradua\u00e7\u00e3o<\/strong><\/p>\n\n\n\n<p class=\"has-small-font-size\">(exigem-se 2 cr\u00e9ditos para o Mestrado e 4 cr\u00e9ditos para o Doutorado, mas esses cr\u00e9ditos n\u00e3o podem ser computados nem para disciplinas obrigat\u00f3rias e nem para optativas)<\/p>\n\n\n\n<p>2PAT116 &#8211; EST\u00c1GIO EM DOC\u00caNCIA NA GRADUA\u00c7\u00c3O EM CI\u00caNCIAS PATOL\u00d3GICAS I (02cr 30h) (M) Participa\u00e7\u00e3o em aulas de gradua\u00e7\u00e3o, treinamento de estagi\u00e1rios de inicia\u00e7\u00e3o cient\u00edfica e outras atividades correlatas a crit\u00e9rio e acompanhamento da Comiss\u00e3o Coordenadora, com supervis\u00e3o do orientador e com a presen\u00e7a do professor respons\u00e1vel pela disciplina.<br><\/p>\n\n\n\n<p>2PAT171 &#8211; EST\u00c1GIO EM DOC\u00caNCIA NA GRADUA\u00c7\u00c3O EM CI\u00caNCIAS PATOL\u00d3GICAS II (02cr 30h) (D) Participa\u00e7\u00e3o em aulas de gradua\u00e7\u00e3o, treinamento de estagi\u00e1rios de inicia\u00e7\u00e3o cient\u00edfica e outras atividades correlatas a crit\u00e9rio e acompanhamento da Comiss\u00e3o Coordenadora, com supervis\u00e3o do orientador e com a presen\u00e7a do professor respons\u00e1vel pela disciplina.<br><\/p>\n\n\n\n<p>2PAT172 &#8211; EST\u00c1GIO EM DOC\u00caNCIA NA GRADUA\u00c7\u00c3O EM CI\u00caNCIAS PATOL\u00d3GICAS III (02cr 30h) (D) Participa\u00e7\u00e3o em aulas de gradua\u00e7\u00e3o, treinamento de estagi\u00e1rios de inicia\u00e7\u00e3o cient\u00edfica e outras atividades correlatas a crit\u00e9rio e acompanhamento da Comiss\u00e3o Coordenadora, com supervis\u00e3o do orientador e com a presen\u00e7a do professor respons\u00e1vel pela disciplina.<\/p>\n\n\n\n<hr class=\"wp-block-separator has-css-opacity\" \/>\n\n\n\n<p class=\"has-primary-accent-color has-text-color has-medium-font-size\"><strong>Disserta\u00e7\u00e3o de mestrado<\/strong><\/p>\n\n\n\n<p class=\"has-small-font-size\">(uma para cada semestre do programa)<\/p>\n\n\n\n<p>2PAT151 \u2013 Disserta\u00e7\u00e3o I (7cr 105h)<\/p>\n\n\n\n<p>2PAT152 \u2013 Disserta\u00e7\u00e3o II (8cr 120h)<\/p>\n\n\n\n<p>2PAT153 \u2013 Disserta\u00e7\u00e3o III (10cr 150h)<\/p>\n\n\n\n<p>2PAT154 \u2013 Disserta\u00e7\u00e3o IV (10cr 150h)<\/p>\n\n\n\n<hr class=\"wp-block-separator has-css-opacity\" \/>\n\n\n\n<p class=\"has-primary-accent-color has-text-color has-medium-font-size\"><strong>Tese de Doutorado<\/strong><\/p>\n\n\n\n<p class=\"has-small-font-size\">(uma para cada semestre do programa)<\/p>\n\n\n\n<p>2PAT173 \u2013 Tese I (10cr 150h)<\/p>\n\n\n\n<p>2PAT174 \u2013 Tese II (10cr 150h)<\/p>\n\n\n\n<p>2PAT175 \u2013 Tese III (20cr 300h)<\/p>\n\n\n\n<p>2PAT176 \u2013 Tese IV (20cr 300h)<\/p>\n\n\n\n<p>2PAT177 \u2013 Tese V (20cr 300h)<\/p>\n\n\n\n<p>2PAT178 \u2013 Tese VI (20cr 300h)<\/p>\n\n\n\n<p>2PAT179 \u2013 Tese VII (20cr 300h)<\/p>\n\n\n\n<p>2PAT180 \u2013 Tese VIII (20cr 300h)<\/p>\n\n\n\n<hr class=\"wp-block-separator has-css-opacity\" \/>\n\n\n\n<p class=\"has-primary-accent-color has-text-color has-medium-font-size\"><\/p>\n<\/div>\n\n\n\n<div class=\"wp-block-column is-layout-flow wp-block-column-is-layout-flow\" style=\"flex-basis:33.33%\">\n<div class=\"wp-block-columns is-layout-flex wp-container-core-columns-is-layout-9d6595d7 wp-block-columns-is-layout-flex\">\n<div class=\"wp-block-column is-layout-flow wp-block-column-is-layout-flow\">\n<div class=\"wp-block-uel-card\">\n<h6 class=\"wp-block-heading has-primary-accent-color has-text-color has-link-color wp-elements-9861f7a1fe737d4c2de58de8867c3c51\" style=\"font-size:15px\">Quadro de Oferta de Disciplinas<\/h6>\n\n\n\n<p style=\"font-size:11px\">Clique sobre o per\u00edodo para fazer o download do arquivo.<\/p>\n\n\n\n<p><\/p>\n\n\n\n<p class=\"has-text-color has-link-color has-small-font-size wp-elements-683476f310aeb9a946fbd25253750c6c\" style=\"color:#ed7521\"><strong>Mestrado<\/strong><\/p>\n\n\n\n<div class=\"wp-block-columns is-layout-flex wp-container-core-columns-is-layout-9d6595d7 wp-block-columns-is-layout-flex\">\n<div class=\"wp-block-column is-layout-flow wp-block-column-is-layout-flow\" style=\"flex-basis:100%\">\n<div class=\"wp-block-columns is-layout-flex wp-container-core-columns-is-layout-9d6595d7 wp-block-columns-is-layout-flex\">\n<div class=\"wp-block-column is-layout-flow wp-block-column-is-layout-flow\" style=\"flex-basis:100%\">\n<div class=\"wp-block-columns is-layout-flex wp-container-core-columns-is-layout-9d6595d7 wp-block-columns-is-layout-flex\">\n<div class=\"wp-block-column is-layout-flow wp-block-column-is-layout-flow\" style=\"flex-basis:100%\">\n<figure class=\"wp-block-table is-style-regular\" style=\"font-size:11px\"><table class=\"has-fixed-layout\"><tbody><tr><td><a href=\"https:\/\/drive.google.com\/file\/d\/1mtR55PmLRNM9cCWsJOyg-hTgOq0tmnpf\/view?usp=sharing\">2025<br>1o.semestre<\/a><\/td><td><a href=\"https:\/\/drive.google.com\/file\/d\/1m54xmFRVkXltl5RYNv7yDGEEGQgl50lr\/view?usp=sharing\">2025<br>2o.semestre<\/a><\/td><\/tr><tr><td><a href=\"https:\/\/drive.google.com\/file\/d\/1N119jpxknZP8F9gPgcHcOsF5Fe1g4E0y\/view?usp=sharing\">2026<br>1o.semestre<\/a><\/td><td>2026<br>2o.semestre<\/td><\/tr><\/tbody><\/table><\/figure>\n<\/div>\n<\/div>\n<\/div>\n<\/div>\n<\/div>\n<\/div>\n\n\n\n<p class=\"has-text-color has-link-color has-small-font-size wp-elements-90d5e74fdcf08fe898fe0738ad6b1849\" style=\"color:#ed7521\"><strong>Doutorado<\/strong><\/p>\n\n\n\n<div class=\"wp-block-columns is-layout-flex wp-container-core-columns-is-layout-9d6595d7 wp-block-columns-is-layout-flex\">\n<div class=\"wp-block-column is-layout-flow wp-block-column-is-layout-flow\" style=\"flex-basis:100%\">\n<figure style=\"font-size:11px\" class=\"wp-block-table\"><table><tbody><tr><td><a href=\"https:\/\/drive.google.com\/file\/d\/1mtR55PmLRNM9cCWsJOyg-hTgOq0tmnpf\/view?usp=sharing\">2025<br>1o.semestre<\/a><\/td><td><a href=\"https:\/\/drive.google.com\/file\/d\/1m54xmFRVkXltl5RYNv7yDGEEGQgl50lr\/view?usp=sharing\">2025<br>2o.semestre<\/a><\/td><\/tr><tr><td><a href=\"https:\/\/drive.google.com\/file\/d\/1N119jpxknZP8F9gPgcHcOsF5Fe1g4E0y\/view?usp=sharing\">2026<br>1o.semestre<\/a><\/td><td>2026<br>2o.semestre<\/td><\/tr><\/tbody><\/table><\/figure>\n<\/div>\n<\/div>\n<\/div>\n<\/div>\n<\/div>\n<\/div>\n<\/div>\n","protected":false},"excerpt":{"rendered":"<p>Disciplinas Obrigat\u00f3rias As disciplinas s\u00e3o ministradas no primeiro semestre de cada ano, nas Segundas, Quartas e Sextas-feiras das 8:00 as 12:00. A disciplina de Bioestat\u00edstica \u00e9 ministrada as ter\u00e7as das 14:00 as 18:00. 2STA056 &#8211; BIOESTAT\u00cdSTICA (02cr 30h) (M\/D) Conceitos em estat\u00edstica e a infer\u00eancia estat\u00edstica. Coleta de dados. \u00cdndices e coeficientes. Correla\u00e7\u00e3o. An\u00e1lise de [&hellip;]<\/p>\n","protected":false},"author":10,"featured_media":0,"parent":0,"menu_order":0,"comment_status":"closed","ping_status":"closed","template":"","meta":{"footnotes":""},"class_list":["post-181","page","type-page","status-publish","hentry"],"_links":{"self":[{"href":"https:\/\/pos.uel.br\/patologiaexperimental\/wp-json\/wp\/v2\/pages\/181","targetHints":{"allow":["GET"]}}],"collection":[{"href":"https:\/\/pos.uel.br\/patologiaexperimental\/wp-json\/wp\/v2\/pages"}],"about":[{"href":"https:\/\/pos.uel.br\/patologiaexperimental\/wp-json\/wp\/v2\/types\/page"}],"author":[{"embeddable":true,"href":"https:\/\/pos.uel.br\/patologiaexperimental\/wp-json\/wp\/v2\/users\/10"}],"replies":[{"embeddable":true,"href":"https:\/\/pos.uel.br\/patologiaexperimental\/wp-json\/wp\/v2\/comments?post=181"}],"version-history":[{"count":35,"href":"https:\/\/pos.uel.br\/patologiaexperimental\/wp-json\/wp\/v2\/pages\/181\/revisions"}],"predecessor-version":[{"id":1145,"href":"https:\/\/pos.uel.br\/patologiaexperimental\/wp-json\/wp\/v2\/pages\/181\/revisions\/1145"}],"wp:attachment":[{"href":"https:\/\/pos.uel.br\/patologiaexperimental\/wp-json\/wp\/v2\/media?parent=181"}],"curies":[{"name":"wp","href":"https:\/\/api.w.org\/{rel}","templated":true}]}}