{"id":76,"date":"2025-12-03T09:53:07","date_gmt":"2025-12-03T12:53:07","guid":{"rendered":"https:\/\/pos.uel.br\/ortodontia\/?page_id=76"},"modified":"2025-12-03T09:53:59","modified_gmt":"2025-12-03T12:53:59","slug":"historico","status":"publish","type":"page","link":"https:\/\/pos.uel.br\/ortodontia\/historico\/","title":{"rendered":"Hist\u00f3rico"},"content":{"rendered":"\n<p>No in\u00edcio da Faculdade Estadual de Odontologia de Londrina, como instituto isolado, em 1962, poucos professores apresentavam forma\u00e7\u00e3o espec\u00edfica para ensino em sua \u00e1rea.<\/p>\n\n\n\n<p>A disciplina de Ortodontia, em 1963, n\u00e3o fugia \u00e0 regra, sendo que instrutores contratados e\/ou volunt\u00e1rios tamb\u00e9m careciam de forma\u00e7\u00e3o ortod\u00f4ntica, mas, por meio de muito esfor\u00e7o e estudos, passaram a se aperfei\u00e7oar.<\/p>\n\n\n\n<p>No per\u00edodo entre 1967 a 1970, com a aprova\u00e7\u00e3o do Conselho Estadual da Educa\u00e7\u00e3o do Paran\u00e1, pelo parecer 183\/68, publicado na Revista Crit\u00e9ria n\u00ba 9 (janeiro-junho, 1969) e tendo como coordenador o Professor Doutor Tieo Takahashi, ministrou-se o Curso de Ortodontia Corretiva, ao n\u00edvel de p\u00f3s-gradua\u00e7\u00e3o, para os ent\u00e3o instrutores da disciplina de Ortodontia Edgard Apparecido Sella, Nivaldo Zamberlan, Takeshi Kawano e Yoneo Tackahashi. Na oportunidade, contou-se ainda com a valiosa colabora\u00e7\u00e3o de professores da USP de S\u00e3o Paulo e da UNICAMP de Campinas, os quais se deslocavam a Londrina para ministrar aulas no Curso de Medicina da Universidade Estadual de Londrina e de professores da Faculdade de Odontologia de Piracicaba. Ao t\u00e9rmino do curso, a UEL expediu os certificados de especialistas em Ortodontia aos cursantes.<\/p>\n\n\n\n<p>J\u00e1 nos anos 80, desde o in\u00edcio da sua gest\u00e3o como reitor, o Professor Marco Antonio Fiori insistia sobre a possibilidade da UEL, por meio da disciplina de Ortodontia do curso de Odontologia, ofertar um curso de especializa\u00e7\u00e3o em Ortodontia. Naquela \u00e9poca, a disciplina n\u00e3o apresentava condi\u00e7\u00f5es imediatas para assumir tal compromisso, no entanto, visualizou-se a possibilidade de se ofertar a oportunidade para diversos jovens profissionais se especializarem e tamb\u00e9m a chance de dotar a disciplina de Ortodontia, num futuro pr\u00f3ximo, de mestres e doutores.<\/p>\n\n\n\n<p>Todavia, para se atingir tal objetivo, havia a necessidade de se aumentar o quadro de docentes da disciplina, bem como ampliar sua carga hor\u00e1ria. Ent\u00e3o, com o apoio do Magn\u00edfico Reitor Marco Antonio Fiori, foi incorporado \u00e0 disciplina o Cirurgi\u00e3o-Dentista Paulo Eduardo Baggio, bem como aumentada a carga hor\u00e1ria dos docentes.<\/p>\n\n\n\n<p>Paralelamente, procurou-se trabalhar na elabora\u00e7\u00e3o do programa do curso, com 1125 horas e 25 cr\u00e9ditos, para 12 vagas. Objetivou-se tornar o curso financeiramente auto-suficiente, com o corpo docente efetivo contratado pelo estado, bem como, os professores convidados ressarcidos com verbas provenientes do pr\u00f3prio curso de especializa\u00e7\u00e3o.<\/p>\n\n\n\n<p>Um grande problema enfrentado, na ocasi\u00e3o, foi o de convencer o Conselho de Administra\u00e7\u00e3o da Universidade em acreditar que um curso pago com valores extremamente altos, em rela\u00e7\u00e3o ao sistema adotado at\u00e9 ent\u00e3o, poderia funcionar a contento. Uma vez superado este obst\u00e1culo, estabeleceu-se o valor da mensalidade em Cr$1.500.000,00 (um milh\u00e3o e quinhentos mil cruzeiros), com reajustes em maio e em novembro de cada ano pelo \u00edndice IPCA, sendo que da renda mensal total, setenta por cento seria revertida para o curso e a disciplina.<\/p>\n\n\n\n<p>Assim, no dia 20 de dezembro de 1985, por meio da Resolu\u00e7\u00e3o 997\/85 da Funda\u00e7\u00e3o Universidade Estadual de Londrina, assinada pelo Magn\u00edfico Reitor Marco Antonio Fiori, criou-se o Curso de Especializa\u00e7\u00e3o em Ortodontia, com in\u00edcio da primeira turma previsto para mar\u00e7o de 1986.<\/p>\n\n\n\n<p>Para a implanta\u00e7\u00e3o do curso, a colabora\u00e7\u00e3o dos mestres Felix Hoette, Hiroshi Maruo e Walter Rino, como professores convidados, mostrou-se de um valor inestim\u00e1vel, fato que, somado aos docentes da casa Tieo Takahashi (doutor), Claudenir Rossato (mestre pela FOB\/USP), Nivaldo Zamberlan, Takeshi Kawano, e Yoneo Tackahashi (especialistas) e Paulo Eduardo Baggio (cirurgi\u00e3o-dentista), traduziu-se em uma grande credibilidade, sendo que no primeiro concurso houve uma concorr\u00eancia de mais de 15 candidatos por vaga.<\/p>\n\n\n\n<p>De extrema import\u00e2ncia, a presen\u00e7a dos professores convidados propiciou a oportunidade de um enriquecimento sequencial da disciplina de Ortodontia, sem preju\u00edzo ao curso de especializa\u00e7\u00e3o, com as forma\u00e7\u00f5es dos Professores Claudenir Rossato, mestre e doutor pela FOB\/USP, Paulo Eduardo Baggio, mestre e doutor pela UFRJ e, posteriormente, de Luiz S\u00e9rgio Carreiro, mestre pela FOB\/USP e doutor pela UNESP\/ARARAQUARA, e Carlos Eduardo de Oliveira Lima, especialista pela UEL e mestre pela FOB\/USP.<\/p>\n\n\n\n<p>Um tema que trouxe muitos problemas \u00e0 coordena\u00e7\u00e3o do curso, durante as duas primeiras turmas, consistiu no fato do Conselho Federal de Odontologia estabelecer que todo cirurgi\u00e3o-dentista deveria aguardar um ano ap\u00f3s graduar-se para ent\u00e3o poder se candidatar a qualquer concurso ao n\u00edvel de p\u00f3s-gradua\u00e7\u00e3o, enquanto que a Coordenadoria da P\u00f3s-Gradua\u00e7\u00e3o da UEL, apoiada pelo parecer do seu setor jur\u00eddico, determinou que se aceitasse a inscri\u00e7\u00e3o de todo candidato que houvesse conclu\u00eddo o curso de gradua\u00e7\u00e3o em Odontologia, sendo ent\u00e3o seguida esta determina\u00e7\u00e3o.<\/p>\n\n\n\n<p>Ao t\u00e9rmino da primeira turma, o Conselho Federal de Odontologia n\u00e3o expediu os diplomas dos formados, o que tamb\u00e9m ocorreu com a segunda turma e, em consequ\u00eancia disto, a Coordenadoria do Curso de Especializa\u00e7\u00e3o recebeu as mais diferentes cita\u00e7\u00f5es desabonadoras, ao passo que a decis\u00e3o de se aceitar candidatos graduados a menos de um ano partira de \u00f3rg\u00e3os superiores da UEL.<\/p>\n\n\n\n<p>Por meio de processos judiciais interpostos pelas primeira e segunda turmas e tamb\u00e9m pela UEL, derrubou-se a determina\u00e7\u00e3o do CFO que, naquela \u00e9poca, j\u00e1 havia aumentado o per\u00edodo de car\u00eancia de 1 para 2 anos. Com isso, deixou de existir essa determina\u00e7\u00e3o do CFO para candidatos se inscreverem a quaisquer cursos de especializa\u00e7\u00e3o em Odontologia, sendo que a regulariza\u00e7\u00e3o do curso de especializa\u00e7\u00e3o em Ortodontia no Conselho Federal de Odontologia ocorreu na gest\u00e3o do Professor Doutor Claudenir Rossato, com a vinda do representante do CFO junto \u00e0 UEL.<\/p>\n\n\n\n<p>No in\u00edcio do curso de especializa\u00e7\u00e3o, em fun\u00e7\u00e3o da parceria do Rotary Club Londrina Norte e do Rotary Club do Jap\u00e3o, do qual provinha o companheiro Isawa, o curso foi agraciado com uma m\u00e1quina fotogr\u00e1fica Assai Pentax Reflex, com lente macro e flash circular, para ser utilizada na obten\u00e7\u00e3o dos diapositivos, como parte da documenta\u00e7\u00e3o ortod\u00f4ntica.<\/p>\n\n\n\n<p>Durante os primeiros anos, as radiografias cefalom\u00e9tricas eram obtidas graciosamente no consult\u00f3rio particular do Professor Doutor Tieo Takahashi e, com a evolu\u00e7\u00e3o do saldo em caixa do Curso de Ortodontia, na gest\u00e3o do Reitor Jo\u00e3o Carlos Thomson, adquiriu-se um aparelho de raios-x panor\u00e2mico da Siemens e, posteriormente, uma processadora autom\u00e1tica de radiografias, que servem \u00e0 toda Odontologia do Centro de Ci\u00eancias da Sa\u00fade at\u00e9 os dias de hoje.<\/p>\n\n\n\n<p>Enquanto se implantava o curso, capacitando-se o corpo docente, tamb\u00e9m se procurou, com o esfor\u00e7o de toda a equipe, dar-lhe dimens\u00e3o, divulgando-o e ao mesmo tempo oportunizando que o meio ortod\u00f4ntico brasileiro conhecesse uma das grandes autoridades ortod\u00f4nticas, o Doutor Jack Dale (Toronto-Canad\u00e1), atualmente \u201cChairman\u201d da Funda\u00e7\u00e3o Charles H. Tweed e ex-membro titular do \u201cBoard\u201d Americano de Ortodontia, al\u00e9m de professor da Universidade de Toronto, que ministrou um curso de 8 horas, no 1o Encontro Internacional de Ortodontia, promovido pelo Curso de Especializa\u00e7\u00e3o e com o apoio da UEL, de 28 a 30 de setembro de 1994. Na oportunidade, tamb\u00e9m se contou com a participa\u00e7\u00e3o dos Doutores Admar Raup Terra, de Porto Alegre; Carlos Jorge Vogel, de S\u00e3o Paulo; Jos\u00e9 Nelson Mucha, do Rio de Janeiro e Leopoldino Capelozza Filho, de Bauru.<\/p>\n\n\n\n<p>Um ponto que suscitava preocupa\u00e7\u00e3o era a necessidade da continuidade administrativa do Curso de Especializa\u00e7\u00e3o, e constatou-se, com satisfa\u00e7\u00e3o, que sucessivamente, Claudenir Rossato, Paulo Eduardo Baggio e Luiz S\u00e9rgio Carreiro assumiram a coordena\u00e7\u00e3o do curso e, Carlos Eduardo de Oliveira Lima, ex-aluno da primeira turma e mestre pela FOB\/USP, era o coordenador, quando da comemora\u00e7\u00e3o dos 20 anos de funda\u00e7\u00e3o do Curso de Especializa\u00e7\u00e3o em Ortodontia.<\/p>\n\n\n\n<p>Com grande satisfa\u00e7\u00e3o, observou-se a sexta turma criar um grupo de estudos, dando-lhe o nome de Grupo de Estudos Tieo Takahashi. Agradecemos a honraria e auguramos muito sucesso aos componentes deste grupo e a todos os ex-alunos, aos atuais e aos que ainda passar\u00e3o pelo Curso de Especializa\u00e7\u00e3o em Ortodontia da UEL.<\/p>\n\n\n\n<p>Os nossos mais sinceros agradecimentos ao Magn\u00edfico Reitor Marco Antonio Fiori, pela confian\u00e7a e aos professores convidados que, juntamente com os docentes da casa, formaram e compuseram o sustent\u00e1culo para a implanta\u00e7\u00e3o do curso, possibilitando aos professores da disciplina efetuarem suas p\u00f3s-gradua\u00e7\u00f5es.<\/p>\n\n\n\n<p>Aos professores que retornaram ap\u00f3s estudos em outros centros, trazendo novos conhecimentos e contribui\u00e7\u00f5es, a fim de que o Curso de Especializa\u00e7\u00e3o se solidificasse e aumentasse o seu conceito, propiciando um bom ensino e sendo merecedor de respeito pelos princ\u00edpios \u00e9ticos e morais que sempre o norteiam, o nosso reconhecimento.<\/p>\n\n\n\n<p>Espera-se que o curso continue formando profissionais conscientes e preocupados em executar uma excelente Ortodontia, onde o equil\u00edbrio da est\u00e9tica facial e dent\u00e1ria e a oclus\u00e3o adequada e eficiente contribuam para a sa\u00fade bucal em benef\u00edcio da comunidade.<\/p>\n\n\n\n<p><strong>TIEO TAKAHASHI<\/strong><\/p>\n\n\n\n<div class=\"wp-block-columns is-layout-flex wp-container-core-columns-is-layout-9d6595d7 wp-block-columns-is-layout-flex\">\n<div class=\"wp-block-column is-layout-flow wp-block-column-is-layout-flow\"><\/div>\n<\/div>\n\n\n\n<p><\/p>\n","protected":false},"excerpt":{"rendered":"<p>No in\u00edcio da Faculdade Estadual de Odontologia de Londrina, como instituto isolado, em 1962, poucos professores apresentavam forma\u00e7\u00e3o espec\u00edfica para ensino em sua \u00e1rea. A disciplina de Ortodontia, em 1963, n\u00e3o fugia \u00e0 regra, sendo que instrutores contratados e\/ou volunt\u00e1rios tamb\u00e9m careciam de forma\u00e7\u00e3o ortod\u00f4ntica, mas, por meio de muito esfor\u00e7o e estudos, passaram a [&hellip;]<\/p>\n","protected":false},"author":6,"featured_media":0,"parent":0,"menu_order":0,"comment_status":"closed","ping_status":"closed","template":"","meta":{"_acf_changed":false,"_themeisle_gutenberg_block_has_review":false,"footnotes":""},"class_list":["post-76","page","type-page","status-publish","hentry"],"acf":[],"_links":{"self":[{"href":"https:\/\/pos.uel.br\/ortodontia\/wp-json\/wp\/v2\/pages\/76","targetHints":{"allow":["GET"]}}],"collection":[{"href":"https:\/\/pos.uel.br\/ortodontia\/wp-json\/wp\/v2\/pages"}],"about":[{"href":"https:\/\/pos.uel.br\/ortodontia\/wp-json\/wp\/v2\/types\/page"}],"author":[{"embeddable":true,"href":"https:\/\/pos.uel.br\/ortodontia\/wp-json\/wp\/v2\/users\/6"}],"replies":[{"embeddable":true,"href":"https:\/\/pos.uel.br\/ortodontia\/wp-json\/wp\/v2\/comments?post=76"}],"version-history":[{"count":2,"href":"https:\/\/pos.uel.br\/ortodontia\/wp-json\/wp\/v2\/pages\/76\/revisions"}],"predecessor-version":[{"id":78,"href":"https:\/\/pos.uel.br\/ortodontia\/wp-json\/wp\/v2\/pages\/76\/revisions\/78"}],"wp:attachment":[{"href":"https:\/\/pos.uel.br\/ortodontia\/wp-json\/wp\/v2\/media?parent=76"}],"curies":[{"name":"wp","href":"https:\/\/api.w.org\/{rel}","templated":true}]}}