{"id":15,"date":"2025-11-13T15:08:52","date_gmt":"2025-11-13T18:08:52","guid":{"rendered":"https:\/\/pos.uel.br\/ortodontia\/?page_id=15"},"modified":"2025-11-14T11:29:30","modified_gmt":"2025-11-14T14:29:30","slug":"corpo-docente","status":"publish","type":"page","link":"https:\/\/pos.uel.br\/ortodontia\/corpo-docente\/","title":{"rendered":"Corpo Docente"},"content":{"rendered":"\n<figure class=\"wp-block-table is-style-stripes\"><table class=\"has-fixed-layout\"><tbody><tr><td><strong><u><strong>Carlos Eduardo de Oliveira Lima<\/strong><\/u><\/strong>&nbsp;&nbsp;&nbsp; &nbsp; &nbsp; &nbsp; &nbsp; &nbsp; &nbsp; &nbsp; &nbsp; &nbsp; &nbsp; &nbsp; &nbsp;&nbsp;<br><strong>Gradua\u00e7\u00e3o<\/strong> <br>Faculdade de Odontologia de Presidente Prudente (UNOESTE)<strong><br>Mestrado<\/strong><br>Faculdade de Odontologia de Bauru (FOB\/USP)<strong><br>Doutorado<\/strong><br>Universidade Estadual de Londrina (UEL)&nbsp;<\/td><\/tr><tr><td><strong><u>Luiz S\u00e9rgio Carreiro<\/u><\/strong><br><strong>Gradua\u00e7\u00e3o<\/strong><br>Universidade Estadual de Londrina (UEL)<br><strong>Mestrado<\/strong><br>Faculdade de Odontologia de Bauru (FOB\/USP)<br><strong>Doutorado<br><\/strong>Faculdade de Odontologia de Araraquara (UNESP)<\/td><\/tr><tr><td><strong><u>Paulo Eduardo Baggio<\/u>&nbsp;(Coordenador)<\/strong><br><strong>Gradua\u00e7\u00e3o<\/strong><br>Universidade Estadual de Londrina (UEL)<br><strong>Mestrado<\/strong><br>Universidade Federal do Rio de Janeiro (UFRJ)<br><strong>Doutorado<\/strong><br>Universidade Federal do Rio de Janeiro (UFRJ)<\/td><\/tr><tr><td><strong><u>Pedro Marcelo Tondelli<\/u><\/strong><br><strong>Gradua\u00e7\u00e3o<\/strong><br>Universidade Estadual de Londrina (UEL)<br><strong>Mestrado<\/strong><br>Faculdade de Odontologia de Ara\u00e7atuba (UNESP)<br><strong>Doutorado<\/strong><br>Faculdade de Odontologia de Ara\u00e7atuba (UNESP)<\/td><\/tr><tr><td><strong><u>Ricardo Takahashi<\/u><\/strong><br><strong>Gradua\u00e7\u00e3o<\/strong><br>Faculdade de Odontologia de Presidente Prudente (UNOESTE)<br><strong>Mestrado<\/strong><br>Faculdade de Odontologia de Bauru (FOB\/USP)<br><strong>Doutorado &nbsp; &nbsp; &nbsp; &nbsp; &nbsp; &nbsp; &nbsp; &nbsp; &nbsp; &nbsp; &nbsp; &nbsp; &nbsp; &nbsp; &nbsp; &nbsp; &nbsp; &nbsp; &nbsp; &nbsp; &nbsp; &nbsp; &nbsp; &nbsp; &nbsp; &nbsp; &nbsp; &nbsp; &nbsp; &nbsp; &nbsp; &nbsp; &nbsp; &nbsp; &nbsp; &nbsp; &nbsp; &nbsp; &nbsp; &nbsp; &nbsp; &nbsp; &nbsp; &nbsp;&nbsp;&nbsp;&nbsp;&nbsp;&nbsp;<\/strong><br>Faculdade de Odontologia de Bauru (FOB\/USP)<\/td><\/tr><\/tbody><\/table><\/figure>\n\n\n\n<div class=\"wp-block-columns is-layout-flex wp-container-core-columns-is-layout-9d6595d7 wp-block-columns-is-layout-flex\">\n<div class=\"wp-block-column is-layout-flow wp-block-column-is-layout-flow\"><\/div>\n<\/div>\n","protected":false},"excerpt":{"rendered":"<p>Carlos Eduardo de Oliveira Lima&nbsp;&nbsp;&nbsp; &nbsp; &nbsp; &nbsp; &nbsp; &nbsp; &nbsp; &nbsp; &nbsp; &nbsp; &nbsp; &nbsp; &nbsp;&nbsp;Gradua\u00e7\u00e3o Faculdade de Odontologia de Presidente Prudente (UNOESTE)MestradoFaculdade de Odontologia de Bauru (FOB\/USP)DoutoradoUniversidade Estadual de Londrina (UEL)&nbsp; Luiz S\u00e9rgio CarreiroGradua\u00e7\u00e3oUniversidade Estadual de Londrina (UEL)MestradoFaculdade de Odontologia de Bauru (FOB\/USP)DoutoradoFaculdade de Odontologia de Araraquara (UNESP) Paulo Eduardo Baggio&nbsp;(Coordenador)Gradua\u00e7\u00e3oUniversidade Estadual de [&hellip;]<\/p>\n","protected":false},"author":6,"featured_media":0,"parent":0,"menu_order":0,"comment_status":"closed","ping_status":"closed","template":"","meta":{"_acf_changed":false,"_themeisle_gutenberg_block_has_review":false,"footnotes":""},"class_list":["post-15","page","type-page","status-publish","hentry"],"acf":[],"_links":{"self":[{"href":"https:\/\/pos.uel.br\/ortodontia\/wp-json\/wp\/v2\/pages\/15","targetHints":{"allow":["GET"]}}],"collection":[{"href":"https:\/\/pos.uel.br\/ortodontia\/wp-json\/wp\/v2\/pages"}],"about":[{"href":"https:\/\/pos.uel.br\/ortodontia\/wp-json\/wp\/v2\/types\/page"}],"author":[{"embeddable":true,"href":"https:\/\/pos.uel.br\/ortodontia\/wp-json\/wp\/v2\/users\/6"}],"replies":[{"embeddable":true,"href":"https:\/\/pos.uel.br\/ortodontia\/wp-json\/wp\/v2\/comments?post=15"}],"version-history":[{"count":6,"href":"https:\/\/pos.uel.br\/ortodontia\/wp-json\/wp\/v2\/pages\/15\/revisions"}],"predecessor-version":[{"id":55,"href":"https:\/\/pos.uel.br\/ortodontia\/wp-json\/wp\/v2\/pages\/15\/revisions\/55"}],"wp:attachment":[{"href":"https:\/\/pos.uel.br\/ortodontia\/wp-json\/wp\/v2\/media?parent=15"}],"curies":[{"name":"wp","href":"https:\/\/api.w.org\/{rel}","templated":true}]}}