{"id":575,"date":"2025-09-04T10:04:56","date_gmt":"2025-09-04T13:04:56","guid":{"rendered":"https:\/\/pos.uel.br\/mnpfisica\/?page_id=575"},"modified":"2025-09-04T10:15:20","modified_gmt":"2025-09-04T13:15:20","slug":"faca-sua-inscricao","status":"publish","type":"page","link":"https:\/\/pos.uel.br\/mnpfisica\/faca-sua-inscricao\/","title":{"rendered":"Fa\u00e7a sua Inscri\u00e7\u00e3o"},"content":{"rendered":"\n<p><strong>&#8211; Formul\u00e1rio de Inscri\u00e7\u00e3o e valor da taxa:<\/strong><\/p>\n\n\n\n<p>Para acessar o formul\u00e1rio e enviar a sua inscri\u00e7\u00e3o, <a href=\"https:\/\/www1.fisica.org.br\/mnpef\/sistema\/?q=node\/add\/inscricao\" data-type=\"link\" data-id=\"https:\/\/www1.fisica.org.br\/mnpef\/sistema\/?q=node\/add\/inscricao\">clique\u00a0aqui<\/a><\/p>\n\n\n\n<p>Ap\u00f3s salvar o formul\u00e1rio de sua inscri\u00e7\u00e3o voc\u00ea receber\u00e1 um email com a confirma\u00e7\u00e3o de inscri\u00e7\u00e3o e com o link de pagamento do Boleto Banc\u00e1rio referente a Taxa de Inscri\u00e7\u00e3o.<\/p>\n\n\n\n<p>Sua inscri\u00e7\u00e3o apenas ser\u00e1 validada ap\u00f3s confirma\u00e7\u00e3o do pagamento da taxa pelo banco. Esta confirma\u00e7\u00e3o pode levar at\u00e9 2 dias \u00fateis ap\u00f3s o pagamento para ser realizada.<\/p>\n\n\n\n<p><strong>&#8211; Valor da Taxa de Inscri\u00e7\u00e3o:<\/strong><\/p>\n\n\n\n<figure class=\"wp-block-table\"><table class=\"has-fixed-layout\"><thead><tr><th>Tipo<\/th><th>Apenas on-line, entre:<br>25\/08\/2025&nbsp;at\u00e9 24\/09\/2025&nbsp; \u00e0s 23:59hs&nbsp;<\/th><\/tr><\/thead><tbody><tr><td>Inscri\u00e7\u00e3o para processo seletivo MNPEF 2026<\/td><td>R$ 85,00<\/td><\/tr><\/tbody><\/table><\/figure>\n\n\n\n<p><strong>&#8211;&nbsp;Consultar Status da sua Inscri\u00e7\u00e3o<\/strong>&nbsp;<br>[<a href=\"http:\/\/www1.fisica.org.br\/mnpef\/sistema\/?q=inscricoes\/2025\/consultastatus\">Clique aqui<\/a>]<\/p>\n\n\n\n<p><strong>&#8211;&nbsp;Gerar Comprovante da sua Inscri\u00e7\u00e3o<\/strong><br>[<a href=\"http:\/\/www1.fisica.org.br\/mnpef\/sistema\/?q=inscricoes\/2025\/comprovante\">Clique aqui<\/a>]<\/p>\n","protected":false},"excerpt":{"rendered":"<p>&#8211; Formul\u00e1rio de Inscri\u00e7\u00e3o e valor da taxa: Para acessar o formul\u00e1rio e enviar a sua inscri\u00e7\u00e3o, clique\u00a0aqui Ap\u00f3s salvar o formul\u00e1rio de sua inscri\u00e7\u00e3o voc\u00ea receber\u00e1 um email com a confirma\u00e7\u00e3o de inscri\u00e7\u00e3o e com o link de pagamento do Boleto Banc\u00e1rio referente a Taxa de Inscri\u00e7\u00e3o. Sua inscri\u00e7\u00e3o apenas ser\u00e1 validada ap\u00f3s confirma\u00e7\u00e3o [&hellip;]<\/p>\n","protected":false},"author":13,"featured_media":0,"parent":0,"menu_order":0,"comment_status":"closed","ping_status":"closed","template":"","meta":{"_acf_changed":false,"footnotes":""},"class_list":["post-575","page","type-page","status-publish","hentry"],"acf":[],"_links":{"self":[{"href":"https:\/\/pos.uel.br\/mnpfisica\/wp-json\/wp\/v2\/pages\/575","targetHints":{"allow":["GET"]}}],"collection":[{"href":"https:\/\/pos.uel.br\/mnpfisica\/wp-json\/wp\/v2\/pages"}],"about":[{"href":"https:\/\/pos.uel.br\/mnpfisica\/wp-json\/wp\/v2\/types\/page"}],"author":[{"embeddable":true,"href":"https:\/\/pos.uel.br\/mnpfisica\/wp-json\/wp\/v2\/users\/13"}],"replies":[{"embeddable":true,"href":"https:\/\/pos.uel.br\/mnpfisica\/wp-json\/wp\/v2\/comments?post=575"}],"version-history":[{"count":3,"href":"https:\/\/pos.uel.br\/mnpfisica\/wp-json\/wp\/v2\/pages\/575\/revisions"}],"predecessor-version":[{"id":590,"href":"https:\/\/pos.uel.br\/mnpfisica\/wp-json\/wp\/v2\/pages\/575\/revisions\/590"}],"wp:attachment":[{"href":"https:\/\/pos.uel.br\/mnpfisica\/wp-json\/wp\/v2\/media?parent=575"}],"curies":[{"name":"wp","href":"https:\/\/api.w.org\/{rel}","templated":true}]}}