{"id":119,"date":"2021-06-15T02:57:08","date_gmt":"2021-06-15T05:57:08","guid":{"rendered":"https:\/\/pos.uel.br\/mnpfisica\/pagina-inicial\/"},"modified":"2026-03-24T19:51:05","modified_gmt":"2026-03-24T22:51:05","slug":"pagina-inicial","status":"publish","type":"page","link":"https:\/\/pos.uel.br\/mnpfisica\/","title":{"rendered":"P\u00e1gina inicial"},"content":{"rendered":"\n<div class=\"wp-block-cover is-light\" style=\"min-height:190px;aspect-ratio:unset;\"><img loading=\"lazy\" decoding=\"async\" width=\"1920\" height=\"1080\" class=\"wp-block-cover__image-background wp-image-498\" alt=\"\" src=\"https:\/\/pos.uel.br\/mnpfisica\/wp-content\/uploads\/2024\/09\/Design-sem-nome.jpg\" data-object-fit=\"cover\" srcset=\"https:\/\/pos.uel.br\/mnpfisica\/wp-content\/uploads\/2024\/09\/Design-sem-nome.jpg 1920w, https:\/\/pos.uel.br\/mnpfisica\/wp-content\/uploads\/2024\/09\/Design-sem-nome-300x169.jpg 300w, https:\/\/pos.uel.br\/mnpfisica\/wp-content\/uploads\/2024\/09\/Design-sem-nome-1024x576.jpg 1024w, https:\/\/pos.uel.br\/mnpfisica\/wp-content\/uploads\/2024\/09\/Design-sem-nome-768x432.jpg 768w, https:\/\/pos.uel.br\/mnpfisica\/wp-content\/uploads\/2024\/09\/Design-sem-nome-1536x864.jpg 1536w\" sizes=\"auto, (max-width: 1920px) 100vw, 1920px\" \/><span aria-hidden=\"true\" class=\"wp-block-cover__background has-background-dim\" style=\"background-color:#c1d0d8\"><\/span><div class=\"wp-block-cover__inner-container is-layout-constrained wp-block-cover-is-layout-constrained\">\n<div class=\"wp-block-group\"><div class=\"wp-block-group__inner-container is-layout-constrained wp-block-group-is-layout-constrained\">\n<p class=\"has-text-align-center has-large-font-size\"><a href=\"https:\/\/pos.uel.br\/mnpfisica\/teste\/\">PROCESSO SELETIVO &#8211; Turma 2026 do MNPEF<\/a><\/p>\n<\/div><\/div>\n<\/div><\/div>\n\n\n\n<div class=\"wp-block-group\"><div class=\"wp-block-group__inner-container is-layout-constrained wp-block-group-is-layout-constrained\"><\/div><\/div>\n\n\n\n<div class=\"wp-block-columns is-layout-flex wp-container-core-columns-is-layout-9d6595d7 wp-block-columns-is-layout-flex\">\n<div class=\"wp-block-column is-layout-flow wp-block-column-is-layout-flow\" style=\"flex-basis:66.66%\">\n<div class=\"wp-block-uel-card\">\n<h3 class=\"wp-block-heading is-style-highlighted-heading\">Posts<\/h3>\n\n\n<ul class=\"wp-block-latest-posts__list has-dates wp-block-latest-posts\"><li><a class=\"wp-block-latest-posts__post-title\" href=\"https:\/\/pos.uel.br\/mnpfisica\/sem-categoria\/2025\/08\/18\/edital-mnpef-sbf-no-07-2025\/\">(NOVO) EDITAL MNPEF &#8211; SBF N\u00ba 07\/2025<\/a><time datetime=\"2025-08-18T14:32:51-03:00\" class=\"wp-block-latest-posts__post-date\">18 de agosto de 2025<\/time><\/li>\n<li><a class=\"wp-block-latest-posts__post-title\" href=\"https:\/\/pos.uel.br\/mnpfisica\/sem-categoria\/2025\/04\/02\/edital-de-selecao-de-bolsistas-turma-2025\/\">Edital de Sele\u00e7\u00e3o de Bolsistas \u2013 Turma 2025<\/a><time datetime=\"2025-04-02T11:30:37-03:00\" class=\"wp-block-latest-posts__post-date\">2 de abril de 2025<\/time><\/li>\n<li><a class=\"wp-block-latest-posts__post-title\" href=\"https:\/\/pos.uel.br\/mnpfisica\/sem-categoria\/2025\/03\/18\/novo-selecao-de-bolsistas-turma-2025\/\">Sele\u00e7\u00e3o de Bolsistas \u2013 Turma 2025<\/a><time datetime=\"2025-03-18T17:16:04-03:00\" class=\"wp-block-latest-posts__post-date\">18 de mar\u00e7o de 2025<\/time><\/li>\n<li><a class=\"wp-block-latest-posts__post-title\" href=\"https:\/\/pos.uel.br\/mnpfisica\/sem-categoria\/2025\/02\/15\/novo-edital-de-selecao-de-bolsistas-turma-2025\/\">Edital de Sele\u00e7\u00e3o de Bolsistas \u2013 Turma 2025<\/a><time datetime=\"2025-02-15T09:16:16-03:00\" class=\"wp-block-latest-posts__post-date\">15 de fevereiro de 2025<\/time><\/li>\n<li><a class=\"wp-block-latest-posts__post-title\" href=\"https:\/\/pos.uel.br\/mnpfisica\/sem-categoria\/2024\/12\/18\/novo-resultado-da-selecao-2025-polo-uel\/\">RESULTADO DA SELE\u00c7\u00c3O 2025 &#8211; POLO UEL<\/a><time datetime=\"2024-12-18T22:44:18-03:00\" class=\"wp-block-latest-posts__post-date\">18 de dezembro de 2024<\/time><\/li>\n<\/ul><\/div>\n\n\n\n<p><\/p>\n<\/div>\n\n\n\n<div class=\"wp-block-column is-layout-flow wp-block-column-is-layout-flow\" style=\"flex-basis:33.33%\">\n<div class=\"wp-block-uel-card\">\n<h3 class=\"wp-block-heading is-style-highlighted-heading\">Disserta\u00e7\u00f5es e Produtos<\/h3>\n\n\n\n<p><a rel=\"noreferrer noopener\" href=\"https:\/\/pos.uel.br\/mnpfisica\/defendidas\/\" target=\"_blank\"><strong>Ver todas<\/strong><\/a><\/p>\n<\/div>\n\n\n\n<div class=\"wp-block-uel-card\">\n<h3 class=\"wp-block-heading is-style-highlighted-heading\">Defesas e qualifica\u00e7\u00f5es<\/h3>\n\n\n<div class=\"defesas-qualificacoes\">N\u00e3o existem defesas ou qualifica\u00e7\u00f5es agendadas.<a href=\"https:\/\/pos.uel.br\/mnpfisica\/defesas-qualificacoes\/\" class=\"defesas-qualificacoes__todas\">Ver todas<\/a><\/div><\/div>\n\n\n\n<p>Web design: <a href=\"https:\/\/pos.uel.br\/mnpfisica\/wp-admin\">https:\/\/pos.uel.br\/mnpfisica\/wp-admin<\/a>\/<\/p>\n<\/div>\n<\/div>\n\n\n\n<p><\/p>\n\n\n\n<div class=\"wp-block-columns is-layout-flex wp-container-core-columns-is-layout-9d6595d7 wp-block-columns-is-layout-flex\">\n<div class=\"wp-block-column is-layout-flow wp-block-column-is-layout-flow\"><div class=\"wp-block-image\">\n<figure class=\"aligncenter size-full is-resized\"><a href=\"http:\/\/www1.fisica.org.br\/mnpef\/\" target=\"_blank\" rel=\"noopener\"><img loading=\"lazy\" decoding=\"async\" width=\"270\" height=\"60\" src=\"https:\/\/pos.uel.br\/mnpfisica\/wp-content\/uploads\/2021\/09\/logo_mnpef.png\" alt=\"\" class=\"wp-image-291\" style=\"width:202px;height:44px\" \/><\/a><\/figure>\n<\/div><\/div>\n\n\n\n<div class=\"wp-block-column is-layout-flow wp-block-column-is-layout-flow\"><div class=\"wp-block-image\">\n<figure class=\"aligncenter size-full\"><a href=\"http:\/\/www.sbfisica.org.br\/v1\/home\/index.php\/pt\/\" target=\"_blank\" rel=\"noopener\"><img loading=\"lazy\" decoding=\"async\" width=\"228\" height=\"63\" src=\"https:\/\/pos.uel.br\/mnpfisica\/wp-content\/uploads\/2021\/09\/logo_sbf.png\" alt=\"\" class=\"wp-image-292\" \/><\/a><\/figure>\n<\/div><\/div>\n\n\n\n<div class=\"wp-block-column is-layout-flow wp-block-column-is-layout-flow\"><div class=\"wp-block-image\">\n<figure class=\"aligncenter size-large is-resized\"><a href=\"https:\/\/www.gov.br\/capes\/pt-br\" target=\"_blank\" rel=\"noopener\"><img loading=\"lazy\" decoding=\"async\" width=\"1024\" height=\"948\" src=\"https:\/\/pos.uel.br\/mnpfisica\/wp-content\/uploads\/2021\/09\/logo_capes-1024x948.png\" alt=\"\" class=\"wp-image-290\" style=\"width:88px;height:81px\" srcset=\"https:\/\/pos.uel.br\/mnpfisica\/wp-content\/uploads\/2021\/09\/logo_capes-1024x948.png 1024w, https:\/\/pos.uel.br\/mnpfisica\/wp-content\/uploads\/2021\/09\/logo_capes-300x278.png 300w, https:\/\/pos.uel.br\/mnpfisica\/wp-content\/uploads\/2021\/09\/logo_capes-768x711.png 768w, https:\/\/pos.uel.br\/mnpfisica\/wp-content\/uploads\/2021\/09\/logo_capes-1536x1422.png 1536w, https:\/\/pos.uel.br\/mnpfisica\/wp-content\/uploads\/2021\/09\/logo_capes-2048x1896.png 2048w\" sizes=\"auto, (max-width: 1024px) 100vw, 1024px\" \/><\/a><\/figure>\n<\/div><\/div>\n\n\n\n<div class=\"wp-block-column is-layout-flow wp-block-column-is-layout-flow\"><div class=\"wp-block-image\">\n<figure class=\"aligncenter size-full\"><a href=\"http:\/\/www.uel.br\/proppg\/portal\/\" target=\"_blank\" rel=\"noopener\"><img loading=\"lazy\" decoding=\"async\" width=\"304\" height=\"119\" src=\"https:\/\/pos.uel.br\/mnpfisica\/wp-content\/uploads\/2021\/09\/logo_proppg_uel.png\" alt=\"\" class=\"wp-image-289\" srcset=\"https:\/\/pos.uel.br\/mnpfisica\/wp-content\/uploads\/2021\/09\/logo_proppg_uel.png 304w, https:\/\/pos.uel.br\/mnpfisica\/wp-content\/uploads\/2021\/09\/logo_proppg_uel-300x117.png 300w\" sizes=\"auto, (max-width: 304px) 100vw, 304px\" \/><\/a><\/figure>\n<\/div><\/div>\n\n\n\n<div class=\"wp-block-column is-layout-flow wp-block-column-is-layout-flow\"><div class=\"wp-block-image\">\n<figure class=\"aligncenter size-full\"><a href=\"http:\/\/www.uel.br\/cce\/fisica\/portal\/\" target=\"_blank\" rel=\"noopener\"><img loading=\"lazy\" decoding=\"async\" width=\"102\" height=\"100\" src=\"https:\/\/pos.uel.br\/mnpfisica\/wp-content\/uploads\/2021\/06\/uel.png\" alt=\"\" class=\"wp-image-120\" \/><\/a><\/figure>\n<\/div><\/div>\n<\/div>\n\n\n\n<div class=\"wp-block-columns is-layout-flex wp-container-core-columns-is-layout-9d6595d7 wp-block-columns-is-layout-flex\">\n<div class=\"wp-block-column is-layout-flow wp-block-column-is-layout-flow\">\n<figure class=\"wp-block-image size-full\"><a href=\"http:\/\/www1.fisica.org.br\/fne\/\" target=\"_blank\" rel=\"noopener\"><img loading=\"lazy\" decoding=\"async\" width=\"110\" height=\"159\" src=\"https:\/\/pos.uel.br\/mnpfisica\/wp-content\/uploads\/2021\/09\/fisica_na_escola-1.jpg\" alt=\"\" class=\"wp-image-314\" \/><\/a><\/figure>\n<\/div>\n\n\n\n<div class=\"wp-block-column is-layout-flow wp-block-column-is-layout-flow\">\n<figure class=\"wp-block-image size-full\"><a href=\"https:\/\/periodicos.ufsc.br\/index.php\/fisica\/index\" target=\"_blank\" rel=\"noopener\"><img loading=\"lazy\" decoding=\"async\" width=\"108\" height=\"159\" src=\"https:\/\/pos.uel.br\/mnpfisica\/wp-content\/uploads\/2021\/09\/CBEF.jpg\" alt=\"\" class=\"wp-image-315\" \/><\/a><\/figure>\n<\/div>\n\n\n\n<div class=\"wp-block-column is-layout-flow wp-block-column-is-layout-flow\">\n<figure class=\"wp-block-image size-full\"><a href=\"https:\/\/if.ufmt.br\/eenci\/\" target=\"_blank\" rel=\"noopener\"><img loading=\"lazy\" decoding=\"async\" width=\"106\" height=\"154\" src=\"https:\/\/pos.uel.br\/mnpfisica\/wp-content\/uploads\/2021\/09\/experiencias.jpg\" alt=\"\" class=\"wp-image-316\" \/><\/a><\/figure>\n<\/div>\n\n\n\n<div class=\"wp-block-column is-layout-flow wp-block-column-is-layout-flow\">\n<figure class=\"wp-block-image size-full\"><a href=\"https:\/\/iopscience.iop.org\/journal\/0031-9120\" target=\"_blank\" rel=\"noopener\"><img loading=\"lazy\" decoding=\"async\" width=\"113\" height=\"162\" src=\"https:\/\/pos.uel.br\/mnpfisica\/wp-content\/uploads\/2021\/09\/PEducation.jpg\" alt=\"\" class=\"wp-image-317\" \/><\/a><\/figure>\n<\/div>\n\n\n\n<div class=\"wp-block-column is-layout-flow wp-block-column-is-layout-flow\">\n<figure class=\"wp-block-image size-full\"><a href=\"https:\/\/periodicos.utfpr.edu.br\/rbect\" target=\"_blank\" rel=\"noopener\"><img loading=\"lazy\" decoding=\"async\" width=\"110\" height=\"161\" src=\"https:\/\/pos.uel.br\/mnpfisica\/wp-content\/uploads\/2021\/09\/RBECT.jpg\" alt=\"\" class=\"wp-image-318\" \/><\/a><\/figure>\n<\/div>\n\n\n\n<div class=\"wp-block-column is-layout-flow wp-block-column-is-layout-flow\">\n<figure class=\"wp-block-image size-full\"><a href=\"https:\/\/aapt.scitation.org\/journal\/pte\" target=\"_blank\" rel=\"noopener\"><img loading=\"lazy\" decoding=\"async\" width=\"112\" height=\"160\" src=\"https:\/\/pos.uel.br\/mnpfisica\/wp-content\/uploads\/2021\/09\/Physics.jpg\" alt=\"\" class=\"wp-image-319\" \/><\/a><\/figure>\n<\/div>\n<\/div>\n\n\n\n<div class=\"wp-block-columns is-layout-flex wp-container-core-columns-is-layout-9d6595d7 wp-block-columns-is-layout-flex\"><\/div>\n\n\n\n<p><\/p>\n","protected":false},"excerpt":{"rendered":"<p>Web design: https:\/\/pos.uel.br\/mnpfisica\/wp-admin\/<\/p>\n","protected":false},"author":0,"featured_media":0,"parent":0,"menu_order":0,"comment_status":"closed","ping_status":"closed","template":"page-templates\/template-without-title.php","meta":{"_acf_changed":false,"footnotes":""},"class_list":["post-119","page","type-page","status-publish","hentry"],"acf":[],"_links":{"self":[{"href":"https:\/\/pos.uel.br\/mnpfisica\/wp-json\/wp\/v2\/pages\/119","targetHints":{"allow":["GET"]}}],"collection":[{"href":"https:\/\/pos.uel.br\/mnpfisica\/wp-json\/wp\/v2\/pages"}],"about":[{"href":"https:\/\/pos.uel.br\/mnpfisica\/wp-json\/wp\/v2\/types\/page"}],"replies":[{"embeddable":true,"href":"https:\/\/pos.uel.br\/mnpfisica\/wp-json\/wp\/v2\/comments?post=119"}],"version-history":[{"count":60,"href":"https:\/\/pos.uel.br\/mnpfisica\/wp-json\/wp\/v2\/pages\/119\/revisions"}],"predecessor-version":[{"id":642,"href":"https:\/\/pos.uel.br\/mnpfisica\/wp-json\/wp\/v2\/pages\/119\/revisions\/642"}],"wp:attachment":[{"href":"https:\/\/pos.uel.br\/mnpfisica\/wp-json\/wp\/v2\/media?parent=119"}],"curies":[{"name":"wp","href":"https:\/\/api.w.org\/{rel}","templated":true}]}}