{"id":10,"date":"2021-04-29T12:28:28","date_gmt":"2021-04-29T15:28:28","guid":{"rendered":"https:\/\/pos.uel.br\/mnpfisica\/?page_id=10"},"modified":"2021-09-19T11:23:29","modified_gmt":"2021-09-19T14:23:29","slug":"linhas-de-pesquisa","status":"publish","type":"page","link":"https:\/\/pos.uel.br\/mnpfisica\/linhas-de-pesquisa\/","title":{"rendered":"Linhas de pesquisa"},"content":{"rendered":"\n<p>As linhas de pesquisa e desenvolvimento do MNPEF-SBF est\u00e3o organizadas de forma a classificar as disserta\u00e7\u00f5es ou materiais instrucionais produzidos pelos alunos como requisito para a obten\u00e7\u00e3o do t\u00edtulo de mestre. Identificamos preliminarmente tr\u00eas importantes vertentes:<\/p>\n\n\n\n<ul class=\"wp-block-list\"><li><strong>F\u00edsica no Ensino Fundamental<\/strong><\/li><\/ul>\n\n\n\n<p><strong>\u00c1rea de concentra\u00e7\u00e3o: F\u00edsica na Educa\u00e7\u00e3o B\u00e1sica<\/strong><br>Desenvolvimento de produtos e formas de abordagem visando conte\u00fados de F\u00edsica adequados a estudantes do Ensino Fundamental, de forma integrada com outras disciplinas.<\/p>\n\n\n\n<ul class=\"wp-block-list\"><li><strong>F\u00edsica no Ensino M\u00e9dio<\/strong><\/li><\/ul>\n\n\n\n<p><strong>\u00c1rea de concentra\u00e7\u00e3o: F\u00edsica na Educa\u00e7\u00e3o B\u00e1sica<\/strong><br>Atualiza\u00e7\u00e3o do curr\u00edculo de F\u00edsica para o Ensino M\u00e9dio de modo a contemplar resultados e teorias da F\u00edsica Contempor\u00e2nea visando uma compreens\u00e3o adequada das mudan\u00e7as que esses conhecimentos provocaram e ir\u00e3o provocar na vida dos cidad\u00e3os.<\/p>\n\n\n\n<ul class=\"wp-block-list\"><li><strong>Processos de Ensino e Aprendizagem e Tecnologias de Informa\u00e7\u00e3o e Comunica\u00e7\u00e3o no Ensino de F\u00edsica<\/strong><\/li><\/ul>\n\n\n\n<p><strong>\u00c1rea de concentra\u00e7\u00e3o: Forma\u00e7\u00e3o de professores de F\u00edsica em n\u00edvel de mestrado<\/strong><br>Desenvolvimento de produtos e processos de ensino e aprendizagem que utilizem tecnologias de informa\u00e7\u00e3o e comunica\u00e7\u00e3o tais como aplicativos para computadores, midia para tablets, plataforma para simula\u00e7\u00f5es e modelagem computacionais, aquisi\u00e7\u00e3o autom\u00e1tica de dados, celulares e redes sociais.<\/p>\n","protected":false},"excerpt":{"rendered":"<p>As linhas de pesquisa e desenvolvimento do MNPEF-SBF est\u00e3o organizadas de forma a classificar as disserta\u00e7\u00f5es ou materiais instrucionais produzidos pelos alunos como requisito para a obten\u00e7\u00e3o do t\u00edtulo de mestre. Identificamos preliminarmente tr\u00eas importantes vertentes: F\u00edsica no Ensino Fundamental \u00c1rea de concentra\u00e7\u00e3o: F\u00edsica na Educa\u00e7\u00e3o B\u00e1sicaDesenvolvimento de produtos e formas de abordagem visando conte\u00fados [&hellip;]<\/p>\n","protected":false},"author":11,"featured_media":0,"parent":0,"menu_order":0,"comment_status":"closed","ping_status":"closed","template":"","meta":{"_acf_changed":false,"footnotes":""},"class_list":["post-10","page","type-page","status-publish","hentry"],"acf":[],"_links":{"self":[{"href":"https:\/\/pos.uel.br\/mnpfisica\/wp-json\/wp\/v2\/pages\/10","targetHints":{"allow":["GET"]}}],"collection":[{"href":"https:\/\/pos.uel.br\/mnpfisica\/wp-json\/wp\/v2\/pages"}],"about":[{"href":"https:\/\/pos.uel.br\/mnpfisica\/wp-json\/wp\/v2\/types\/page"}],"author":[{"embeddable":true,"href":"https:\/\/pos.uel.br\/mnpfisica\/wp-json\/wp\/v2\/users\/11"}],"replies":[{"embeddable":true,"href":"https:\/\/pos.uel.br\/mnpfisica\/wp-json\/wp\/v2\/comments?post=10"}],"version-history":[{"count":3,"href":"https:\/\/pos.uel.br\/mnpfisica\/wp-json\/wp\/v2\/pages\/10\/revisions"}],"predecessor-version":[{"id":180,"href":"https:\/\/pos.uel.br\/mnpfisica\/wp-json\/wp\/v2\/pages\/10\/revisions\/180"}],"wp:attachment":[{"href":"https:\/\/pos.uel.br\/mnpfisica\/wp-json\/wp\/v2\/media?parent=10"}],"curies":[{"name":"wp","href":"https:\/\/api.w.org\/{rel}","templated":true}]}}