{"id":679,"date":"2025-07-11T15:07:57","date_gmt":"2025-07-11T18:07:57","guid":{"rendered":"https:\/\/pos.uel.br\/mkt\/?page_id=679"},"modified":"2025-07-11T15:28:09","modified_gmt":"2025-07-11T18:28:09","slug":"corpo-docente","status":"publish","type":"page","link":"https:\/\/pos.uel.br\/mkt\/corpo-docente\/","title":{"rendered":"Corpo Docente"},"content":{"rendered":"\n<figure class=\"wp-block-table is-style-stripes has-small-font-size\"><table class=\"has-fixed-layout\"><tbody><tr><td><strong>Professor<\/strong><\/td><td><strong>Titula\u00e7\u00e3o<\/strong><\/td><td><strong>Institui\u00e7\u00e3o<\/strong><\/td><\/tr><tr><td>Aleksander Roncon<\/td><td>Mestre<\/td><td>Convidado<\/td><\/tr><tr><td>Ana Paula Perfetto Demarchi<\/td><td>Doutora<\/td><td>UEL<\/td><\/tr><tr><td>Carla Cristina Siqueira Martins<\/td><td>Mestre<\/td><td>Convidado<\/td><\/tr><tr><td>Carlos Martins Delgado Neto<\/td><td>Mestre<\/td><td>Convidado<\/td><\/tr><tr><td>Claudio Sampaio<\/td><td>Doutor<\/td><td>UEL<\/td><\/tr><tr><td>Edson Antonio Miura<\/td><td>Doutor<\/td><td>UEL<\/td><\/tr><tr><td>Fernando Kaname Westphal<\/td><td>Doutor<\/td><td>UEL<\/td><\/tr><tr><td>Jo\u00e3o Luis Gilberto de Carvalho<\/td><td>Doutor<\/td><td>UEL<\/td><\/tr><tr><td>Let\u00edcia Negreiros<\/td><td>Doutora<\/td><td>Convidada<\/td><\/tr><tr><td>Lilian Mara Aligleri<\/td><td>Doutora<\/td><td>UEL<\/td><\/tr><tr><td>Lisiane Freitas de Freitas<\/td><td>Doutora<\/td><td>UEL<\/td><\/tr><tr><td>Marco Aur\u00e9lio Kumura<\/td><td>Mestre<\/td><td>Convidado<\/td><\/tr><tr><td>Marli de Lourdes Verni<\/td><td>Mestre<\/td><td>UEL<\/td><\/tr><tr><td>Paulo Marcelo Ferraresi Pegino<\/td><td>Doutor<\/td><td>UEL<\/td><\/tr><tr><td>Rafael Borim de Souza<\/td><td>P\u00f3s Doutor<\/td><td>UEL<\/td><\/tr><tr><td>Thais Accioly Baccaro<\/td><td>Doutora<\/td><td>UEL<\/td><\/tr><tr><td>Thiago Spiri Ferreira<\/td><td>Mestre<\/td><td>UEL<\/td><\/tr><tr><td>Valdete de Oliveira Mrtvi<\/td><td>Doutora<\/td><td>UEL<\/td><\/tr><tr><td>Vitor Koki da Costa Nogami<\/td><td>Doutor<\/td><td>Convidado<\/td><\/tr><\/tbody><\/table><\/figure>\n\n\n\n<div class=\"wp-block-columns is-layout-flex wp-container-core-columns-is-layout-9d6595d7 wp-block-columns-is-layout-flex\">\n<div class=\"wp-block-column is-layout-flow wp-block-column-is-layout-flow\"><\/div>\n<\/div>\n\n\n\n<p><\/p>\n","protected":false},"excerpt":{"rendered":"<p>Professor Titula\u00e7\u00e3o Institui\u00e7\u00e3o Aleksander Roncon Mestre Convidado Ana Paula Perfetto Demarchi Doutora UEL Carla Cristina Siqueira Martins Mestre Convidado Carlos Martins Delgado Neto Mestre Convidado Claudio Sampaio Doutor UEL Edson Antonio Miura Doutor UEL Fernando Kaname Westphal Doutor UEL Jo\u00e3o Luis Gilberto de Carvalho Doutor UEL Let\u00edcia Negreiros Doutora Convidada Lilian Mara Aligleri Doutora UEL [&hellip;]<\/p>\n","protected":false},"author":9,"featured_media":0,"parent":0,"menu_order":0,"comment_status":"closed","ping_status":"closed","template":"","meta":{"_acf_changed":false,"_themeisle_gutenberg_block_has_review":false,"footnotes":""},"class_list":["post-679","page","type-page","status-publish","hentry"],"acf":[],"_links":{"self":[{"href":"https:\/\/pos.uel.br\/mkt\/wp-json\/wp\/v2\/pages\/679","targetHints":{"allow":["GET"]}}],"collection":[{"href":"https:\/\/pos.uel.br\/mkt\/wp-json\/wp\/v2\/pages"}],"about":[{"href":"https:\/\/pos.uel.br\/mkt\/wp-json\/wp\/v2\/types\/page"}],"author":[{"embeddable":true,"href":"https:\/\/pos.uel.br\/mkt\/wp-json\/wp\/v2\/users\/9"}],"replies":[{"embeddable":true,"href":"https:\/\/pos.uel.br\/mkt\/wp-json\/wp\/v2\/comments?post=679"}],"version-history":[{"count":4,"href":"https:\/\/pos.uel.br\/mkt\/wp-json\/wp\/v2\/pages\/679\/revisions"}],"predecessor-version":[{"id":694,"href":"https:\/\/pos.uel.br\/mkt\/wp-json\/wp\/v2\/pages\/679\/revisions\/694"}],"wp:attachment":[{"href":"https:\/\/pos.uel.br\/mkt\/wp-json\/wp\/v2\/media?parent=679"}],"curies":[{"name":"wp","href":"https:\/\/api.w.org\/{rel}","templated":true}]}}

<figure class="wp-block-table is-style-stripes has-small-font-size"><table class="has-fixed-layout"><tbody><tr><td><strong>Professor</strong></td><td><strong>Titulação</strong></td><td><strong>Instituição</strong></td></tr><tr><td>Aleksander Roncon</td><td>Mestre</td><td>Convidado</td></tr><tr><td>Ana Paula Perfetto Demarchi</td><td>Doutora</td><td>UEL</td></tr><tr><td>Carla Cristina Siqueira Martins</td><td>Mestre</td><td>Convidado</td></tr><tr><td>Carlos Martins Delgado Neto</td><td>Mestre</td><td>Convidado</td></tr><tr><td>Claudio Sampaio</td><td>Doutor</td><td>UEL</td></tr><tr><td>Edson Antonio Miura</td><td>Doutor</td><td>UEL</td></tr><tr><td>Fernando Kaname Westphal</td><td>Doutor</td><td>UEL</td></tr><tr><td>João Luis Gilberto de Carvalho</td><td>Doutor</td><td>UEL</td></tr><tr><td>Letícia Negreiros</td><td>Doutora</td><td>Convidada</td></tr><tr><td>Lilian Mara Aligleri</td><td>Doutora</td><td>UEL</td></tr><tr><td>Lisiane Freitas de Freitas</td><td>Doutora</td><td>UEL</td></tr><tr><td>Marco Aurélio Kumura</td><td>Mestre</td><td>Convidado</td></tr><tr><td>Marli de Lourdes Verni</td><td>Mestre</td><td>UEL</td></tr><tr><td>Paulo Marcelo Ferraresi Pegino</td><td>Doutor</td><td>UEL</td></tr><tr><td>Rafael Borim de Souza</td><td>Pós Doutor</td><td>UEL</td></tr><tr><td>Thais Accioly Baccaro</td><td>Doutora</td><td>UEL</td></tr><tr><td>Thiago Spiri Ferreira</td><td>Mestre</td><td>UEL</td></tr><tr><td>Valdete de Oliveira Mrtvi</td><td>Doutora</td><td>UEL</td></tr><tr><td>Vitor Koki da Costa Nogami</td><td>Doutor</td><td>Convidado</td></tr></tbody></table></figure>



<div class="wp-block-columns is-layout-flex wp-container-core-columns-is-layout-9d6595d7 wp-block-columns-is-layout-flex">
<div class="wp-block-column is-layout-flow wp-block-column-is-layout-flow"></div>
</div>



<p></p>

<p>Professor Titulação Instituição Aleksander Roncon Mestre Convidado Ana Paula Perfetto Demarchi Doutora UEL Carla Cristina Siqueira Martins Mestre Convidado Carlos Martins Delgado Neto Mestre Convidado Claudio Sampaio Doutor UEL Edson Antonio Miura Doutor UEL Fernando Kaname Westphal Doutor UEL João Luis Gilberto de Carvalho Doutor UEL Letícia Negreiros Doutora Convidada Lilian Mara Aligleri Doutora UEL [&hellip;]</p>
