{"id":677,"date":"2025-07-11T15:07:44","date_gmt":"2025-07-11T18:07:44","guid":{"rendered":"https:\/\/pos.uel.br\/mkt\/?page_id=677"},"modified":"2025-10-09T08:20:17","modified_gmt":"2025-10-09T11:20:17","slug":"estrutura-curricular","status":"publish","type":"page","link":"https:\/\/pos.uel.br\/mkt\/estrutura-curricular\/","title":{"rendered":"Estrutura Curricular"},"content":{"rendered":"\n<p>O Curso ter\u00e1 a dura\u00e7\u00e3o de 450 (quatrocentas e cinqu\u00eanta) horas, correspondentes a 30 (trinta) cr\u00e9ditos, a serem desenvolvidos em 3 (tr\u00eas) per\u00edodos letivos.<\/p>\n\n\n\n<figure class=\"wp-block-table is-style-stripes has-small-font-size\"><table class=\"has-fixed-layout\"><tbody><tr><td>&nbsp;<\/td><td><strong>M\u00d3DULO 1 \u2013 Gest\u00e3o de Marketing<\/strong><\/td><td>&nbsp;<\/td><td>&nbsp;<\/td><\/tr><tr><td><strong>C\u00f3digo<\/strong><\/td><td><strong>Disciplina<\/strong><\/td><td><strong>Cred.<\/strong><\/td><td><strong>C.H.<\/strong><\/td><\/tr><tr><td>2ADM485<\/td><td>Gest\u00e3o do Composto de Marketing<\/td><td>3 cr<\/td><td>45 h<\/td><\/tr><tr><td>2ADM486<\/td><td>Laborat\u00f3rio de Gest\u00e3o e Tomada de Decis\u00e3o Estrat\u00e9gica<\/td><td>2 cr<\/td><td>30 h<\/td><\/tr><tr><td>2ADM487<\/td><td>Comportamento do Consumidor<\/td><td>2 cr<\/td><td>30 h<\/td><\/tr><tr><td>2ADM488<\/td><td>Intelig\u00eancia de Marketing<\/td><td>2 cr<\/td><td>30 h<\/td><\/tr><tr><td>2ADM489<\/td><td>M\u00e9tricas de Marketing<\/td><td>1 cr<\/td><td>15 h<\/td><\/tr><tr><td>2ADM490<\/td><td>Geomarketing como Estrat\u00e9gia de Marketing e Vendas<\/td><td>2 cr<\/td><td>30 h<\/td><\/tr><tr><td>2ADM491<\/td><td>Customer Success Management<\/td><td>2 cr<\/td><td>30 h<\/td><\/tr><tr><td>2ADM492<\/td><td>Customer Experience e Varejo Omnichannel<\/td><td>2 cr<\/td><td>30 h<\/td><\/tr><tr><td>&nbsp;<\/td><td><strong>M\u00d3DULO 2 \u2013 Comunica\u00e7\u00e3o e M\u00eddias<\/strong><\/td><td>&nbsp;<\/td><td>&nbsp;<\/td><\/tr><tr><td>&nbsp;<strong>C\u00f3digo<\/strong><\/td><td><strong>Disciplina<\/strong><\/td><td><strong>Cred.<\/strong><\/td><td><strong>C.H.<\/strong><\/td><\/tr><tr><td>2ADM493<\/td><td>Comunica\u00e7\u00e3o Integrada de Marketing<\/td><td>2 cr<\/td><td>30 h<\/td><\/tr><tr><td>2ADM494<\/td><td>Marketing de Servi\u00e7os e Relacionamento<\/td><td>2 cr<\/td><td>30 h<\/td><\/tr><tr><td>2ADM495<\/td><td>Design Thinking Aplicado ao Marketing<\/td><td>2 cr<\/td><td>30 h<\/td><\/tr><tr><td>2ADM496<\/td><td>Marketing Digital e M\u00eddias Digitais<\/td><td>2 cr<\/td><td>30 h<\/td><\/tr><tr><td>2ADM497<\/td><td>Elabora\u00e7\u00e3o de Projetos de Marketing<\/td><td>2 cr<\/td><td>30 h<\/td><\/tr><tr><td>&nbsp;<\/td><td><strong>M\u00d3DULO 3 \u2013 Tem\u00e1ticas Contempor\u00e2neas<\/strong><\/td><td>&nbsp;<\/td><td>&nbsp;<\/td><\/tr><tr><td><strong>C\u00f3digo<\/strong><\/td><td><strong>Disciplina<\/strong><\/td><td><strong>Cred.<\/strong><\/td><td><strong>C.H.<\/strong><\/td><\/tr><tr><td>2ADM498<\/td><td>Neuroci\u00eancias Aplicada ao Marketing<\/td><td>1 cr<\/td><td>15 h<\/td><\/tr><tr><td>2ADM499<\/td><td>Ecodesign, Inova\u00e7\u00e3o e Marketing Sustent\u00e1vel<\/td><td>1 cr<\/td><td>15 h<\/td><\/tr><tr><td>2ADM500<\/td><td>Branding e Gest\u00e3o de Marcas<\/td><td>1 cr<\/td><td>15 h<\/td><\/tr><tr><td>2ADM501<\/td><td>E-Commerce<\/td><td>1 cr<\/td><td>15 h<\/td><\/tr><tr><td>2ADM151<\/td><td>Trabalho de Conclus\u00e3o de Curso de P\u00f3s-Gradua\u00e7\u00e3o<\/td><td>&nbsp;<\/td><td>&nbsp;<\/td><\/tr><\/tbody><\/table><\/figure>\n\n\n\n<div class=\"wp-block-columns is-layout-flex wp-container-core-columns-is-layout-9d6595d7 wp-block-columns-is-layout-flex\">\n<div class=\"wp-block-column is-layout-flow wp-block-column-is-layout-flow\"><\/div>\n<\/div>\n","protected":false},"excerpt":{"rendered":"<p>O Curso ter\u00e1 a dura\u00e7\u00e3o de 450 (quatrocentas e cinqu\u00eanta) horas, correspondentes a 30 (trinta) cr\u00e9ditos, a serem desenvolvidos em 3 (tr\u00eas) per\u00edodos letivos. &nbsp; M\u00d3DULO 1 \u2013 Gest\u00e3o de Marketing &nbsp; &nbsp; C\u00f3digo Disciplina Cred. C.H. 2ADM485 Gest\u00e3o do Composto de Marketing 3 cr 45 h 2ADM486 Laborat\u00f3rio de Gest\u00e3o e Tomada de Decis\u00e3o [&hellip;]<\/p>\n","protected":false},"author":9,"featured_media":0,"parent":0,"menu_order":0,"comment_status":"closed","ping_status":"closed","template":"","meta":{"_acf_changed":false,"_themeisle_gutenberg_block_has_review":false,"footnotes":""},"class_list":["post-677","page","type-page","status-publish","hentry"],"acf":[],"_links":{"self":[{"href":"https:\/\/pos.uel.br\/mkt\/wp-json\/wp\/v2\/pages\/677","targetHints":{"allow":["GET"]}}],"collection":[{"href":"https:\/\/pos.uel.br\/mkt\/wp-json\/wp\/v2\/pages"}],"about":[{"href":"https:\/\/pos.uel.br\/mkt\/wp-json\/wp\/v2\/types\/page"}],"author":[{"embeddable":true,"href":"https:\/\/pos.uel.br\/mkt\/wp-json\/wp\/v2\/users\/9"}],"replies":[{"embeddable":true,"href":"https:\/\/pos.uel.br\/mkt\/wp-json\/wp\/v2\/comments?post=677"}],"version-history":[{"count":4,"href":"https:\/\/pos.uel.br\/mkt\/wp-json\/wp\/v2\/pages\/677\/revisions"}],"predecessor-version":[{"id":748,"href":"https:\/\/pos.uel.br\/mkt\/wp-json\/wp\/v2\/pages\/677\/revisions\/748"}],"wp:attachment":[{"href":"https:\/\/pos.uel.br\/mkt\/wp-json\/wp\/v2\/media?parent=677"}],"curies":[{"name":"wp","href":"https:\/\/api.w.org\/{rel}","templated":true}]}}

<p>O Curso terá a duração de 450 (quatrocentas e cinquênta) horas, correspondentes a 30 (trinta) créditos, a serem desenvolvidos em 3 (três) períodos letivos.</p>



<figure class="wp-block-table is-style-stripes has-small-font-size"><table class="has-fixed-layout"><tbody><tr><td>&nbsp;</td><td><strong>MÓDULO 1 – Gestão de Marketing</strong></td><td>&nbsp;</td><td>&nbsp;</td></tr><tr><td><strong>Código</strong></td><td><strong>Disciplina</strong></td><td><strong>Cred.</strong></td><td><strong>C.H.</strong></td></tr><tr><td>2ADM485</td><td>Gestão do Composto de Marketing</td><td>3 cr</td><td>45 h</td></tr><tr><td>2ADM486</td><td>Laboratório de Gestão e Tomada de Decisão Estratégica</td><td>2 cr</td><td>30 h</td></tr><tr><td>2ADM487</td><td>Comportamento do Consumidor</td><td>2 cr</td><td>30 h</td></tr><tr><td>2ADM488</td><td>Inteligência de Marketing</td><td>2 cr</td><td>30 h</td></tr><tr><td>2ADM489</td><td>Métricas de Marketing</td><td>1 cr</td><td>15 h</td></tr><tr><td>2ADM490</td><td>Geomarketing como Estratégia de Marketing e Vendas</td><td>2 cr</td><td>30 h</td></tr><tr><td>2ADM491</td><td>Customer Success Management</td><td>2 cr</td><td>30 h</td></tr><tr><td>2ADM492</td><td>Customer Experience e Varejo Omnichannel</td><td>2 cr</td><td>30 h</td></tr><tr><td>&nbsp;</td><td><strong>MÓDULO 2 – Comunicação e Mídias</strong></td><td>&nbsp;</td><td>&nbsp;</td></tr><tr><td>&nbsp;<strong>Código</strong></td><td><strong>Disciplina</strong></td><td><strong>Cred.</strong></td><td><strong>C.H.</strong></td></tr><tr><td>2ADM493</td><td>Comunicação Integrada de Marketing</td><td>2 cr</td><td>30 h</td></tr><tr><td>2ADM494</td><td>Marketing de Serviços e Relacionamento</td><td>2 cr</td><td>30 h</td></tr><tr><td>2ADM495</td><td>Design Thinking Aplicado ao Marketing</td><td>2 cr</td><td>30 h</td></tr><tr><td>2ADM496</td><td>Marketing Digital e Mídias Digitais</td><td>2 cr</td><td>30 h</td></tr><tr><td>2ADM497</td><td>Elaboração de Projetos de Marketing</td><td>2 cr</td><td>30 h</td></tr><tr><td>&nbsp;</td><td><strong>MÓDULO 3 – Temáticas Contemporâneas</strong></td><td>&nbsp;</td><td>&nbsp;</td></tr><tr><td><strong>Código</strong></td><td><strong>Disciplina</strong></td><td><strong>Cred.</strong></td><td><strong>C.H.</strong></td></tr><tr><td>2ADM498</td><td>Neurociências Aplicada ao Marketing</td><td>1 cr</td><td>15 h</td></tr><tr><td>2ADM499</td><td>Ecodesign, Inovação e Marketing Sustentável</td><td>1 cr</td><td>15 h</td></tr><tr><td>2ADM500</td><td>Branding e Gestão de Marcas</td><td>1 cr</td><td>15 h</td></tr><tr><td>2ADM501</td><td>E-Commerce</td><td>1 cr</td><td>15 h</td></tr><tr><td>2ADM151</td><td>Trabalho de Conclusão de Curso de Pós-Graduação</td><td>&nbsp;</td><td>&nbsp;</td></tr></tbody></table></figure>



<div class="wp-block-columns is-layout-flex wp-container-core-columns-is-layout-9d6595d7 wp-block-columns-is-layout-flex">
<div class="wp-block-column is-layout-flow wp-block-column-is-layout-flow"></div>
</div>

<p>O Curso terá a duração de 450 (quatrocentas e cinquênta) horas, correspondentes a 30 (trinta) créditos, a serem desenvolvidos em 3 (três) períodos letivos. &nbsp; MÓDULO 1 – Gestão de Marketing &nbsp; &nbsp; Código Disciplina Cred. C.H. 2ADM485 Gestão do Composto de Marketing 3 cr 45 h 2ADM486 Laboratório de Gestão e Tomada de Decisão [&hellip;]</p>
