{"id":674,"date":"2025-07-11T15:03:37","date_gmt":"2025-07-11T18:03:37","guid":{"rendered":"https:\/\/pos.uel.br\/mkt\/?page_id=674"},"modified":"2025-10-03T14:32:12","modified_gmt":"2025-10-03T17:32:12","slug":"sobre-o-curso","status":"publish","type":"page","link":"https:\/\/pos.uel.br\/mkt\/sobre-o-curso\/","title":{"rendered":"Sobre o curso"},"content":{"rendered":"\n<p>Formar profissionais especialistas e capazes de entender o processo de marketing em todos os seus aspectos e habilitados \u00e0 tomada de decis\u00f5es na \u00e1rea de administra\u00e7\u00e3o de marketing e m\u00eddias digitais, ampliando a capacidade de gest\u00e3o, combinando tecnologia e intelig\u00eancia humana em um mundo de transforma\u00e7\u00e3o digital.<\/p>\n\n\n\n<hr class=\"wp-block-separator has-alpha-channel-opacity is-style-wide\" \/>\n\n\n\n<p class=\"has-primary-accent-color has-text-color has-link-color wp-elements-f659a05abe45c6874286a1b5100f7698\"><strong>P\u00daBLICO ALVO<\/strong><\/p>\n\n\n\n<p>Poder\u00e3o candidatar-se ao Curso graduados, gestores, empreendedores e profissionais que ocupam fun\u00e7\u00f5es decis\u00f3rias e intermedi\u00e1rias, com experi\u00eancia em gest\u00e3o, que buscam aprimorar seus conhecimentos em marketing e m\u00eddias digitais, combinando tecnologia e intelig\u00eancia humana e obter uma vis\u00e3o aprofundada e global do mundo do marketing,&nbsp;desde que comprovem a conclus\u00e3o da gradua\u00e7\u00e3o at\u00e9 a matr\u00edcula.<\/p>\n\n\n\n<hr class=\"wp-block-separator has-alpha-channel-opacity is-style-wide\" \/>\n\n\n\n<p class=\"has-primary-accent-color has-text-color has-link-color wp-elements-8a5d50c40a3f9ef95e96ecd795253bd0\"><strong>N\u00daMERO DE VAGAS<\/strong><\/p>\n\n\n\n<p>M\u00ednimo: 25 (vinte e cinco)<\/p>\n\n\n\n<p>M\u00e1ximo: 40 (quarenta)<\/p>\n\n\n\n<hr class=\"wp-block-separator has-alpha-channel-opacity is-style-wide\" \/>\n\n\n\n<p class=\"has-primary-accent-color has-text-color has-link-color wp-elements-6848bac0283c7d3a57065ed731b47198\"><strong>INVESTIMENTO<\/strong><\/p>\n\n\n\n<p>18 parcelas de R$ 490,00 (a primeira parcela, no ato da matr\u00edcula)<\/p>\n\n\n\n<hr class=\"wp-block-separator has-alpha-channel-opacity is-style-wide\" \/>\n\n\n\n<p class=\"has-primary-accent-color has-text-color has-link-color wp-elements-286bb88d9cb9de9a94be3bd86454892b\"><strong>IN\u00cdCIO E T\u00c9RMINO DAS AULAS | CURSO<\/strong><\/p>\n\n\n\n<p>In\u00edcio das aulas: 27\/03\/2026<\/p>\n\n\n\n<p>T\u00e9rmino: julho de 2027<\/p>\n\n\n\n<p>As aulas s\u00e3o ministradas&nbsp;<strong>\u00e0s sextas-feiras \u00e0 noite e aos s\u00e1bados de manh\u00e3 e \u00e0 tarde<\/strong>.&nbsp; Os encontros ocorrem semanalmente,&nbsp;<strong>podendo haver um ou outro final de semana livre ou quando ocorrer feriados<\/strong>, totalizando 30 (trinta) finais de semana com aula.<\/p>\n\n\n\n<hr class=\"wp-block-separator has-alpha-channel-opacity is-style-wide\" \/>\n\n\n\n<h5 class=\"wp-block-heading has-primary-accent-color has-text-color has-link-color wp-elements-cec12c0234445921f0ee3442a045a44d\">Turma com in\u00edcio em 2026<\/h5>\n\n\n\n<p>Presencial.<\/p>\n\n\n\n<hr class=\"wp-block-separator has-alpha-channel-opacity is-style-wide\" \/>\n\n\n\n<h5 class=\"wp-block-heading has-primary-accent-color has-text-color has-link-color wp-elements-26153a125e06ad00c06ba48520887ce6\">Inscri\u00e7\u00f5es online<\/h5>\n\n\n\n<p>Realize o upload da documenta\u00e7\u00e3o somente via sistema de Inscri\u00e7\u00e3o online \u2013 Acesse o Edital de Oferta no menu INSCRI\u00c7\u00d5ES.<\/p>\n\n\n\n<hr class=\"wp-block-separator has-alpha-channel-opacity is-style-wide\" \/>\n\n\n\n<div class=\"wp-block-columns is-layout-flex wp-container-core-columns-is-layout-9d6595d7 wp-block-columns-is-layout-flex\">\n<div class=\"wp-block-column is-layout-flow wp-block-column-is-layout-flow\"><\/div>\n<\/div>\n\n\n\n<p><\/p>\n","protected":false},"excerpt":{"rendered":"<p>Formar profissionais especialistas e capazes de entender o processo de marketing em todos os seus aspectos e habilitados \u00e0 tomada de decis\u00f5es na \u00e1rea de administra\u00e7\u00e3o de marketing e m\u00eddias digitais, ampliando a capacidade de gest\u00e3o, combinando tecnologia e intelig\u00eancia humana em um mundo de transforma\u00e7\u00e3o digital. P\u00daBLICO ALVO Poder\u00e3o candidatar-se ao Curso graduados, gestores, [&hellip;]<\/p>\n","protected":false},"author":9,"featured_media":0,"parent":0,"menu_order":0,"comment_status":"closed","ping_status":"closed","template":"","meta":{"_acf_changed":false,"_themeisle_gutenberg_block_has_review":false,"footnotes":""},"class_list":["post-674","page","type-page","status-publish","hentry"],"acf":[],"_links":{"self":[{"href":"https:\/\/pos.uel.br\/mkt\/wp-json\/wp\/v2\/pages\/674","targetHints":{"allow":["GET"]}}],"collection":[{"href":"https:\/\/pos.uel.br\/mkt\/wp-json\/wp\/v2\/pages"}],"about":[{"href":"https:\/\/pos.uel.br\/mkt\/wp-json\/wp\/v2\/types\/page"}],"author":[{"embeddable":true,"href":"https:\/\/pos.uel.br\/mkt\/wp-json\/wp\/v2\/users\/9"}],"replies":[{"embeddable":true,"href":"https:\/\/pos.uel.br\/mkt\/wp-json\/wp\/v2\/comments?post=674"}],"version-history":[{"count":12,"href":"https:\/\/pos.uel.br\/mkt\/wp-json\/wp\/v2\/pages\/674\/revisions"}],"predecessor-version":[{"id":745,"href":"https:\/\/pos.uel.br\/mkt\/wp-json\/wp\/v2\/pages\/674\/revisions\/745"}],"wp:attachment":[{"href":"https:\/\/pos.uel.br\/mkt\/wp-json\/wp\/v2\/media?parent=674"}],"curies":[{"name":"wp","href":"https:\/\/api.w.org\/{rel}","templated":true}]}}

<p>Formar profissionais especialistas e capazes de entender o processo de marketing em todos os seus aspectos e habilitados à tomada de decisões na área de administração de marketing e mídias digitais, ampliando a capacidade de gestão, combinando tecnologia e inteligência humana em um mundo de transformação digital.</p>



<hr class="wp-block-separator has-alpha-channel-opacity is-style-wide" />



<p class="has-primary-accent-color has-text-color has-link-color wp-elements-f659a05abe45c6874286a1b5100f7698"><strong>PÚBLICO ALVO</strong></p>



<p>Poderão candidatar-se ao Curso graduados, gestores, empreendedores e profissionais que ocupam funções decisórias e intermediárias, com experiência em gestão, que buscam aprimorar seus conhecimentos em marketing e mídias digitais, combinando tecnologia e inteligência humana e obter uma visão aprofundada e global do mundo do marketing,&nbsp;desde que comprovem a conclusão da graduação até a matrícula.</p>



<hr class="wp-block-separator has-alpha-channel-opacity is-style-wide" />



<p class="has-primary-accent-color has-text-color has-link-color wp-elements-8a5d50c40a3f9ef95e96ecd795253bd0"><strong>NÚMERO DE VAGAS</strong></p>



<p>Mínimo: 25 (vinte e cinco)</p>



<p>Máximo: 40 (quarenta)</p>



<hr class="wp-block-separator has-alpha-channel-opacity is-style-wide" />



<p class="has-primary-accent-color has-text-color has-link-color wp-elements-6848bac0283c7d3a57065ed731b47198"><strong>INVESTIMENTO</strong></p>



<p>18 parcelas de R$ 490,00 (a primeira parcela, no ato da matrícula)</p>



<hr class="wp-block-separator has-alpha-channel-opacity is-style-wide" />



<p class="has-primary-accent-color has-text-color has-link-color wp-elements-286bb88d9cb9de9a94be3bd86454892b"><strong>INÍCIO E TÉRMINO DAS AULAS | CURSO</strong></p>



<p>Início das aulas: 27/03/2026</p>



<p>Término: julho de 2027</p>



<p>As aulas são ministradas&nbsp;<strong>às sextas-feiras à noite e aos sábados de manhã e à tarde</strong>.&nbsp; Os encontros ocorrem semanalmente,&nbsp;<strong>podendo haver um ou outro final de semana livre ou quando ocorrer feriados</strong>, totalizando 30 (trinta) finais de semana com aula.</p>



<hr class="wp-block-separator has-alpha-channel-opacity is-style-wide" />



<h5 class="wp-block-heading has-primary-accent-color has-text-color has-link-color wp-elements-cec12c0234445921f0ee3442a045a44d">Turma com início em 2026</h5>



<p>Presencial.</p>



<hr class="wp-block-separator has-alpha-channel-opacity is-style-wide" />



<h5 class="wp-block-heading has-primary-accent-color has-text-color has-link-color wp-elements-26153a125e06ad00c06ba48520887ce6">Inscrições online</h5>



<p>Realize o upload da documentação somente via sistema de Inscrição online – Acesse o Edital de Oferta no menu INSCRIÇÕES.</p>



<hr class="wp-block-separator has-alpha-channel-opacity is-style-wide" />



<div class="wp-block-columns is-layout-flex wp-container-core-columns-is-layout-9d6595d7 wp-block-columns-is-layout-flex">
<div class="wp-block-column is-layout-flow wp-block-column-is-layout-flow"></div>
</div>



<p></p>

<p>Formar profissionais especialistas e capazes de entender o processo de marketing em todos os seus aspectos e habilitados à tomada de decisões na área de administração de marketing e mídias digitais, ampliando a capacidade de gestão, combinando tecnologia e inteligência humana em um mundo de transformação digital. PÚBLICO ALVO Poderão candidatar-se ao Curso graduados, gestores, [&hellip;]</p>
