{"id":9,"date":"2025-10-14T10:43:42","date_gmt":"2025-10-14T13:43:42","guid":{"rendered":"https:\/\/pos.uel.br\/midiasdigitais\/?page_id=9"},"modified":"2025-10-14T19:09:43","modified_gmt":"2025-10-14T22:09:43","slug":"sobre-o-curso","status":"publish","type":"page","link":"https:\/\/pos.uel.br\/midiasdigitais\/sobre-o-curso\/","title":{"rendered":"Sobre o curso"},"content":{"rendered":"\n<p>O curso ser\u00e1 ofertado no modo&nbsp;<strong>\u201cRemoto S\u00edncrono\u201d<\/strong>, conforme resolu\u00e7\u00e3o CEPE N\u00ba 013\/2021, at\u00e9 a sua conclus\u00e3o.<\/p>\n\n\n\n<p>As d\u00favidas sobre o processo seletivo dever\u00e3o ser enviadas para o e-mail spg.latosensu@uel.br ou rogerioghomes@uel.br.<\/p>\n\n\n\n<figure class=\"wp-block-table is-style-stripes\"><table><thead><tr><th>PROCEDIMENTOS<\/th><th>DATAS<\/th><\/tr><\/thead><tbody><tr><td>Per\u00edodo para Requerimento de <strong>Isen\u00e7\u00e3o<\/strong><br>do pre\u00e7o p\u00fablico de inscri\u00e7\u00e3o: Justi\u00e7a<br>Eleitoral e Doa\u00e7\u00e3o de Sangue<\/td><td>20 a 22 de outubro de 2025<\/td><\/tr><tr><td><strong>Resultado de Isen\u00e7\u00e3o da Justi\u00e7a<\/strong>:<br>Eleitoral e Doa\u00e7\u00e3o de Sangue<\/td><td>24 de outubro de 2025<\/td><\/tr><tr><td><strong>Per\u00edodo de Recurso da Isen\u00e7\u00e3o<\/strong> Justi\u00e7a<br>Eleitoral e Doa\u00e7\u00e3o de Sangue<\/td><td>29 de outubro de 2025<\/td><\/tr><tr><td><strong>Resultado de Recurso da Isen\u00e7\u00e3o<\/strong><br>Justi\u00e7a Eleitoral e Doa\u00e7\u00e3o de Sangue<\/td><td>31 de outubro de 2025<\/td><\/tr><tr><td>Per\u00edodo de Inscri\u00e7\u00e3o e <em>upload <\/em>dos<br>documentos<\/td><td>05 de novembro de 2025 a 23 de<br>fevereiro de 2026<\/td><\/tr><tr><td>Per\u00edodo de sele\u00e7\u00e3o<\/td><td>24 de fevereiro de 2026<\/td><\/tr><tr><td>Divulga\u00e7\u00e3o do Edital de Resultado e<br>Convoca\u00e7\u00e3o para Matr\u00edcula<\/td><td>02 de mar\u00e7o de 2026<\/td><\/tr><tr><td>Per\u00edodo de Matr\u00edcula<\/td><td>03 a 05 de mar\u00e7o de 2026<\/td><\/tr><\/tbody><\/table><\/figure>\n\n\n\n<p><strong>Aten\u00e7\u00e3o:<\/strong> O\/a candidato\/a dever\u00e1 acompanhar os atos relativos ao processo de sele\u00e7\u00e3o dispon\u00edveis na p\u00e1gina do Curso (https:\/\/sites.uel.br\/ceca\/lato-sensu\/), obrigando-se a atender aos prazos e \u00e0s condi\u00e7\u00f5es estabelecidas no presente edital e \u00e0queles que vierem a ser divulgados durante a execu\u00e7\u00e3o da sele\u00e7\u00e3o.<\/p>\n\n\n\n<p><\/p>\n","protected":false},"excerpt":{"rendered":"<p>O curso ser\u00e1 ofertado no modo&nbsp;\u201cRemoto S\u00edncrono\u201d, conforme resolu\u00e7\u00e3o CEPE N\u00ba 013\/2021, at\u00e9 a sua conclus\u00e3o. As d\u00favidas sobre o processo seletivo dever\u00e3o ser enviadas para o e-mail spg.latosensu@uel.br ou rogerioghomes@uel.br. PROCEDIMENTOS DATAS Per\u00edodo para Requerimento de Isen\u00e7\u00e3odo pre\u00e7o p\u00fablico de inscri\u00e7\u00e3o: Justi\u00e7aEleitoral e Doa\u00e7\u00e3o de Sangue 20 a 22 de outubro de 2025 Resultado [&hellip;]<\/p>\n","protected":false},"author":6,"featured_media":0,"parent":0,"menu_order":0,"comment_status":"closed","ping_status":"closed","template":"","meta":{"_acf_changed":false,"_themeisle_gutenberg_block_has_review":false,"footnotes":""},"class_list":["post-9","page","type-page","status-publish","hentry"],"acf":[],"_links":{"self":[{"href":"https:\/\/pos.uel.br\/midiasdigitais\/wp-json\/wp\/v2\/pages\/9","targetHints":{"allow":["GET"]}}],"collection":[{"href":"https:\/\/pos.uel.br\/midiasdigitais\/wp-json\/wp\/v2\/pages"}],"about":[{"href":"https:\/\/pos.uel.br\/midiasdigitais\/wp-json\/wp\/v2\/types\/page"}],"author":[{"embeddable":true,"href":"https:\/\/pos.uel.br\/midiasdigitais\/wp-json\/wp\/v2\/users\/6"}],"replies":[{"embeddable":true,"href":"https:\/\/pos.uel.br\/midiasdigitais\/wp-json\/wp\/v2\/comments?post=9"}],"version-history":[{"count":3,"href":"https:\/\/pos.uel.br\/midiasdigitais\/wp-json\/wp\/v2\/pages\/9\/revisions"}],"predecessor-version":[{"id":62,"href":"https:\/\/pos.uel.br\/midiasdigitais\/wp-json\/wp\/v2\/pages\/9\/revisions\/62"}],"wp:attachment":[{"href":"https:\/\/pos.uel.br\/midiasdigitais\/wp-json\/wp\/v2\/media?parent=9"}],"curies":[{"name":"wp","href":"https:\/\/api.w.org\/{rel}","templated":true}]}}

<p>O curso será ofertado no modo&nbsp;<strong>“Remoto Síncrono”</strong>, conforme resolução CEPE Nº 013/2021, até a sua conclusão.</p>



<p>As dúvidas sobre o processo seletivo deverão ser enviadas para o e-mail spg.latosensu@uel.br ou rogerioghomes@uel.br.</p>



<figure class="wp-block-table is-style-stripes"><table><thead><tr><th>PROCEDIMENTOS</th><th>DATAS</th></tr></thead><tbody><tr><td>Período para Requerimento de <strong>Isenção</strong><br>do preço público de inscrição: Justiça<br>Eleitoral e Doação de Sangue</td><td>20 a 22 de outubro de 2025</td></tr><tr><td><strong>Resultado de Isenção da Justiça</strong>:<br>Eleitoral e Doação de Sangue</td><td>24 de outubro de 2025</td></tr><tr><td><strong>Período de Recurso da Isenção</strong> Justiça<br>Eleitoral e Doação de Sangue</td><td>29 de outubro de 2025</td></tr><tr><td><strong>Resultado de Recurso da Isenção</strong><br>Justiça Eleitoral e Doação de Sangue</td><td>31 de outubro de 2025</td></tr><tr><td>Período de Inscrição e <em>upload </em>dos<br>documentos</td><td>05 de novembro de 2025 a 23 de<br>fevereiro de 2026</td></tr><tr><td>Período de seleção</td><td>24 de fevereiro de 2026</td></tr><tr><td>Divulgação do Edital de Resultado e<br>Convocação para Matrícula</td><td>02 de março de 2026</td></tr><tr><td>Período de Matrícula</td><td>03 a 05 de março de 2026</td></tr></tbody></table></figure>



<p><strong>Atenção:</strong> O/a candidato/a deverá acompanhar os atos relativos ao processo de seleção disponíveis na página do Curso (https://sites.uel.br/ceca/lato-sensu/), obrigando-se a atender aos prazos e às condições estabelecidas no presente edital e àqueles que vierem a ser divulgados durante a execução da seleção.</p>



<p></p>

<p>O curso será ofertado no modo&nbsp;“Remoto Síncrono”, conforme resolução CEPE Nº 013/2021, até a sua conclusão. As dúvidas sobre o processo seletivo deverão ser enviadas para o e-mail spg.latosensu@uel.br ou rogerioghomes@uel.br. PROCEDIMENTOS DATAS Período para Requerimento de Isençãodo preço público de inscrição: JustiçaEleitoral e Doação de Sangue 20 a 22 de outubro de 2025 Resultado [&hellip;]</p>
