{"id":907,"date":"2021-07-06T16:58:38","date_gmt":"2021-07-06T19:58:38","guid":{"rendered":"https:\/\/pos.uel.br\/microbiologia\/?page_id=907"},"modified":"2025-05-21T07:09:44","modified_gmt":"2025-05-21T10:09:44","slug":"seguranca-alimentar-promocao-da-alimentacao-saudavel-na-escola","status":"publish","type":"page","link":"https:\/\/pos.uel.br\/microbiologia\/seguranca-alimentar-promocao-da-alimentacao-saudavel-na-escola\/","title":{"rendered":"Seguran\u00e7a alimentar: Promo\u00e7\u00e3o da alimenta\u00e7\u00e3o saud\u00e1vel na escola"},"content":{"rendered":"\n<p class=\"has-medium-font-size\"><strong><span class=\"has-inline-color has-primary-accent-color\">Projeto de Extens\u00e3o oferece cursos de seguran\u00e7a alimentar a merendeiras de escolas p\u00fablicas de 12 munic\u00edpios da regi\u00e3o e valoriza profiss\u00e3o<\/span><\/strong><\/p>\n\n\n\n<p class=\"has-medium-font-size\"><span class=\"has-inline-color has-primary-accent-color\">Projeto Coordenado pela Prof. Renata K. T. Kobayashi<\/span><\/p>\n\n\n\n<div class=\"wp-block-image\"><figure class=\"aligncenter size-large is-resized\"><img loading=\"lazy\" decoding=\"async\" src=\"https:\/\/pos.uel.br\/microbiologia\/wp-content\/uploads\/2021\/07\/Slide20-1024x576.png\" alt=\"\" class=\"wp-image-919\" width=\"549\" height=\"309\" srcset=\"https:\/\/pos.uel.br\/microbiologia\/wp-content\/uploads\/2021\/07\/Slide20-1024x576.png 1024w, https:\/\/pos.uel.br\/microbiologia\/wp-content\/uploads\/2021\/07\/Slide20-300x169.png 300w, https:\/\/pos.uel.br\/microbiologia\/wp-content\/uploads\/2021\/07\/Slide20-768x432.png 768w, https:\/\/pos.uel.br\/microbiologia\/wp-content\/uploads\/2021\/07\/Slide20.png 1280w\" sizes=\"auto, (max-width: 549px) 100vw, 549px\" \/><\/figure><\/div>\n\n\n\n<p>As merendeiras v\u00eam at\u00e9 a Universidade e a forma\u00e7\u00e3o \u00e9 dada nos Laborat\u00f3rios do Departamento de Microbiologia. Cada turma tem 20 alunos e, na UEL, elas fazem um curso de 10 horas. S\u00e3o 2 dias de conte\u00fados te\u00f3ricos e pr\u00e1ticos com muita din\u00e2mica e exerc\u00edcios totalmente  associados \u00e0s atividades do dia a dia, como o manuseio de alimentos. O segundo dia \u00e9 mais dedicado \u00e0 Microbiologia dos alimentos, e as participantes conhecem as principais bact\u00e9rias que podem ser encontradas neles ou nos ambientes de trabalho.<br><\/p>\n\n\n\n<div style=\"height:36px\" aria-hidden=\"true\" class=\"wp-block-spacer\"><\/div>\n\n\n\n<div class=\"wp-block-file\"><a href=\"https:\/\/pos.uel.br\/microbiologia\/wp-content\/uploads\/2021\/07\/artigo-extensa\u0303o-Projeto-Merendeiras.pdf\">artigo-extensa\u0303o-Projeto-Merendeiras<\/a><a href=\"https:\/\/pos.uel.br\/microbiologia\/wp-content\/uploads\/2021\/07\/artigo-extensa\u0303o-Projeto-Merendeiras.pdf\" class=\"wp-block-file__button\" download>Baixar<\/a><\/div>\n\n\n\n<p class=\"has-medium-font-size\"><strong><span class=\"has-inline-color has-primary-accent-color\">Projeto Merendeiras<\/span><\/strong><\/p>\n\n\n\n<div class=\"wp-block-columns is-layout-flex wp-container-core-columns-is-layout-9d6595d7 wp-block-columns-is-layout-flex\">\n<div class=\"wp-block-column is-layout-flow wp-block-column-is-layout-flow\">\n<figure class=\"wp-block-image size-large\"><img loading=\"lazy\" decoding=\"async\" width=\"1024\" height=\"576\" src=\"https:\/\/pos.uel.br\/microbiologia\/wp-content\/uploads\/2021\/07\/Slide28-1024x576.png\" alt=\"\" class=\"wp-image-915\" srcset=\"https:\/\/pos.uel.br\/microbiologia\/wp-content\/uploads\/2021\/07\/Slide28-1024x576.png 1024w, https:\/\/pos.uel.br\/microbiologia\/wp-content\/uploads\/2021\/07\/Slide28-300x169.png 300w, https:\/\/pos.uel.br\/microbiologia\/wp-content\/uploads\/2021\/07\/Slide28-768x432.png 768w, https:\/\/pos.uel.br\/microbiologia\/wp-content\/uploads\/2021\/07\/Slide28.png 1280w\" sizes=\"auto, (max-width: 1024px) 100vw, 1024px\" \/><\/figure>\n<\/div>\n\n\n\n<div class=\"wp-block-column is-layout-flow wp-block-column-is-layout-flow\">\n<figure class=\"wp-block-image size-large\"><img loading=\"lazy\" decoding=\"async\" width=\"1024\" height=\"576\" src=\"https:\/\/pos.uel.br\/microbiologia\/wp-content\/uploads\/2021\/07\/Slide29-1024x576.png\" alt=\"\" class=\"wp-image-916\" srcset=\"https:\/\/pos.uel.br\/microbiologia\/wp-content\/uploads\/2021\/07\/Slide29-1024x576.png 1024w, https:\/\/pos.uel.br\/microbiologia\/wp-content\/uploads\/2021\/07\/Slide29-300x169.png 300w, https:\/\/pos.uel.br\/microbiologia\/wp-content\/uploads\/2021\/07\/Slide29-768x432.png 768w, https:\/\/pos.uel.br\/microbiologia\/wp-content\/uploads\/2021\/07\/Slide29.png 1280w\" sizes=\"auto, (max-width: 1024px) 100vw, 1024px\" \/><\/figure>\n\n\n\n<figure class=\"wp-block-image size-large\"><img loading=\"lazy\" decoding=\"async\" width=\"1024\" height=\"576\" src=\"https:\/\/pos.uel.br\/microbiologia\/wp-content\/uploads\/2021\/07\/Slide23-1024x576.png\" alt=\"\" class=\"wp-image-913\" srcset=\"https:\/\/pos.uel.br\/microbiologia\/wp-content\/uploads\/2021\/07\/Slide23-1024x576.png 1024w, https:\/\/pos.uel.br\/microbiologia\/wp-content\/uploads\/2021\/07\/Slide23-300x169.png 300w, https:\/\/pos.uel.br\/microbiologia\/wp-content\/uploads\/2021\/07\/Slide23-768x432.png 768w, https:\/\/pos.uel.br\/microbiologia\/wp-content\/uploads\/2021\/07\/Slide23.png 1280w\" sizes=\"auto, (max-width: 1024px) 100vw, 1024px\" \/><\/figure>\n<\/div>\n\n\n\n<div class=\"wp-block-column is-layout-flow wp-block-column-is-layout-flow\">\n<figure class=\"wp-block-image size-large\"><img loading=\"lazy\" decoding=\"async\" width=\"1024\" height=\"576\" src=\"https:\/\/pos.uel.br\/microbiologia\/wp-content\/uploads\/2021\/07\/Slide26-1024x576.png\" alt=\"\" class=\"wp-image-914\" srcset=\"https:\/\/pos.uel.br\/microbiologia\/wp-content\/uploads\/2021\/07\/Slide26-1024x576.png 1024w, https:\/\/pos.uel.br\/microbiologia\/wp-content\/uploads\/2021\/07\/Slide26-300x169.png 300w, https:\/\/pos.uel.br\/microbiologia\/wp-content\/uploads\/2021\/07\/Slide26-768x432.png 768w, https:\/\/pos.uel.br\/microbiologia\/wp-content\/uploads\/2021\/07\/Slide26.png 1280w\" sizes=\"auto, (max-width: 1024px) 100vw, 1024px\" \/><\/figure>\n<\/div>\n<\/div>\n\n\n\n<div class=\"wp-block-columns is-layout-flex wp-container-core-columns-is-layout-9d6595d7 wp-block-columns-is-layout-flex\">\n<div class=\"wp-block-column is-layout-flow wp-block-column-is-layout-flow\"><\/div>\n<\/div>\n\n\n\n<p class=\"has-medium-font-size\"><strong><span class=\"has-inline-color has-primary-accent-color\">Alunos do Curso T\u00e9cnico Polivalente<\/span><\/strong><\/p>\n\n\n\n<div class=\"wp-block-columns is-layout-flex wp-container-core-columns-is-layout-9d6595d7 wp-block-columns-is-layout-flex\">\n<div class=\"wp-block-column is-layout-flow wp-block-column-is-layout-flow\">\n<figure class=\"wp-block-image size-large is-resized\"><img loading=\"lazy\" decoding=\"async\" src=\"https:\/\/pos.uel.br\/microbiologia\/wp-content\/uploads\/2021\/07\/Slide19-1024x576.png\" alt=\"\" class=\"wp-image-911\" width=\"328\" height=\"184\" srcset=\"https:\/\/pos.uel.br\/microbiologia\/wp-content\/uploads\/2021\/07\/Slide19-1024x576.png 1024w, https:\/\/pos.uel.br\/microbiologia\/wp-content\/uploads\/2021\/07\/Slide19-300x169.png 300w, https:\/\/pos.uel.br\/microbiologia\/wp-content\/uploads\/2021\/07\/Slide19-768x432.png 768w, https:\/\/pos.uel.br\/microbiologia\/wp-content\/uploads\/2021\/07\/Slide19.png 1280w\" sizes=\"auto, (max-width: 328px) 100vw, 328px\" \/><\/figure>\n<\/div>\n\n\n\n<div class=\"wp-block-column is-layout-flow wp-block-column-is-layout-flow\">\n<figure class=\"wp-block-image size-large\"><img loading=\"lazy\" decoding=\"async\" width=\"1024\" height=\"576\" src=\"https:\/\/pos.uel.br\/microbiologia\/wp-content\/uploads\/2021\/07\/Slide21-1024x576.png\" alt=\"\" class=\"wp-image-912\" srcset=\"https:\/\/pos.uel.br\/microbiologia\/wp-content\/uploads\/2021\/07\/Slide21-1024x576.png 1024w, https:\/\/pos.uel.br\/microbiologia\/wp-content\/uploads\/2021\/07\/Slide21-300x169.png 300w, https:\/\/pos.uel.br\/microbiologia\/wp-content\/uploads\/2021\/07\/Slide21-768x432.png 768w, https:\/\/pos.uel.br\/microbiologia\/wp-content\/uploads\/2021\/07\/Slide21.png 1280w\" sizes=\"auto, (max-width: 1024px) 100vw, 1024px\" \/><\/figure>\n<\/div>\n\n\n\n<div class=\"wp-block-column is-layout-flow wp-block-column-is-layout-flow\">\n<figure class=\"wp-block-image size-large\"><img loading=\"lazy\" decoding=\"async\" width=\"1024\" height=\"576\" src=\"https:\/\/pos.uel.br\/microbiologia\/wp-content\/uploads\/2021\/07\/Slide22-1-1024x576.png\" alt=\"\" class=\"wp-image-1030\" srcset=\"https:\/\/pos.uel.br\/microbiologia\/wp-content\/uploads\/2021\/07\/Slide22-1-1024x576.png 1024w, https:\/\/pos.uel.br\/microbiologia\/wp-content\/uploads\/2021\/07\/Slide22-1-300x169.png 300w, https:\/\/pos.uel.br\/microbiologia\/wp-content\/uploads\/2021\/07\/Slide22-1-768x432.png 768w, https:\/\/pos.uel.br\/microbiologia\/wp-content\/uploads\/2021\/07\/Slide22-1.png 1280w\" sizes=\"auto, (max-width: 1024px) 100vw, 1024px\" \/><\/figure>\n<\/div>\n<\/div>\n","protected":false},"excerpt":{"rendered":"<p>Projeto de Extens\u00e3o oferece cursos de seguran\u00e7a alimentar a merendeiras de escolas p\u00fablicas de 12 munic\u00edpios da regi\u00e3o e valoriza profiss\u00e3o Projeto Coordenado pela Prof. Renata K. T. Kobayashi As merendeiras v\u00eam at\u00e9 a Universidade e a forma\u00e7\u00e3o \u00e9 dada nos Laborat\u00f3rios do Departamento de Microbiologia. Cada turma tem 20 alunos e, na UEL, elas [&hellip;]<\/p>\n","protected":false},"author":8,"featured_media":0,"parent":0,"menu_order":0,"comment_status":"closed","ping_status":"closed","template":"","meta":{"_acf_changed":false,"footnotes":""},"class_list":["post-907","page","type-page","status-publish","hentry"],"acf":[],"_links":{"self":[{"href":"https:\/\/pos.uel.br\/microbiologia\/wp-json\/wp\/v2\/pages\/907","targetHints":{"allow":["GET"]}}],"collection":[{"href":"https:\/\/pos.uel.br\/microbiologia\/wp-json\/wp\/v2\/pages"}],"about":[{"href":"https:\/\/pos.uel.br\/microbiologia\/wp-json\/wp\/v2\/types\/page"}],"author":[{"embeddable":true,"href":"https:\/\/pos.uel.br\/microbiologia\/wp-json\/wp\/v2\/users\/8"}],"replies":[{"embeddable":true,"href":"https:\/\/pos.uel.br\/microbiologia\/wp-json\/wp\/v2\/comments?post=907"}],"version-history":[{"count":7,"href":"https:\/\/pos.uel.br\/microbiologia\/wp-json\/wp\/v2\/pages\/907\/revisions"}],"predecessor-version":[{"id":2473,"href":"https:\/\/pos.uel.br\/microbiologia\/wp-json\/wp\/v2\/pages\/907\/revisions\/2473"}],"wp:attachment":[{"href":"https:\/\/pos.uel.br\/microbiologia\/wp-json\/wp\/v2\/media?parent=907"}],"curies":[{"name":"wp","href":"https:\/\/api.w.org\/{rel}","templated":true}]}}

Segurança alimentar: Promoção da alimentação saudável na escola

<p class="has-medium-font-size"><strong><span class="has-inline-color has-primary-accent-color">Projeto de Extensão oferece cursos de segurança alimentar a merendeiras de escolas públicas de 12 municípios da região e valoriza profissão</span></strong></p>



<p class="has-medium-font-size"><span class="has-inline-color has-primary-accent-color">Projeto Coordenado pela Prof. Renata K. T. Kobayashi</span></p>



<div class="wp-block-image"><figure class="aligncenter size-large is-resized"><img loading="lazy" decoding="async" src="https://pos.uel.br/microbiologia/wp-content/uploads/2021/07/Slide20-1024x576.png" alt="" class="wp-image-919" width="549" height="309" srcset="https://pos.uel.br/microbiologia/wp-content/uploads/2021/07/Slide20-1024x576.png 1024w, https://pos.uel.br/microbiologia/wp-content/uploads/2021/07/Slide20-300x169.png 300w, https://pos.uel.br/microbiologia/wp-content/uploads/2021/07/Slide20-768x432.png 768w, https://pos.uel.br/microbiologia/wp-content/uploads/2021/07/Slide20.png 1280w" sizes="auto, (max-width: 549px) 100vw, 549px" /></figure></div>



<p>As merendeiras vêm até a Universidade e a formação é dada nos Laboratórios do Departamento de Microbiologia. Cada turma tem 20 alunos e, na UEL, elas fazem um curso de 10 horas. São 2 dias de conteúdos teóricos e práticos com muita dinâmica e exercícios totalmente  associados às atividades do dia a dia, como o manuseio de alimentos. O segundo dia é mais dedicado à Microbiologia dos alimentos, e as participantes conhecem as principais bactérias que podem ser encontradas neles ou nos ambientes de trabalho.<br></p>



<div style="height:36px" aria-hidden="true" class="wp-block-spacer"></div>



<div class="wp-block-file"><a href="https://pos.uel.br/microbiologia/wp-content/uploads/2021/07/artigo-extensão-Projeto-Merendeiras.pdf">artigo-extensão-Projeto-Merendeiras</a><a href="https://pos.uel.br/microbiologia/wp-content/uploads/2021/07/artigo-extensão-Projeto-Merendeiras.pdf" class="wp-block-file__button" download>Baixar</a></div>



<p class="has-medium-font-size"><strong><span class="has-inline-color has-primary-accent-color">Projeto Merendeiras</span></strong></p>



<div class="wp-block-columns is-layout-flex wp-container-core-columns-is-layout-9d6595d7 wp-block-columns-is-layout-flex">
<div class="wp-block-column is-layout-flow wp-block-column-is-layout-flow">
<figure class="wp-block-image size-large"><img loading="lazy" decoding="async" width="1024" height="576" src="https://pos.uel.br/microbiologia/wp-content/uploads/2021/07/Slide28-1024x576.png" alt="" class="wp-image-915" srcset="https://pos.uel.br/microbiologia/wp-content/uploads/2021/07/Slide28-1024x576.png 1024w, https://pos.uel.br/microbiologia/wp-content/uploads/2021/07/Slide28-300x169.png 300w, https://pos.uel.br/microbiologia/wp-content/uploads/2021/07/Slide28-768x432.png 768w, https://pos.uel.br/microbiologia/wp-content/uploads/2021/07/Slide28.png 1280w" sizes="auto, (max-width: 1024px) 100vw, 1024px" /></figure>
</div>



<div class="wp-block-column is-layout-flow wp-block-column-is-layout-flow">
<figure class="wp-block-image size-large"><img loading="lazy" decoding="async" width="1024" height="576" src="https://pos.uel.br/microbiologia/wp-content/uploads/2021/07/Slide29-1024x576.png" alt="" class="wp-image-916" srcset="https://pos.uel.br/microbiologia/wp-content/uploads/2021/07/Slide29-1024x576.png 1024w, https://pos.uel.br/microbiologia/wp-content/uploads/2021/07/Slide29-300x169.png 300w, https://pos.uel.br/microbiologia/wp-content/uploads/2021/07/Slide29-768x432.png 768w, https://pos.uel.br/microbiologia/wp-content/uploads/2021/07/Slide29.png 1280w" sizes="auto, (max-width: 1024px) 100vw, 1024px" /></figure>



<figure class="wp-block-image size-large"><img loading="lazy" decoding="async" width="1024" height="576" src="https://pos.uel.br/microbiologia/wp-content/uploads/2021/07/Slide23-1024x576.png" alt="" class="wp-image-913" srcset="https://pos.uel.br/microbiologia/wp-content/uploads/2021/07/Slide23-1024x576.png 1024w, https://pos.uel.br/microbiologia/wp-content/uploads/2021/07/Slide23-300x169.png 300w, https://pos.uel.br/microbiologia/wp-content/uploads/2021/07/Slide23-768x432.png 768w, https://pos.uel.br/microbiologia/wp-content/uploads/2021/07/Slide23.png 1280w" sizes="auto, (max-width: 1024px) 100vw, 1024px" /></figure>
</div>



<div class="wp-block-column is-layout-flow wp-block-column-is-layout-flow">
<figure class="wp-block-image size-large"><img loading="lazy" decoding="async" width="1024" height="576" src="https://pos.uel.br/microbiologia/wp-content/uploads/2021/07/Slide26-1024x576.png" alt="" class="wp-image-914" srcset="https://pos.uel.br/microbiologia/wp-content/uploads/2021/07/Slide26-1024x576.png 1024w, https://pos.uel.br/microbiologia/wp-content/uploads/2021/07/Slide26-300x169.png 300w, https://pos.uel.br/microbiologia/wp-content/uploads/2021/07/Slide26-768x432.png 768w, https://pos.uel.br/microbiologia/wp-content/uploads/2021/07/Slide26.png 1280w" sizes="auto, (max-width: 1024px) 100vw, 1024px" /></figure>
</div>
</div>



<div class="wp-block-columns is-layout-flex wp-container-core-columns-is-layout-9d6595d7 wp-block-columns-is-layout-flex">
<div class="wp-block-column is-layout-flow wp-block-column-is-layout-flow"></div>
</div>



<p class="has-medium-font-size"><strong><span class="has-inline-color has-primary-accent-color">Alunos do Curso Técnico Polivalente</span></strong></p>



<div class="wp-block-columns is-layout-flex wp-container-core-columns-is-layout-9d6595d7 wp-block-columns-is-layout-flex">
<div class="wp-block-column is-layout-flow wp-block-column-is-layout-flow">
<figure class="wp-block-image size-large is-resized"><img loading="lazy" decoding="async" src="https://pos.uel.br/microbiologia/wp-content/uploads/2021/07/Slide19-1024x576.png" alt="" class="wp-image-911" width="328" height="184" srcset="https://pos.uel.br/microbiologia/wp-content/uploads/2021/07/Slide19-1024x576.png 1024w, https://pos.uel.br/microbiologia/wp-content/uploads/2021/07/Slide19-300x169.png 300w, https://pos.uel.br/microbiologia/wp-content/uploads/2021/07/Slide19-768x432.png 768w, https://pos.uel.br/microbiologia/wp-content/uploads/2021/07/Slide19.png 1280w" sizes="auto, (max-width: 328px) 100vw, 328px" /></figure>
</div>



<div class="wp-block-column is-layout-flow wp-block-column-is-layout-flow">
<figure class="wp-block-image size-large"><img loading="lazy" decoding="async" width="1024" height="576" src="https://pos.uel.br/microbiologia/wp-content/uploads/2021/07/Slide21-1024x576.png" alt="" class="wp-image-912" srcset="https://pos.uel.br/microbiologia/wp-content/uploads/2021/07/Slide21-1024x576.png 1024w, https://pos.uel.br/microbiologia/wp-content/uploads/2021/07/Slide21-300x169.png 300w, https://pos.uel.br/microbiologia/wp-content/uploads/2021/07/Slide21-768x432.png 768w, https://pos.uel.br/microbiologia/wp-content/uploads/2021/07/Slide21.png 1280w" sizes="auto, (max-width: 1024px) 100vw, 1024px" /></figure>
</div>



<div class="wp-block-column is-layout-flow wp-block-column-is-layout-flow">
<figure class="wp-block-image size-large"><img loading="lazy" decoding="async" width="1024" height="576" src="https://pos.uel.br/microbiologia/wp-content/uploads/2021/07/Slide22-1-1024x576.png" alt="" class="wp-image-1030" srcset="https://pos.uel.br/microbiologia/wp-content/uploads/2021/07/Slide22-1-1024x576.png 1024w, https://pos.uel.br/microbiologia/wp-content/uploads/2021/07/Slide22-1-300x169.png 300w, https://pos.uel.br/microbiologia/wp-content/uploads/2021/07/Slide22-1-768x432.png 768w, https://pos.uel.br/microbiologia/wp-content/uploads/2021/07/Slide22-1.png 1280w" sizes="auto, (max-width: 1024px) 100vw, 1024px" /></figure>
</div>
</div>

<p>Projeto de Extensão oferece cursos de segurança alimentar a merendeiras de escolas públicas de 12 municípios da região e valoriza profissão Projeto Coordenado pela Prof. Renata K. T. Kobayashi As merendeiras vêm até a Universidade e a formação é dada nos Laboratórios do Departamento de Microbiologia. Cada turma tem 20 alunos e, na UEL, elas [&hellip;]</p>
