{"id":890,"date":"2021-07-06T16:47:14","date_gmt":"2021-07-06T19:47:14","guid":{"rendered":"https:\/\/pos.uel.br\/microbiologia\/?page_id=890"},"modified":"2025-05-21T07:55:41","modified_gmt":"2025-05-21T10:55:41","slug":"insercao-social-2","status":"publish","type":"page","link":"https:\/\/pos.uel.br\/microbiologia\/insercao-social-2\/","title":{"rendered":"Inser\u00e7\u00e3o Social"},"content":{"rendered":"\n<div class=\"wp-block-media-text alignwide is-stacked-on-mobile\"><figure class=\"wp-block-media-text__media\"><img loading=\"lazy\" decoding=\"async\" width=\"1024\" height=\"576\" src=\"https:\/\/pos.uel.br\/microbiologia\/wp-content\/uploads\/2021\/07\/Slide31-1024x576.png\" alt=\"\" class=\"wp-image-1102 size-full\" srcset=\"https:\/\/pos.uel.br\/microbiologia\/wp-content\/uploads\/2021\/07\/Slide31-1024x576.png 1024w, https:\/\/pos.uel.br\/microbiologia\/wp-content\/uploads\/2021\/07\/Slide31-300x169.png 300w, https:\/\/pos.uel.br\/microbiologia\/wp-content\/uploads\/2021\/07\/Slide31-768x432.png 768w, https:\/\/pos.uel.br\/microbiologia\/wp-content\/uploads\/2021\/07\/Slide31.png 1280w\" sizes=\"auto, (max-width: 1024px) 100vw, 1024px\" \/><\/figure><div class=\"wp-block-media-text__content\">\n<p class=\"has-medium-font-size\"><strong><span class=\"has-inline-color has-primary-accent-color\">Projetos do Prof. Ricardo S. C. de Almeida.<\/span><\/strong><\/p>\n\n\n\n<p class=\"has-normal-font-size\">Escova e a\u00e7\u00e3o (Divulga\u00e7\u00e3o na R\u00e1dio UEL FM 107,9), Canal do Youtube sobre sa\u00fade e higiene bucal chamado Escova &amp; A\u00e7\u00e3o. Blog sobre sa\u00fade e higiene bucais: www.escovaeacao.com.br<\/p>\n<\/div><\/div>\n\n\n\n<div style=\"height:54px\" aria-hidden=\"true\" class=\"wp-block-spacer\"><\/div>\n\n\n\n<div class=\"wp-block-columns is-layout-flex wp-container-core-columns-is-layout-9d6595d7 wp-block-columns-is-layout-flex\">\n<div class=\"wp-block-column is-layout-flow wp-block-column-is-layout-flow\">\n<figure class=\"wp-block-image size-large\"><img loading=\"lazy\" decoding=\"async\" width=\"1024\" height=\"576\" src=\"https:\/\/pos.uel.br\/microbiologia\/wp-content\/uploads\/2021\/07\/Slide15-1024x576.png\" alt=\"\" class=\"wp-image-1103\" srcset=\"https:\/\/pos.uel.br\/microbiologia\/wp-content\/uploads\/2021\/07\/Slide15-1024x576.png 1024w, https:\/\/pos.uel.br\/microbiologia\/wp-content\/uploads\/2021\/07\/Slide15-300x169.png 300w, https:\/\/pos.uel.br\/microbiologia\/wp-content\/uploads\/2021\/07\/Slide15-768x432.png 768w, https:\/\/pos.uel.br\/microbiologia\/wp-content\/uploads\/2021\/07\/Slide15.png 1280w\" sizes=\"auto, (max-width: 1024px) 100vw, 1024px\" \/><\/figure>\n<\/div>\n\n\n\n<div class=\"wp-block-column is-vertically-aligned-center is-layout-flow wp-block-column-is-layout-flow\">\n<h2 class=\"wp-block-heading alignfull has-text-align-center\"><span class=\"has-inline-color has-primary-accent-color\">Dia C de Ci\u00eancia<\/span><\/h2>\n<\/div>\n\n\n\n<div class=\"wp-block-column is-layout-flow wp-block-column-is-layout-flow\">\n<figure class=\"wp-block-image size-large\"><img loading=\"lazy\" decoding=\"async\" width=\"1024\" height=\"576\" src=\"https:\/\/pos.uel.br\/microbiologia\/wp-content\/uploads\/2021\/07\/Slide34-1024x576.png\" alt=\"\" class=\"wp-image-1104\" srcset=\"https:\/\/pos.uel.br\/microbiologia\/wp-content\/uploads\/2021\/07\/Slide34-1024x576.png 1024w, https:\/\/pos.uel.br\/microbiologia\/wp-content\/uploads\/2021\/07\/Slide34-300x169.png 300w, https:\/\/pos.uel.br\/microbiologia\/wp-content\/uploads\/2021\/07\/Slide34-768x432.png 768w, https:\/\/pos.uel.br\/microbiologia\/wp-content\/uploads\/2021\/07\/Slide34.png 1280w\" sizes=\"auto, (max-width: 1024px) 100vw, 1024px\" \/><\/figure>\n<\/div>\n<\/div>\n\n\n\n<div style=\"height:47px\" aria-hidden=\"true\" class=\"wp-block-spacer\"><\/div>\n\n\n\n<div class=\"wp-block-columns is-layout-flex wp-container-core-columns-is-layout-9d6595d7 wp-block-columns-is-layout-flex\">\n<div class=\"wp-block-column is-layout-flow wp-block-column-is-layout-flow\">\n<p class=\"has-medium-font-size\"><strong>SPBC jovem<\/strong><\/p>\n\n\n\n<p>75\u00aa Reuni\u00e3o Anual da Sociedade Brasileira para o Progresso da Ci\u00eancia (SBPC).<\/p>\n\n\n\n<p>Participa\u00e7\u00e3o dos docentes do <a href=\"https:\/\/operobal.uel.br\/prograd\/2023\/07\/25\/virus-bacterias-e-fungos-do-bem-infectam-estande-da-uel-na-75a-sbpc\/\">Programa de P\u00f3s-Gradua\u00e7\u00e3o em Microbiologia<\/a><\/p>\n<\/div>\n\n\n\n<div class=\"wp-block-column is-layout-flow wp-block-column-is-layout-flow\">\n<div class=\"wp-block-columns is-layout-flex wp-container-core-columns-is-layout-9d6595d7 wp-block-columns-is-layout-flex\">\n<div class=\"wp-block-column is-layout-flow wp-block-column-is-layout-flow\">\n<figure class=\"wp-block-image size-large\"><img loading=\"lazy\" decoding=\"async\" width=\"1024\" height=\"768\" src=\"https:\/\/pos.uel.br\/microbiologia\/wp-content\/uploads\/2025\/05\/WhatsApp-Image-2025-05-21-at-07.18.50-1024x768.jpeg\" alt=\"\" class=\"wp-image-2476\" srcset=\"https:\/\/pos.uel.br\/microbiologia\/wp-content\/uploads\/2025\/05\/WhatsApp-Image-2025-05-21-at-07.18.50-1024x768.jpeg 1024w, https:\/\/pos.uel.br\/microbiologia\/wp-content\/uploads\/2025\/05\/WhatsApp-Image-2025-05-21-at-07.18.50-300x225.jpeg 300w, https:\/\/pos.uel.br\/microbiologia\/wp-content\/uploads\/2025\/05\/WhatsApp-Image-2025-05-21-at-07.18.50-768x576.jpeg 768w, https:\/\/pos.uel.br\/microbiologia\/wp-content\/uploads\/2025\/05\/WhatsApp-Image-2025-05-21-at-07.18.50-1536x1152.jpeg 1536w, https:\/\/pos.uel.br\/microbiologia\/wp-content\/uploads\/2025\/05\/WhatsApp-Image-2025-05-21-at-07.18.50.jpeg 1600w\" sizes=\"auto, (max-width: 1024px) 100vw, 1024px\" \/><\/figure>\n<\/div>\n\n\n\n<div class=\"wp-block-column is-layout-flow wp-block-column-is-layout-flow\">\n<figure class=\"wp-block-image size-large is-resized\"><img loading=\"lazy\" decoding=\"async\" width=\"576\" height=\"1024\" src=\"https:\/\/pos.uel.br\/microbiologia\/wp-content\/uploads\/2025\/05\/WhatsApp-Image-2025-05-21-at-07.20.46-576x1024.jpeg\" alt=\"\" class=\"wp-image-2486\" style=\"width:191px;height:auto\" srcset=\"https:\/\/pos.uel.br\/microbiologia\/wp-content\/uploads\/2025\/05\/WhatsApp-Image-2025-05-21-at-07.20.46-576x1024.jpeg 576w, https:\/\/pos.uel.br\/microbiologia\/wp-content\/uploads\/2025\/05\/WhatsApp-Image-2025-05-21-at-07.20.46-169x300.jpeg 169w, https:\/\/pos.uel.br\/microbiologia\/wp-content\/uploads\/2025\/05\/WhatsApp-Image-2025-05-21-at-07.20.46-768x1365.jpeg 768w, https:\/\/pos.uel.br\/microbiologia\/wp-content\/uploads\/2025\/05\/WhatsApp-Image-2025-05-21-at-07.20.46-864x1536.jpeg 864w, https:\/\/pos.uel.br\/microbiologia\/wp-content\/uploads\/2025\/05\/WhatsApp-Image-2025-05-21-at-07.20.46-rotated.jpeg 900w\" sizes=\"auto, (max-width: 576px) 100vw, 576px\" \/><\/figure>\n<\/div>\n<\/div>\n<\/div>\n<\/div>\n\n\n\n<div style=\"height:40px\" aria-hidden=\"true\" class=\"wp-block-spacer\"><\/div>\n\n\n\n<div class=\"wp-block-columns is-layout-flex wp-container-core-columns-is-layout-9d6595d7 wp-block-columns-is-layout-flex\">\n<div class=\"wp-block-column is-layout-flow wp-block-column-is-layout-flow\" style=\"flex-basis:66.66%\">\n<div class=\"wp-block-columns is-layout-flex wp-container-core-columns-is-layout-9d6595d7 wp-block-columns-is-layout-flex\">\n<div class=\"wp-block-column is-layout-flow wp-block-column-is-layout-flow\">\n<figure class=\"wp-block-image size-large is-resized\"><img loading=\"lazy\" decoding=\"async\" width=\"576\" height=\"1024\" src=\"https:\/\/pos.uel.br\/microbiologia\/wp-content\/uploads\/2025\/05\/WhatsApp-Image-2025-05-21-at-07.22.09-576x1024.jpeg\" alt=\"\" class=\"wp-image-2481\" style=\"width:199px;height:auto\" srcset=\"https:\/\/pos.uel.br\/microbiologia\/wp-content\/uploads\/2025\/05\/WhatsApp-Image-2025-05-21-at-07.22.09-576x1024.jpeg 576w, https:\/\/pos.uel.br\/microbiologia\/wp-content\/uploads\/2025\/05\/WhatsApp-Image-2025-05-21-at-07.22.09-169x300.jpeg 169w, https:\/\/pos.uel.br\/microbiologia\/wp-content\/uploads\/2025\/05\/WhatsApp-Image-2025-05-21-at-07.22.09-768x1365.jpeg 768w, https:\/\/pos.uel.br\/microbiologia\/wp-content\/uploads\/2025\/05\/WhatsApp-Image-2025-05-21-at-07.22.09-864x1536.jpeg 864w, https:\/\/pos.uel.br\/microbiologia\/wp-content\/uploads\/2025\/05\/WhatsApp-Image-2025-05-21-at-07.22.09-rotated.jpeg 900w\" sizes=\"auto, (max-width: 576px) 100vw, 576px\" \/><\/figure>\n<\/div>\n\n\n\n<div class=\"wp-block-column is-layout-flow wp-block-column-is-layout-flow\">\n<figure class=\"wp-block-image size-large\"><img loading=\"lazy\" decoding=\"async\" width=\"1024\" height=\"576\" src=\"https:\/\/pos.uel.br\/microbiologia\/wp-content\/uploads\/2025\/05\/WhatsApp-Image-2025-05-21-at-07.21.43-1-1024x576.jpeg\" alt=\"\" class=\"wp-image-2482\" srcset=\"https:\/\/pos.uel.br\/microbiologia\/wp-content\/uploads\/2025\/05\/WhatsApp-Image-2025-05-21-at-07.21.43-1-1024x576.jpeg 1024w, https:\/\/pos.uel.br\/microbiologia\/wp-content\/uploads\/2025\/05\/WhatsApp-Image-2025-05-21-at-07.21.43-1-300x169.jpeg 300w, https:\/\/pos.uel.br\/microbiologia\/wp-content\/uploads\/2025\/05\/WhatsApp-Image-2025-05-21-at-07.21.43-1-768x432.jpeg 768w, https:\/\/pos.uel.br\/microbiologia\/wp-content\/uploads\/2025\/05\/WhatsApp-Image-2025-05-21-at-07.21.43-1-1536x864.jpeg 1536w, https:\/\/pos.uel.br\/microbiologia\/wp-content\/uploads\/2025\/05\/WhatsApp-Image-2025-05-21-at-07.21.43-1-rotated.jpeg 1600w\" sizes=\"auto, (max-width: 1024px) 100vw, 1024px\" \/><\/figure>\n<\/div>\n\n\n\n<div class=\"wp-block-column is-layout-flow wp-block-column-is-layout-flow\">\n<figure class=\"wp-block-image size-full\"><img loading=\"lazy\" decoding=\"async\" width=\"1024\" height=\"768\" src=\"https:\/\/pos.uel.br\/microbiologia\/wp-content\/uploads\/2025\/05\/WhatsApp-Image-2025-05-21-at-07.20.46-1.jpeg\" alt=\"\" class=\"wp-image-2483\" srcset=\"https:\/\/pos.uel.br\/microbiologia\/wp-content\/uploads\/2025\/05\/WhatsApp-Image-2025-05-21-at-07.20.46-1.jpeg 1024w, https:\/\/pos.uel.br\/microbiologia\/wp-content\/uploads\/2025\/05\/WhatsApp-Image-2025-05-21-at-07.20.46-1-300x225.jpeg 300w, https:\/\/pos.uel.br\/microbiologia\/wp-content\/uploads\/2025\/05\/WhatsApp-Image-2025-05-21-at-07.20.46-1-768x576.jpeg 768w\" sizes=\"auto, (max-width: 1024px) 100vw, 1024px\" \/><\/figure>\n<\/div>\n<\/div>\n<\/div>\n\n\n\n<div class=\"wp-block-column is-layout-flow wp-block-column-is-layout-flow\" style=\"flex-basis:33.33%\">\n<p class=\"has-secondary-accent-color has-text-color has-link-color has-medium-font-size wp-elements-d03511d244e01f6e962d66119b722afe\"><strong><a href=\"https:\/\/paranafazciencia.uel.br\/\">Paran\u00e1 Faz Ci\u00eancia<\/a><\/strong>\/UEL 2023<\/p>\n<\/div>\n<\/div>\n\n\n\n<p><\/p>\n","protected":false},"excerpt":{"rendered":"<p>Projetos do Prof. Ricardo S. C. de Almeida. Escova e a\u00e7\u00e3o (Divulga\u00e7\u00e3o na R\u00e1dio UEL FM 107,9), Canal do Youtube sobre sa\u00fade e higiene bucal chamado Escova &amp; A\u00e7\u00e3o. Blog sobre sa\u00fade e higiene bucais: www.escovaeacao.com.br Dia C de Ci\u00eancia SPBC jovem 75\u00aa Reuni\u00e3o Anual da Sociedade Brasileira para o Progresso da Ci\u00eancia (SBPC). Participa\u00e7\u00e3o [&hellip;]<\/p>\n","protected":false},"author":8,"featured_media":0,"parent":0,"menu_order":0,"comment_status":"closed","ping_status":"closed","template":"","meta":{"_acf_changed":false,"footnotes":""},"class_list":["post-890","page","type-page","status-publish","hentry"],"acf":[],"_links":{"self":[{"href":"https:\/\/pos.uel.br\/microbiologia\/wp-json\/wp\/v2\/pages\/890","targetHints":{"allow":["GET"]}}],"collection":[{"href":"https:\/\/pos.uel.br\/microbiologia\/wp-json\/wp\/v2\/pages"}],"about":[{"href":"https:\/\/pos.uel.br\/microbiologia\/wp-json\/wp\/v2\/types\/page"}],"author":[{"embeddable":true,"href":"https:\/\/pos.uel.br\/microbiologia\/wp-json\/wp\/v2\/users\/8"}],"replies":[{"embeddable":true,"href":"https:\/\/pos.uel.br\/microbiologia\/wp-json\/wp\/v2\/comments?post=890"}],"version-history":[{"count":6,"href":"https:\/\/pos.uel.br\/microbiologia\/wp-json\/wp\/v2\/pages\/890\/revisions"}],"predecessor-version":[{"id":2487,"href":"https:\/\/pos.uel.br\/microbiologia\/wp-json\/wp\/v2\/pages\/890\/revisions\/2487"}],"wp:attachment":[{"href":"https:\/\/pos.uel.br\/microbiologia\/wp-json\/wp\/v2\/media?parent=890"}],"curies":[{"name":"wp","href":"https:\/\/api.w.org\/{rel}","templated":true}]}}