{"id":647,"date":"2021-06-30T08:56:53","date_gmt":"2021-06-30T11:56:53","guid":{"rendered":"https:\/\/pos.uel.br\/microbiologia\/?page_id=647"},"modified":"2022-05-11T14:46:41","modified_gmt":"2022-05-11T17:46:41","slug":"impacto-social-e-internacionalizacao","status":"publish","type":"page","link":"https:\/\/pos.uel.br\/microbiologia\/impacto-social-e-internacionalizacao\/","title":{"rendered":"Impacto social e Internacionaliza\u00e7\u00e3o"},"content":{"rendered":"\n<p class=\"has-medium-font-size\"><strong><span class=\"has-inline-color has-primary-accent-color\">O Programa de P\u00f3s-Gradua\u00e7\u00e3o em Microbiologia segue os documentos da CAPES e PROPPG\/UEL<\/span><\/strong><\/p>\n\n\n\n<figure class=\"wp-block-image size-large\"><img loading=\"lazy\" decoding=\"async\" width=\"136\" height=\"125\" src=\"https:\/\/pos.uel.br\/microbiologia\/wp-content\/uploads\/2021\/06\/logo-capes-2.png\" alt=\"\" class=\"wp-image-631\"\/><\/figure>\n\n\n\n<div class=\"wp-block-file\"><a href=\"https:\/\/pos.uel.br\/microbiologia\/wp-content\/uploads\/2021\/07\/2020-01-03-relatorio-gt-impacto-e-relevancia-economica-e-social-pdf.pdf\">2020-01-03-relatorio-gt-impacto-e-relevancia-economica-e-social-pdf<\/a><a href=\"https:\/\/pos.uel.br\/microbiologia\/wp-content\/uploads\/2021\/07\/2020-01-03-relatorio-gt-impacto-e-relevancia-economica-e-social-pdf.pdf\" class=\"wp-block-file__button\" download>Baixar<\/a><\/div>\n\n\n\n<div class=\"wp-block-file\"><a href=\"https:\/\/pos.uel.br\/microbiologia\/wp-content\/uploads\/2021\/07\/2020-01-03-relatorio-gt-internacionalizacao-pdf.pdf\">2020-01-03-relatorio-gt-internacionalizacao-pdf<\/a><a href=\"https:\/\/pos.uel.br\/microbiologia\/wp-content\/uploads\/2021\/07\/2020-01-03-relatorio-gt-internacionalizacao-pdf.pdf\" class=\"wp-block-file__button\" download>Baixar<\/a><\/div>\n\n\n\n<div style=\"height:36px\" aria-hidden=\"true\" class=\"wp-block-spacer\"><\/div>\n\n\n\n<figure class=\"wp-block-image size-large is-resized\"><img loading=\"lazy\" decoding=\"async\" src=\"https:\/\/pos.uel.br\/microbiologia\/wp-content\/uploads\/2021\/06\/proppg-2.jpg\" alt=\"\" class=\"wp-image-617\" width=\"263\" height=\"104\" srcset=\"https:\/\/pos.uel.br\/microbiologia\/wp-content\/uploads\/2021\/06\/proppg-2.jpg 356w, https:\/\/pos.uel.br\/microbiologia\/wp-content\/uploads\/2021\/06\/proppg-2-300x119.jpg 300w\" sizes=\"auto, (max-width: 263px) 100vw, 263px\" \/><\/figure>\n\n\n\n<div class=\"wp-block-file\"><a href=\"https:\/\/pos.uel.br\/microbiologia\/wp-content\/uploads\/2021\/07\/08-02-Plano-internacionalizacao-da-Pesquisa-e-Pos-graduacao.pdf\">08-02-Plano-internacionalizacao-da-Pesquisa-e-Pos-graduacao<\/a><a href=\"https:\/\/pos.uel.br\/microbiologia\/wp-content\/uploads\/2021\/07\/08-02-Plano-internacionalizacao-da-Pesquisa-e-Pos-graduacao.pdf\" class=\"wp-block-file__button\" download>Baixar<\/a><\/div>\n","protected":false},"excerpt":{"rendered":"<p>O Programa de P\u00f3s-Gradua\u00e7\u00e3o em Microbiologia segue os documentos da CAPES e PROPPG\/UEL<\/p>\n","protected":false},"author":8,"featured_media":0,"parent":0,"menu_order":0,"comment_status":"closed","ping_status":"closed","template":"","meta":{"_acf_changed":false,"footnotes":""},"class_list":["post-647","page","type-page","status-publish","hentry"],"acf":[],"_links":{"self":[{"href":"https:\/\/pos.uel.br\/microbiologia\/wp-json\/wp\/v2\/pages\/647","targetHints":{"allow":["GET"]}}],"collection":[{"href":"https:\/\/pos.uel.br\/microbiologia\/wp-json\/wp\/v2\/pages"}],"about":[{"href":"https:\/\/pos.uel.br\/microbiologia\/wp-json\/wp\/v2\/types\/page"}],"author":[{"embeddable":true,"href":"https:\/\/pos.uel.br\/microbiologia\/wp-json\/wp\/v2\/users\/8"}],"replies":[{"embeddable":true,"href":"https:\/\/pos.uel.br\/microbiologia\/wp-json\/wp\/v2\/comments?post=647"}],"version-history":[{"count":3,"href":"https:\/\/pos.uel.br\/microbiologia\/wp-json\/wp\/v2\/pages\/647\/revisions"}],"predecessor-version":[{"id":794,"href":"https:\/\/pos.uel.br\/microbiologia\/wp-json\/wp\/v2\/pages\/647\/revisions\/794"}],"wp:attachment":[{"href":"https:\/\/pos.uel.br\/microbiologia\/wp-json\/wp\/v2\/media?parent=647"}],"curies":[{"name":"wp","href":"https:\/\/api.w.org\/{rel}","templated":true}]}}

Impacto social e Internacionalização

<p class="has-medium-font-size"><strong><span class="has-inline-color has-primary-accent-color">O Programa de Pós-Graduação em Microbiologia segue os documentos da CAPES e PROPPG/UEL</span></strong></p>



<figure class="wp-block-image size-large"><img loading="lazy" decoding="async" width="136" height="125" src="https://pos.uel.br/microbiologia/wp-content/uploads/2021/06/logo-capes-2.png" alt="" class="wp-image-631"/></figure>



<div class="wp-block-file"><a href="https://pos.uel.br/microbiologia/wp-content/uploads/2021/07/2020-01-03-relatorio-gt-impacto-e-relevancia-economica-e-social-pdf.pdf">2020-01-03-relatorio-gt-impacto-e-relevancia-economica-e-social-pdf</a><a href="https://pos.uel.br/microbiologia/wp-content/uploads/2021/07/2020-01-03-relatorio-gt-impacto-e-relevancia-economica-e-social-pdf.pdf" class="wp-block-file__button" download>Baixar</a></div>



<div class="wp-block-file"><a href="https://pos.uel.br/microbiologia/wp-content/uploads/2021/07/2020-01-03-relatorio-gt-internacionalizacao-pdf.pdf">2020-01-03-relatorio-gt-internacionalizacao-pdf</a><a href="https://pos.uel.br/microbiologia/wp-content/uploads/2021/07/2020-01-03-relatorio-gt-internacionalizacao-pdf.pdf" class="wp-block-file__button" download>Baixar</a></div>



<div style="height:36px" aria-hidden="true" class="wp-block-spacer"></div>



<figure class="wp-block-image size-large is-resized"><img loading="lazy" decoding="async" src="https://pos.uel.br/microbiologia/wp-content/uploads/2021/06/proppg-2.jpg" alt="" class="wp-image-617" width="263" height="104" srcset="https://pos.uel.br/microbiologia/wp-content/uploads/2021/06/proppg-2.jpg 356w, https://pos.uel.br/microbiologia/wp-content/uploads/2021/06/proppg-2-300x119.jpg 300w" sizes="auto, (max-width: 263px) 100vw, 263px" /></figure>



<div class="wp-block-file"><a href="https://pos.uel.br/microbiologia/wp-content/uploads/2021/07/08-02-Plano-internacionalizacao-da-Pesquisa-e-Pos-graduacao.pdf">08-02-Plano-internacionalizacao-da-Pesquisa-e-Pos-graduacao</a><a href="https://pos.uel.br/microbiologia/wp-content/uploads/2021/07/08-02-Plano-internacionalizacao-da-Pesquisa-e-Pos-graduacao.pdf" class="wp-block-file__button" download>Baixar</a></div>

<p>O Programa de Pós-Graduação em Microbiologia segue os documentos da CAPES e PROPPG/UEL</p>
