{"id":2544,"date":"2025-06-02T10:15:07","date_gmt":"2025-06-02T13:15:07","guid":{"rendered":"https:\/\/pos.uel.br\/microbiologia\/?page_id=2544"},"modified":"2025-06-02T10:21:17","modified_gmt":"2025-06-02T13:21:17","slug":"teses","status":"publish","type":"page","link":"https:\/\/pos.uel.br\/microbiologia\/teses\/","title":{"rendered":"Teses"},"content":{"rendered":"\n<p class=\"has-medium-font-size\"><a href=\"https:\/\/repositorio.uel.br\/collections\/7374b41a-bf78-470c-92f5-15233e347327\" target=\"_blank\" rel=\"noreferrer noopener\">Reposit\u00f3rio UEL<\/a>, Teses do Programa de P\u00f3s-Gradua\u00e7\u00e3o em Microbiologia<\/p>\n\n\n\n<p><\/p>\n","protected":false},"excerpt":{"rendered":"<p>Reposit\u00f3rio UEL, Teses do Programa de P\u00f3s-Gradua\u00e7\u00e3o em Microbiologia<\/p>\n","protected":false},"author":8,"featured_media":0,"parent":0,"menu_order":0,"comment_status":"closed","ping_status":"closed","template":"","meta":{"_acf_changed":false,"footnotes":""},"class_list":["post-2544","page","type-page","status-publish","hentry"],"acf":[],"_links":{"self":[{"href":"https:\/\/pos.uel.br\/microbiologia\/wp-json\/wp\/v2\/pages\/2544","targetHints":{"allow":["GET"]}}],"collection":[{"href":"https:\/\/pos.uel.br\/microbiologia\/wp-json\/wp\/v2\/pages"}],"about":[{"href":"https:\/\/pos.uel.br\/microbiologia\/wp-json\/wp\/v2\/types\/page"}],"author":[{"embeddable":true,"href":"https:\/\/pos.uel.br\/microbiologia\/wp-json\/wp\/v2\/users\/8"}],"replies":[{"embeddable":true,"href":"https:\/\/pos.uel.br\/microbiologia\/wp-json\/wp\/v2\/comments?post=2544"}],"version-history":[{"count":4,"href":"https:\/\/pos.uel.br\/microbiologia\/wp-json\/wp\/v2\/pages\/2544\/revisions"}],"predecessor-version":[{"id":2554,"href":"https:\/\/pos.uel.br\/microbiologia\/wp-json\/wp\/v2\/pages\/2544\/revisions\/2554"}],"wp:attachment":[{"href":"https:\/\/pos.uel.br\/microbiologia\/wp-json\/wp\/v2\/media?parent=2544"}],"curies":[{"name":"wp","href":"https:\/\/api.w.org\/{rel}","templated":true}]}}