{"id":2543,"date":"2025-06-02T10:15:07","date_gmt":"2025-06-02T13:15:07","guid":{"rendered":"https:\/\/pos.uel.br\/microbiologia\/?page_id=2543"},"modified":"2025-06-02T10:22:40","modified_gmt":"2025-06-02T13:22:40","slug":"dissertacoes","status":"publish","type":"page","link":"https:\/\/pos.uel.br\/microbiologia\/dissertacoes\/","title":{"rendered":"Disserta\u00e7\u00f5es"},"content":{"rendered":"\n<p class=\"has-medium-font-size\"><a href=\"https:\/\/repositorio.uel.br\/collections\/00ab1b47-32ce-494b-b09a-69a0cc5d486d\" target=\"_blank\" rel=\"noreferrer noopener\">Reposit\u00f3rio UEL<\/a>, disserta\u00e7\u00f5es do Programa de P\u00f3s-Gradua\u00e7\u00e3o em Microbiologia<\/p>\n\n\n\n<p><\/p>\n","protected":false},"excerpt":{"rendered":"<p>Reposit\u00f3rio UEL, disserta\u00e7\u00f5es do Programa de P\u00f3s-Gradua\u00e7\u00e3o em Microbiologia<\/p>\n","protected":false},"author":8,"featured_media":0,"parent":0,"menu_order":0,"comment_status":"closed","ping_status":"closed","template":"","meta":{"_acf_changed":false,"footnotes":""},"class_list":["post-2543","page","type-page","status-publish","hentry"],"acf":[],"_links":{"self":[{"href":"https:\/\/pos.uel.br\/microbiologia\/wp-json\/wp\/v2\/pages\/2543","targetHints":{"allow":["GET"]}}],"collection":[{"href":"https:\/\/pos.uel.br\/microbiologia\/wp-json\/wp\/v2\/pages"}],"about":[{"href":"https:\/\/pos.uel.br\/microbiologia\/wp-json\/wp\/v2\/types\/page"}],"author":[{"embeddable":true,"href":"https:\/\/pos.uel.br\/microbiologia\/wp-json\/wp\/v2\/users\/8"}],"replies":[{"embeddable":true,"href":"https:\/\/pos.uel.br\/microbiologia\/wp-json\/wp\/v2\/comments?post=2543"}],"version-history":[{"count":3,"href":"https:\/\/pos.uel.br\/microbiologia\/wp-json\/wp\/v2\/pages\/2543\/revisions"}],"predecessor-version":[{"id":2556,"href":"https:\/\/pos.uel.br\/microbiologia\/wp-json\/wp\/v2\/pages\/2543\/revisions\/2556"}],"wp:attachment":[{"href":"https:\/\/pos.uel.br\/microbiologia\/wp-json\/wp\/v2\/media?parent=2543"}],"curies":[{"name":"wp","href":"https:\/\/api.w.org\/{rel}","templated":true}]}}