{"id":2492,"date":"2025-05-21T08:24:43","date_gmt":"2025-05-21T11:24:43","guid":{"rendered":"https:\/\/pos.uel.br\/microbiologia\/?page_id=2492"},"modified":"2025-05-21T08:24:44","modified_gmt":"2025-05-21T11:24:44","slug":"atencao-domiciliar-higiene-bucal-de-pacientes-acamados-dependentes","status":"publish","type":"page","link":"https:\/\/pos.uel.br\/microbiologia\/atencao-domiciliar-higiene-bucal-de-pacientes-acamados-dependentes\/","title":{"rendered":"Aten\u00e7\u00e3o Domiciliar: Higiene Bucal de Pacientes Acamados Dependentes"},"content":{"rendered":"\n<p class=\"has-secondary-accent-color has-text-color has-link-color has-medium-font-size wp-elements-d47841e16f7c7ec77140037e066d1444\"><strong>Projeto coordenado pelo Prof. Ricardo S. C. de Almeida<\/strong><\/p>\n\n\n\n<p>Aten\u00e7\u00e3o domiciliar configura-se em um conjunto de a\u00e7\u00f5es de cuidado realizado por profissionais no ambiente de perman\u00eancia do paciente. Logo, a aten\u00e7\u00e3o domiciliar insere-se no trabalho da equipe de sa\u00fade da fam\u00edlia (ESF), reduzindo a demanda por servi\u00e7os de urg\u00eancia e emerg\u00eancia intra-hospitalar e os dias de hospitaliza\u00e7\u00e3o. O cirurgi\u00e3o-dentista da esf tem, tamb\u00e9m, como compet\u00eancia realizar visitas domiciliares no prop\u00f3sito de oferecer aten\u00e7\u00e3o em sa\u00fade bucal individual e coletiva \u00e0s fam\u00edlias, al\u00e9m de contribuir para a promo\u00e7\u00e3o e preven\u00e7\u00e3o em sa\u00fade. A ong \u201cacamados mais amados\u201d, coordenada por In\u00eas Madalosso, foi fundada em 1998 com o intuito de auxiliar os cuidadores e os acamados do jardim Tupy no munic\u00edpio de Camb\u00e9-PR e possui 130 pessoas acamadas registradas. Assim, a proposta desse projeto de extens\u00e3o \u00e9 compor 4 grupos de 1 professor e 3 alunos do curso de odontologia da UEL (total de 12 vagas para alunos) para realizarem visitas domiciliares aos 130 acamados, registrados na ong. Na visita ser\u00e1 realizada a higieniza\u00e7\u00e3o da boca do paciente acamado com a escova da DENTALCLEAN mencionada acima (doa\u00e7\u00e3o da empresa) e ser\u00e1 ensinado ao cuidador como utilizar a escova (al\u00e9m de receber uma escova de presente). Caso seja necess\u00e1rio, os alunos poder\u00e3o realizar remo\u00e7\u00e3o de t\u00e1rtaro sob a orienta\u00e7\u00e3o do professor l\u00edder de cada grupo. Assim, as visitas ser\u00e3o realizadas semanalmente por um grupo de cada vez (4 grupos). Periodicamente, cada grupo ir\u00e1 se reunir para discutirem os casos, fixando o aprendizado. Al\u00e9m disso, os 4 grupos tamb\u00e9m ir\u00e3o se reunir periodicamente para troca de experi\u00eancias e confraterniza\u00e7\u00e3o. Portanto, este projeto visa introduzir, aos alunos do curso de odontologia, a oportunidade de aprender uma atividade necess\u00e1ria ao dentista que atuar\u00e1 na equipe de sa\u00fade da fam\u00edlia, contribuindo para sua forma\u00e7\u00e3o. Al\u00e9m disso, a a\u00e7\u00e3o extensionista levar\u00e1 os benef\u00edcios dos cuidados de higiene bucal aos acamados registrados na ong \u201cacamados mais amados\u201d, utilizando uma escova inovadora com vantagens investigadas e publicadas pelo nosso grupo de pesquisa.<\/p>\n\n\n\n<div class=\"wp-block-columns is-layout-flex wp-container-core-columns-is-layout-9d6595d7 wp-block-columns-is-layout-flex\">\n<div class=\"wp-block-column is-layout-flow wp-block-column-is-layout-flow\">\n<figure class=\"wp-block-image size-large\"><img loading=\"lazy\" decoding=\"async\" width=\"1024\" height=\"662\" src=\"https:\/\/pos.uel.br\/microbiologia\/wp-content\/uploads\/2025\/05\/WhatsApp-Image-2025-05-21-at-08.03.23-1024x662.jpeg\" alt=\"\" class=\"wp-image-2493\" srcset=\"https:\/\/pos.uel.br\/microbiologia\/wp-content\/uploads\/2025\/05\/WhatsApp-Image-2025-05-21-at-08.03.23-1024x662.jpeg 1024w, https:\/\/pos.uel.br\/microbiologia\/wp-content\/uploads\/2025\/05\/WhatsApp-Image-2025-05-21-at-08.03.23-300x194.jpeg 300w, https:\/\/pos.uel.br\/microbiologia\/wp-content\/uploads\/2025\/05\/WhatsApp-Image-2025-05-21-at-08.03.23-768x496.jpeg 768w, https:\/\/pos.uel.br\/microbiologia\/wp-content\/uploads\/2025\/05\/WhatsApp-Image-2025-05-21-at-08.03.23-1536x993.jpeg 1536w, https:\/\/pos.uel.br\/microbiologia\/wp-content\/uploads\/2025\/05\/WhatsApp-Image-2025-05-21-at-08.03.23.jpeg 1600w\" sizes=\"auto, (max-width: 1024px) 100vw, 1024px\" \/><\/figure>\n<\/div>\n\n\n\n<div class=\"wp-block-column is-layout-flow wp-block-column-is-layout-flow\">\n<figure class=\"wp-block-image size-large is-resized\"><img loading=\"lazy\" decoding=\"async\" width=\"1024\" height=\"768\" src=\"https:\/\/pos.uel.br\/microbiologia\/wp-content\/uploads\/2025\/05\/WhatsApp-Image-2025-05-21-at-08.03.23-1-1024x768.jpeg\" alt=\"\" class=\"wp-image-2494\" style=\"width:327px;height:auto\" srcset=\"https:\/\/pos.uel.br\/microbiologia\/wp-content\/uploads\/2025\/05\/WhatsApp-Image-2025-05-21-at-08.03.23-1-1024x768.jpeg 1024w, https:\/\/pos.uel.br\/microbiologia\/wp-content\/uploads\/2025\/05\/WhatsApp-Image-2025-05-21-at-08.03.23-1-300x225.jpeg 300w, https:\/\/pos.uel.br\/microbiologia\/wp-content\/uploads\/2025\/05\/WhatsApp-Image-2025-05-21-at-08.03.23-1-768x576.jpeg 768w, https:\/\/pos.uel.br\/microbiologia\/wp-content\/uploads\/2025\/05\/WhatsApp-Image-2025-05-21-at-08.03.23-1-1536x1152.jpeg 1536w, https:\/\/pos.uel.br\/microbiologia\/wp-content\/uploads\/2025\/05\/WhatsApp-Image-2025-05-21-at-08.03.23-1.jpeg 1600w\" sizes=\"auto, (max-width: 1024px) 100vw, 1024px\" \/><\/figure>\n<\/div>\n\n\n\n<div class=\"wp-block-column is-layout-flow wp-block-column-is-layout-flow\">\n<figure class=\"wp-block-image size-large is-resized\"><img loading=\"lazy\" decoding=\"async\" width=\"768\" height=\"1024\" src=\"https:\/\/pos.uel.br\/microbiologia\/wp-content\/uploads\/2025\/05\/WhatsApp-Image-2025-05-21-at-08.03.24-768x1024.jpeg\" alt=\"\" class=\"wp-image-2495\" style=\"width:214px;height:auto\" srcset=\"https:\/\/pos.uel.br\/microbiologia\/wp-content\/uploads\/2025\/05\/WhatsApp-Image-2025-05-21-at-08.03.24-768x1024.jpeg 768w, https:\/\/pos.uel.br\/microbiologia\/wp-content\/uploads\/2025\/05\/WhatsApp-Image-2025-05-21-at-08.03.24-225x300.jpeg 225w, https:\/\/pos.uel.br\/microbiologia\/wp-content\/uploads\/2025\/05\/WhatsApp-Image-2025-05-21-at-08.03.24-1152x1536.jpeg 1152w, https:\/\/pos.uel.br\/microbiologia\/wp-content\/uploads\/2025\/05\/WhatsApp-Image-2025-05-21-at-08.03.24-1536x2048.jpeg 1536w, https:\/\/pos.uel.br\/microbiologia\/wp-content\/uploads\/2025\/05\/WhatsApp-Image-2025-05-21-at-08.03.24-scaled.jpeg 1920w\" sizes=\"auto, (max-width: 768px) 100vw, 768px\" \/><\/figure>\n<\/div>\n<\/div>\n\n\n\n<div class=\"wp-block-columns is-layout-flex wp-container-core-columns-is-layout-9d6595d7 wp-block-columns-is-layout-flex\">\n<div class=\"wp-block-column is-layout-flow wp-block-column-is-layout-flow\">\n<figure class=\"wp-block-image size-large is-resized\"><img loading=\"lazy\" decoding=\"async\" width=\"768\" height=\"1024\" src=\"https:\/\/pos.uel.br\/microbiologia\/wp-content\/uploads\/2025\/05\/WhatsApp-Image-2025-05-21-at-08.03.24-1-768x1024.jpeg\" alt=\"\" class=\"wp-image-2496\" style=\"width:281px;height:auto\" srcset=\"https:\/\/pos.uel.br\/microbiologia\/wp-content\/uploads\/2025\/05\/WhatsApp-Image-2025-05-21-at-08.03.24-1-768x1024.jpeg 768w, https:\/\/pos.uel.br\/microbiologia\/wp-content\/uploads\/2025\/05\/WhatsApp-Image-2025-05-21-at-08.03.24-1-225x300.jpeg 225w, https:\/\/pos.uel.br\/microbiologia\/wp-content\/uploads\/2025\/05\/WhatsApp-Image-2025-05-21-at-08.03.24-1-1152x1536.jpeg 1152w, https:\/\/pos.uel.br\/microbiologia\/wp-content\/uploads\/2025\/05\/WhatsApp-Image-2025-05-21-at-08.03.24-1.jpeg 1200w\" sizes=\"auto, (max-width: 768px) 100vw, 768px\" \/><\/figure>\n<\/div>\n\n\n\n<div class=\"wp-block-column is-layout-flow wp-block-column-is-layout-flow\">\n<figure class=\"wp-block-image size-large is-resized\"><img loading=\"lazy\" decoding=\"async\" width=\"768\" height=\"1024\" src=\"https:\/\/pos.uel.br\/microbiologia\/wp-content\/uploads\/2025\/05\/WhatsApp-Image-2025-05-21-at-08.03.24-3-768x1024.jpeg\" alt=\"\" class=\"wp-image-2497\" style=\"width:290px;height:auto\" srcset=\"https:\/\/pos.uel.br\/microbiologia\/wp-content\/uploads\/2025\/05\/WhatsApp-Image-2025-05-21-at-08.03.24-3-768x1024.jpeg 768w, https:\/\/pos.uel.br\/microbiologia\/wp-content\/uploads\/2025\/05\/WhatsApp-Image-2025-05-21-at-08.03.24-3-225x300.jpeg 225w, https:\/\/pos.uel.br\/microbiologia\/wp-content\/uploads\/2025\/05\/WhatsApp-Image-2025-05-21-at-08.03.24-3-1152x1536.jpeg 1152w, https:\/\/pos.uel.br\/microbiologia\/wp-content\/uploads\/2025\/05\/WhatsApp-Image-2025-05-21-at-08.03.24-3.jpeg 1200w\" sizes=\"auto, (max-width: 768px) 100vw, 768px\" \/><\/figure>\n<\/div>\n\n\n\n<div class=\"wp-block-column is-layout-flow wp-block-column-is-layout-flow\">\n<figure class=\"wp-block-image size-large is-resized\"><img loading=\"lazy\" decoding=\"async\" width=\"576\" height=\"1024\" src=\"https:\/\/pos.uel.br\/microbiologia\/wp-content\/uploads\/2025\/05\/WhatsApp-Image-2025-05-21-at-08.03.25-576x1024.jpeg\" alt=\"\" class=\"wp-image-2499\" style=\"width:222px;height:auto\" srcset=\"https:\/\/pos.uel.br\/microbiologia\/wp-content\/uploads\/2025\/05\/WhatsApp-Image-2025-05-21-at-08.03.25-576x1024.jpeg 576w, https:\/\/pos.uel.br\/microbiologia\/wp-content\/uploads\/2025\/05\/WhatsApp-Image-2025-05-21-at-08.03.25-169x300.jpeg 169w, https:\/\/pos.uel.br\/microbiologia\/wp-content\/uploads\/2025\/05\/WhatsApp-Image-2025-05-21-at-08.03.25-768x1365.jpeg 768w, https:\/\/pos.uel.br\/microbiologia\/wp-content\/uploads\/2025\/05\/WhatsApp-Image-2025-05-21-at-08.03.25-864x1536.jpeg 864w, https:\/\/pos.uel.br\/microbiologia\/wp-content\/uploads\/2025\/05\/WhatsApp-Image-2025-05-21-at-08.03.25-1152x2048.jpeg 1152w, https:\/\/pos.uel.br\/microbiologia\/wp-content\/uploads\/2025\/05\/WhatsApp-Image-2025-05-21-at-08.03.25-scaled.jpeg 1440w\" sizes=\"auto, (max-width: 576px) 100vw, 576px\" \/><\/figure>\n<\/div>\n<\/div>\n\n\n\n<p><\/p>\n","protected":false},"excerpt":{"rendered":"<p>Projeto coordenado pelo Prof. Ricardo S. C. de Almeida Aten\u00e7\u00e3o domiciliar configura-se em um conjunto de a\u00e7\u00f5es de cuidado realizado por profissionais no ambiente de perman\u00eancia do paciente. Logo, a aten\u00e7\u00e3o domiciliar insere-se no trabalho da equipe de sa\u00fade da fam\u00edlia (ESF), reduzindo a demanda por servi\u00e7os de urg\u00eancia e emerg\u00eancia intra-hospitalar e os dias [&hellip;]<\/p>\n","protected":false},"author":8,"featured_media":0,"parent":0,"menu_order":0,"comment_status":"closed","ping_status":"closed","template":"","meta":{"_acf_changed":false,"footnotes":""},"class_list":["post-2492","page","type-page","status-publish","hentry"],"acf":[],"_links":{"self":[{"href":"https:\/\/pos.uel.br\/microbiologia\/wp-json\/wp\/v2\/pages\/2492","targetHints":{"allow":["GET"]}}],"collection":[{"href":"https:\/\/pos.uel.br\/microbiologia\/wp-json\/wp\/v2\/pages"}],"about":[{"href":"https:\/\/pos.uel.br\/microbiologia\/wp-json\/wp\/v2\/types\/page"}],"author":[{"embeddable":true,"href":"https:\/\/pos.uel.br\/microbiologia\/wp-json\/wp\/v2\/users\/8"}],"replies":[{"embeddable":true,"href":"https:\/\/pos.uel.br\/microbiologia\/wp-json\/wp\/v2\/comments?post=2492"}],"version-history":[{"count":1,"href":"https:\/\/pos.uel.br\/microbiologia\/wp-json\/wp\/v2\/pages\/2492\/revisions"}],"predecessor-version":[{"id":2500,"href":"https:\/\/pos.uel.br\/microbiologia\/wp-json\/wp\/v2\/pages\/2492\/revisions\/2500"}],"wp:attachment":[{"href":"https:\/\/pos.uel.br\/microbiologia\/wp-json\/wp\/v2\/media?parent=2492"}],"curies":[{"name":"wp","href":"https:\/\/api.w.org\/{rel}","templated":true}]}}

Atenção Domiciliar: Higiene Bucal de Pacientes Acamados Dependentes

<p class="has-secondary-accent-color has-text-color has-link-color has-medium-font-size wp-elements-d47841e16f7c7ec77140037e066d1444"><strong>Projeto coordenado pelo Prof. Ricardo S. C. de Almeida</strong></p>



<p>Atenção domiciliar configura-se em um conjunto de ações de cuidado realizado por profissionais no ambiente de permanência do paciente. Logo, a atenção domiciliar insere-se no trabalho da equipe de saúde da família (ESF), reduzindo a demanda por serviços de urgência e emergência intra-hospitalar e os dias de hospitalização. O cirurgião-dentista da esf tem, também, como competência realizar visitas domiciliares no propósito de oferecer atenção em saúde bucal individual e coletiva às famílias, além de contribuir para a promoção e prevenção em saúde. A ong “acamados mais amados”, coordenada por Inês Madalosso, foi fundada em 1998 com o intuito de auxiliar os cuidadores e os acamados do jardim Tupy no município de Cambé-PR e possui 130 pessoas acamadas registradas. Assim, a proposta desse projeto de extensão é compor 4 grupos de 1 professor e 3 alunos do curso de odontologia da UEL (total de 12 vagas para alunos) para realizarem visitas domiciliares aos 130 acamados, registrados na ong. Na visita será realizada a higienização da boca do paciente acamado com a escova da DENTALCLEAN mencionada acima (doação da empresa) e será ensinado ao cuidador como utilizar a escova (além de receber uma escova de presente). Caso seja necessário, os alunos poderão realizar remoção de tártaro sob a orientação do professor líder de cada grupo. Assim, as visitas serão realizadas semanalmente por um grupo de cada vez (4 grupos). Periodicamente, cada grupo irá se reunir para discutirem os casos, fixando o aprendizado. Além disso, os 4 grupos também irão se reunir periodicamente para troca de experiências e confraternização. Portanto, este projeto visa introduzir, aos alunos do curso de odontologia, a oportunidade de aprender uma atividade necessária ao dentista que atuará na equipe de saúde da família, contribuindo para sua formação. Além disso, a ação extensionista levará os benefícios dos cuidados de higiene bucal aos acamados registrados na ong “acamados mais amados”, utilizando uma escova inovadora com vantagens investigadas e publicadas pelo nosso grupo de pesquisa.</p>



<div class="wp-block-columns is-layout-flex wp-container-core-columns-is-layout-9d6595d7 wp-block-columns-is-layout-flex">
<div class="wp-block-column is-layout-flow wp-block-column-is-layout-flow">
<figure class="wp-block-image size-large"><img loading="lazy" decoding="async" width="1024" height="662" src="https://pos.uel.br/microbiologia/wp-content/uploads/2025/05/WhatsApp-Image-2025-05-21-at-08.03.23-1024x662.jpeg" alt="" class="wp-image-2493" srcset="https://pos.uel.br/microbiologia/wp-content/uploads/2025/05/WhatsApp-Image-2025-05-21-at-08.03.23-1024x662.jpeg 1024w, https://pos.uel.br/microbiologia/wp-content/uploads/2025/05/WhatsApp-Image-2025-05-21-at-08.03.23-300x194.jpeg 300w, https://pos.uel.br/microbiologia/wp-content/uploads/2025/05/WhatsApp-Image-2025-05-21-at-08.03.23-768x496.jpeg 768w, https://pos.uel.br/microbiologia/wp-content/uploads/2025/05/WhatsApp-Image-2025-05-21-at-08.03.23-1536x993.jpeg 1536w, https://pos.uel.br/microbiologia/wp-content/uploads/2025/05/WhatsApp-Image-2025-05-21-at-08.03.23.jpeg 1600w" sizes="auto, (max-width: 1024px) 100vw, 1024px" /></figure>
</div>



<div class="wp-block-column is-layout-flow wp-block-column-is-layout-flow">
<figure class="wp-block-image size-large is-resized"><img loading="lazy" decoding="async" width="1024" height="768" src="https://pos.uel.br/microbiologia/wp-content/uploads/2025/05/WhatsApp-Image-2025-05-21-at-08.03.23-1-1024x768.jpeg" alt="" class="wp-image-2494" style="width:327px;height:auto" srcset="https://pos.uel.br/microbiologia/wp-content/uploads/2025/05/WhatsApp-Image-2025-05-21-at-08.03.23-1-1024x768.jpeg 1024w, https://pos.uel.br/microbiologia/wp-content/uploads/2025/05/WhatsApp-Image-2025-05-21-at-08.03.23-1-300x225.jpeg 300w, https://pos.uel.br/microbiologia/wp-content/uploads/2025/05/WhatsApp-Image-2025-05-21-at-08.03.23-1-768x576.jpeg 768w, https://pos.uel.br/microbiologia/wp-content/uploads/2025/05/WhatsApp-Image-2025-05-21-at-08.03.23-1-1536x1152.jpeg 1536w, https://pos.uel.br/microbiologia/wp-content/uploads/2025/05/WhatsApp-Image-2025-05-21-at-08.03.23-1.jpeg 1600w" sizes="auto, (max-width: 1024px) 100vw, 1024px" /></figure>
</div>



<div class="wp-block-column is-layout-flow wp-block-column-is-layout-flow">
<figure class="wp-block-image size-large is-resized"><img loading="lazy" decoding="async" width="768" height="1024" src="https://pos.uel.br/microbiologia/wp-content/uploads/2025/05/WhatsApp-Image-2025-05-21-at-08.03.24-768x1024.jpeg" alt="" class="wp-image-2495" style="width:214px;height:auto" srcset="https://pos.uel.br/microbiologia/wp-content/uploads/2025/05/WhatsApp-Image-2025-05-21-at-08.03.24-768x1024.jpeg 768w, https://pos.uel.br/microbiologia/wp-content/uploads/2025/05/WhatsApp-Image-2025-05-21-at-08.03.24-225x300.jpeg 225w, https://pos.uel.br/microbiologia/wp-content/uploads/2025/05/WhatsApp-Image-2025-05-21-at-08.03.24-1152x1536.jpeg 1152w, https://pos.uel.br/microbiologia/wp-content/uploads/2025/05/WhatsApp-Image-2025-05-21-at-08.03.24-1536x2048.jpeg 1536w, https://pos.uel.br/microbiologia/wp-content/uploads/2025/05/WhatsApp-Image-2025-05-21-at-08.03.24-scaled.jpeg 1920w" sizes="auto, (max-width: 768px) 100vw, 768px" /></figure>
</div>
</div>



<div class="wp-block-columns is-layout-flex wp-container-core-columns-is-layout-9d6595d7 wp-block-columns-is-layout-flex">
<div class="wp-block-column is-layout-flow wp-block-column-is-layout-flow">
<figure class="wp-block-image size-large is-resized"><img loading="lazy" decoding="async" width="768" height="1024" src="https://pos.uel.br/microbiologia/wp-content/uploads/2025/05/WhatsApp-Image-2025-05-21-at-08.03.24-1-768x1024.jpeg" alt="" class="wp-image-2496" style="width:281px;height:auto" srcset="https://pos.uel.br/microbiologia/wp-content/uploads/2025/05/WhatsApp-Image-2025-05-21-at-08.03.24-1-768x1024.jpeg 768w, https://pos.uel.br/microbiologia/wp-content/uploads/2025/05/WhatsApp-Image-2025-05-21-at-08.03.24-1-225x300.jpeg 225w, https://pos.uel.br/microbiologia/wp-content/uploads/2025/05/WhatsApp-Image-2025-05-21-at-08.03.24-1-1152x1536.jpeg 1152w, https://pos.uel.br/microbiologia/wp-content/uploads/2025/05/WhatsApp-Image-2025-05-21-at-08.03.24-1.jpeg 1200w" sizes="auto, (max-width: 768px) 100vw, 768px" /></figure>
</div>



<div class="wp-block-column is-layout-flow wp-block-column-is-layout-flow">
<figure class="wp-block-image size-large is-resized"><img loading="lazy" decoding="async" width="768" height="1024" src="https://pos.uel.br/microbiologia/wp-content/uploads/2025/05/WhatsApp-Image-2025-05-21-at-08.03.24-3-768x1024.jpeg" alt="" class="wp-image-2497" style="width:290px;height:auto" srcset="https://pos.uel.br/microbiologia/wp-content/uploads/2025/05/WhatsApp-Image-2025-05-21-at-08.03.24-3-768x1024.jpeg 768w, https://pos.uel.br/microbiologia/wp-content/uploads/2025/05/WhatsApp-Image-2025-05-21-at-08.03.24-3-225x300.jpeg 225w, https://pos.uel.br/microbiologia/wp-content/uploads/2025/05/WhatsApp-Image-2025-05-21-at-08.03.24-3-1152x1536.jpeg 1152w, https://pos.uel.br/microbiologia/wp-content/uploads/2025/05/WhatsApp-Image-2025-05-21-at-08.03.24-3.jpeg 1200w" sizes="auto, (max-width: 768px) 100vw, 768px" /></figure>
</div>



<div class="wp-block-column is-layout-flow wp-block-column-is-layout-flow">
<figure class="wp-block-image size-large is-resized"><img loading="lazy" decoding="async" width="576" height="1024" src="https://pos.uel.br/microbiologia/wp-content/uploads/2025/05/WhatsApp-Image-2025-05-21-at-08.03.25-576x1024.jpeg" alt="" class="wp-image-2499" style="width:222px;height:auto" srcset="https://pos.uel.br/microbiologia/wp-content/uploads/2025/05/WhatsApp-Image-2025-05-21-at-08.03.25-576x1024.jpeg 576w, https://pos.uel.br/microbiologia/wp-content/uploads/2025/05/WhatsApp-Image-2025-05-21-at-08.03.25-169x300.jpeg 169w, https://pos.uel.br/microbiologia/wp-content/uploads/2025/05/WhatsApp-Image-2025-05-21-at-08.03.25-768x1365.jpeg 768w, https://pos.uel.br/microbiologia/wp-content/uploads/2025/05/WhatsApp-Image-2025-05-21-at-08.03.25-864x1536.jpeg 864w, https://pos.uel.br/microbiologia/wp-content/uploads/2025/05/WhatsApp-Image-2025-05-21-at-08.03.25-1152x2048.jpeg 1152w, https://pos.uel.br/microbiologia/wp-content/uploads/2025/05/WhatsApp-Image-2025-05-21-at-08.03.25-scaled.jpeg 1440w" sizes="auto, (max-width: 576px) 100vw, 576px" /></figure>
</div>
</div>



<p></p>

<p>Projeto coordenado pelo Prof. Ricardo S. C. de Almeida Atenção domiciliar configura-se em um conjunto de ações de cuidado realizado por profissionais no ambiente de permanência do paciente. Logo, a atenção domiciliar insere-se no trabalho da equipe de saúde da família (ESF), reduzindo a demanda por serviços de urgência e emergência intra-hospitalar e os dias [&hellip;]</p>
